{"id":16867,"date":"2024-04-04T14:28:29","date_gmt":"2024-04-04T12:28:29","guid":{"rendered":"https:\/\/polsoft.pl\/microsoft-surface\/produkt\/surface-hub-3-85-vy7-00008-i5-32gb-512gb-wifi-platinium\/"},"modified":"2026-01-23T12:46:57","modified_gmt":"2026-01-23T11:46:57","slug":"microsoft-surface-hub-3-85-vy7-00008-i5-32gb-512gb-wifi-platinium","status":"publish","type":"product","link":"https:\/\/www.polsoft.pl\/microsoft-surface\/produkt\/microsoft-surface-hub-3-85-vy7-00008-i5-32gb-512gb-wifi-platinium\/","title":{"rendered":"Microsoft Surface Hub 3 85 VY7-00008\/i5\/32GB\/512GB\/WiFi\/Platinium"},"content":{"rendered":"<p>Oto Microsoft Surface Hub 3 VY7-00008 \u2013 nowa ods\u0142ona dobrze znanej serii rozwi\u0105za\u0144, kt\u00f3ra redefiniuje standardy wsp\u00f3\u0142pracy w biznesie. Usprawnij swoje spotkania biznesowe jak nigdy dot\u0105d korzystaj\u0105c z nowych interaktywnych funkcji wspieranych przez sztuczn\u0105 inteligencj\u0119. Od tej pory ka\u017cdy uczestnik Twoich biznesowych meeting\u00f3w, czy ten obecny na miejscu, ale tak\u017ce po\u0142\u0105czony zdalnie, mo\u017ce zar\u00f3wno uczestniczy\u0107, jak i wsp\u00f3\u0142tworzy\u0107 projekty, korzystaj\u0105c z intuicyjnych narz\u0119dzi i technologii Microsoft Surface.<\/p>\n<p>Microsoft Surface Hub 3\u00a0legitymuje si\u0119 rewelacyjnymi osi\u0105gami dzi\u0119ki zaawansowanemu procesorowi Intel\u00ae Core\u2122 i5 oraz zintegrowanemu uk\u0142adowi graficznemu Intel\u00ae UHD Graphics.\u00a0 32GB RAM i ultra szybki dysk SSD o pojemno\u015bci 512GB zapewnia szybkie uruchamianie i bezproblemow\u0105 prac\u0119 nawet najbardziej z\u0142o\u017conych aplikacji.<\/p>\n<p><strong>Ciesz si\u0119 doskona\u0142\u0105 jako\u015bci\u0105 obrazu z ka\u017cdego miejsca na Sali, z ekranem PixelSense\u2122 4K IPS LED o wysokiej rozdzielczo\u015bci 3840 \u00d7 2560.<\/strong> Du\u017cy 85 calowy ekran z realistycznym odwzorowaniem barw, doskona\u0142ym kontrastem obrazu, zapewnia komfort pracy wszystkim uczestnikom niezale\u017cnie od umiejscowienia tablicy. Ponadto, zyskujesz jeszcze wi\u0119cej mo\u017cliwo\u015bci z pi\u00f3rem Microsoft Surface Slim Pen 2, kt\u00f3re umo\u017cliwia swobodne tworzenie notatek, szkic\u00f3w i adnotacji bezpo\u015brednio na tablicy.<\/p>\n<p>Microsoft Surface Hub 3 VY7-00008 jest w pe\u0142ni zintegrowany z szeroko poj\u0119tym \u015brodowiskiem Microsoft Teams. Tw\u00f3rz hybrydowe spotkania, umo\u017cliwiaj wsp\u00f3lne tworzenie projekt\u00f3w, udost\u0119pniaj materia\u0142y wszystkim uczestnikom tworz\u0105c wsp\u00f3ln\u0105 przestrze\u0144 robocz\u0105. Z Microsoft Surface Hub 3 nie musisz obawia\u0107 si\u0119 o bezpiecze\u0144stwo wra\u017cliwych danych zar\u00f3wno w uj\u0119ciu lokalnym jak i zdalnym dzi\u0119ki pe\u0142nej ochronie w us\u0142udze do kompleksowego zarz\u0105dzania &#8211; Teams Rooms.<\/p>\n<p>Dedykowana, inteligentna kamera o rozdzielczo\u015bci 4K, szerokim polu widzenia oraz 8 pe\u0142nozakresowych mikrofon\u00f3w MEMS we wsparciu sztucznej inteligencji zapewniaj\u0105 jeszcze lepsz\u0105 jako\u015b\u0107 d\u017awi\u0119ku i obrazu podczas wideokonferencji. Ponadto, pe\u0142nozakresowe, tr\u00f3jdro\u017cne przednie g\u0142o\u015bniki stereo gwarantuj\u0105 klarowno\u015b\u0107 d\u017awi\u0119ku w trakcie rozm\u00f3w. \u0141atwy dost\u0119p do internetu zapewnia wbudowane z\u0142\u0105cze RJ45 Gigabit Ethernet oraz obs\u0142uga Wi-Fi 5, a funkcja Bluetooth\u00ae 5.1 umo\u017cliwia wygodne po\u0142\u0105czenie z innymi urz\u0105dzeniami.<\/p>\n<p>Elastyczny i bogaty ekosystem po\u0142\u0105czonych urz\u0105dze\u0144 konferencyjnych i peryferyjnych, specjalnie zaprojektowany dla Microsoft Teams Rooms, sprawia, \u017ce Twoja przestrze\u0144 konferencyjna staje si\u0119 jeszcze bardziej funkcjonalna i interaktywna, umo\u017cliwiaj\u0105c swobodn\u0105 wsp\u00f3\u0142prac\u0119 i wymian\u0119 pomys\u0142\u00f3w w dowolnym \u015brodowisku pracy.<\/p>\n<p>&nbsp;<\/p>\n","protected":false},"excerpt":{"rendered":"<p>Oto Microsoft Surface Hub 3 VY7-00008 \u2013 nowa ods\u0142ona dobrze znanej serii rozwi\u0105za\u0144, kt\u00f3ra redefiniuje standardy wsp\u00f3\u0142pracy w biznesie. Usprawnij swoje spotkania biznesowe jak nigdy dot\u0105d korzystaj\u0105c z nowych interaktywnych funkcji wspieranych przez sztuczn\u0105 inteligencj\u0119. Od tej pory ka\u017cdy uczestnik Twoich biznesowych meeting\u00f3w, czy ten obecny na miejscu, ale tak\u017ce po\u0142\u0105czony zdalnie, mo\u017ce zar\u00f3wno uczestniczy\u0107, [&hellip;]<\/p>\n","protected":false},"featured_media":17090,"template":"","meta":{"site-sidebar-layout":"default","site-content-layout":"","ast-site-content-layout":"default","site-content-style":"default","site-sidebar-style":"default","ast-global-header-display":"","ast-banner-title-visibility":"","ast-main-header-display":"","ast-hfb-above-header-display":"","ast-hfb-below-header-display":"","ast-hfb-mobile-header-display":"","site-post-title":"","ast-breadcrumbs-content":"","ast-featured-img":"","footer-sml-layout":"","ast-disable-related-posts":"","theme-transparent-header-meta":"default","adv-header-id-meta":"","stick-header-meta":"","header-above-stick-meta":"","header-main-stick-meta":"","header-below-stick-meta":"","astra-migrate-meta-layouts":"set","ast-page-background-enabled":"default","ast-page-background-meta":{"desktop":{"background-color":"","background-image":"","background-repeat":"repeat","background-position":"center center","background-size":"auto","background-attachment":"scroll","background-type":"","background-media":"","overlay-type":"","overlay-color":"","overlay-opacity":"","overlay-gradient":""},"tablet":{"background-color":"","background-image":"","background-repeat":"repeat","background-position":"center center","background-size":"auto","background-attachment":"scroll","background-type":"","background-media":"","overlay-type":"","overlay-color":"","overlay-opacity":"","overlay-gradient":""},"mobile":{"background-color":"","background-image":"","background-repeat":"repeat","background-position":"center center","background-size":"auto","background-attachment":"scroll","background-type":"","background-media":"","overlay-type":"","overlay-color":"","overlay-opacity":"","overlay-gradient":""}},"ast-content-background-meta":{"desktop":{"background-color":"var(--ast-global-color-5)","background-image":"","background-repeat":"repeat","background-position":"center center","background-size":"auto","background-attachment":"scroll","background-type":"","background-media":"","overlay-type":"","overlay-color":"","overlay-opacity":"","overlay-gradient":""},"tablet":{"background-color":"var(--ast-global-color-5)","background-image":"","background-repeat":"repeat","background-position":"center center","background-size":"auto","background-attachment":"scroll","background-type":"","background-media":"","overlay-type":"","overlay-color":"","overlay-opacity":"","overlay-gradient":""},"mobile":{"background-color":"var(--ast-global-color-5)","background-image":"","background-repeat":"repeat","background-position":"center center","background-size":"auto","background-attachment":"scroll","background-type":"","background-media":"","overlay-type":"","overlay-color":"","overlay-opacity":"","overlay-gradient":""}},"_links_to":"","_links_to_target":""},"product_brand":[],"product_cat":[259],"product_tag":[],"class_list":{"0":"post-16867","1":"product","2":"type-product","3":"status-publish","4":"has-post-thumbnail","6":"product_cat-tablice-interaktywne","7":"pa_dodatkowe-komponenty-wifi","8":"pa_dysk-ssd-512gb","9":"pa_model-procesora-i5","10":"pa_pamiec-ram-32gb","11":"pa_procesor-intelcore","12":"pa_w-zestawie-urzadzenie","13":"desktop-align-left","14":"tablet-align-left","15":"mobile-align-left","17":"first","18":"instock","19":"taxable","20":"shipping-taxable","21":"purchasable","22":"product-type-simple"},"yoast_head":"<!-- This site is optimized with the Yoast SEO plugin v26.7 - https:\/\/yoast.com\/wordpress\/plugins\/seo\/ -->\n<title>Microsoft Surface Hub 3 85 VY7-00008\/i5\/32GB\/512GB\/WiFi\/Platinium - Sklep rozwi\u0105za\u0144 Microsoft Surface<\/title>\n<meta name=\"robots\" content=\"index, follow, max-snippet:-1, max-image-preview:large, max-video-preview:-1\" \/>\n<link rel=\"canonical\" href=\"https:\/\/polsoft.pl\/microsoft-surface\/produkt\/microsoft-surface-hub-3-85-vy7-00008-i5-32gb-512gb-wifi-platinium\/\" \/>\n<meta property=\"og:locale\" content=\"pl_PL\" \/>\n<meta property=\"og:type\" content=\"article\" \/>\n<meta property=\"og:title\" content=\"Microsoft Surface Hub 3 85 VY7-00008\/i5\/32GB\/512GB\/WiFi\/Platinium - Sklep rozwi\u0105za\u0144 Microsoft Surface\" \/>\n<meta property=\"og:description\" content=\"Oto Microsoft Surface Hub 3 VY7-00008 \u2013 nowa ods\u0142ona dobrze znanej serii rozwi\u0105za\u0144, kt\u00f3ra redefiniuje standardy wsp\u00f3\u0142pracy w biznesie. Usprawnij swoje spotkania biznesowe jak nigdy dot\u0105d korzystaj\u0105c z nowych interaktywnych funkcji wspieranych przez sztuczn\u0105 inteligencj\u0119. Od tej pory ka\u017cdy uczestnik Twoich biznesowych meeting\u00f3w, czy ten obecny na miejscu, ale tak\u017ce po\u0142\u0105czony zdalnie, mo\u017ce zar\u00f3wno uczestniczy\u0107, [&hellip;]\" \/>\n<meta property=\"og:url\" content=\"https:\/\/polsoft.pl\/microsoft-surface\/produkt\/microsoft-surface-hub-3-85-vy7-00008-i5-32gb-512gb-wifi-platinium\/\" \/>\n<meta property=\"og:site_name\" content=\"Sklep rozwi\u0105za\u0144 Microsoft Surface\" \/>\n<meta property=\"article:modified_time\" content=\"2026-01-23T11:46:57+00:00\" \/>\n<meta property=\"og:image\" content=\"https:\/\/polsoft.pl\/microsoft-surface\/wp-content\/uploads\/2024\/04\/Surface-Hub-3-85-VY7-00008-i5-32GB-512GB-WiFi-Platynowy-3.jpg\" \/>\n\t<meta property=\"og:image:width\" content=\"1253\" \/>\n\t<meta property=\"og:image:height\" content=\"705\" \/>\n\t<meta property=\"og:image:type\" content=\"image\/jpeg\" \/>\n<meta name=\"twitter:card\" content=\"summary_large_image\" \/>\n<meta name=\"twitter:label1\" content=\"Szacowany czas czytania\" \/>\n\t<meta name=\"twitter:data1\" content=\"3 minuty\" \/>\n<script type=\"application\/ld+json\" class=\"yoast-schema-graph\">{\"@context\":\"https:\/\/schema.org\",\"@graph\":[{\"@type\":\"WebPage\",\"@id\":\"https:\/\/polsoft.pl\/microsoft-surface\/produkt\/microsoft-surface-hub-3-85-vy7-00008-i5-32gb-512gb-wifi-platinium\/\",\"url\":\"https:\/\/polsoft.pl\/microsoft-surface\/produkt\/microsoft-surface-hub-3-85-vy7-00008-i5-32gb-512gb-wifi-platinium\/\",\"name\":\"Microsoft Surface Hub 3 85 VY7-00008\/i5\/32GB\/512GB\/WiFi\/Platinium - Sklep rozwi\u0105za\u0144 Microsoft Surface\",\"isPartOf\":{\"@id\":\"https:\/\/polsoft.pl\/microsoft-surface\/#website\"},\"primaryImageOfPage\":{\"@id\":\"https:\/\/polsoft.pl\/microsoft-surface\/produkt\/microsoft-surface-hub-3-85-vy7-00008-i5-32gb-512gb-wifi-platinium\/#primaryimage\"},\"image\":{\"@id\":\"https:\/\/polsoft.pl\/microsoft-surface\/produkt\/microsoft-surface-hub-3-85-vy7-00008-i5-32gb-512gb-wifi-platinium\/#primaryimage\"},\"thumbnailUrl\":\"https:\/\/www.polsoft.pl\/microsoft-surface\/wp-content\/uploads\/2024\/04\/Surface-Hub-3-85-VY7-00008-i5-32GB-512GB-WiFi-Platynowy-3.jpg\",\"datePublished\":\"2024-04-04T12:28:29+00:00\",\"dateModified\":\"2026-01-23T11:46:57+00:00\",\"breadcrumb\":{\"@id\":\"https:\/\/polsoft.pl\/microsoft-surface\/produkt\/microsoft-surface-hub-3-85-vy7-00008-i5-32gb-512gb-wifi-platinium\/#breadcrumb\"},\"inLanguage\":\"pl-PL\",\"potentialAction\":[{\"@type\":\"ReadAction\",\"target\":[\"https:\/\/polsoft.pl\/microsoft-surface\/produkt\/microsoft-surface-hub-3-85-vy7-00008-i5-32gb-512gb-wifi-platinium\/\"]}]},{\"@type\":\"ImageObject\",\"inLanguage\":\"pl-PL\",\"@id\":\"https:\/\/polsoft.pl\/microsoft-surface\/produkt\/microsoft-surface-hub-3-85-vy7-00008-i5-32gb-512gb-wifi-platinium\/#primaryimage\",\"url\":\"https:\/\/www.polsoft.pl\/microsoft-surface\/wp-content\/uploads\/2024\/04\/Surface-Hub-3-85-VY7-00008-i5-32GB-512GB-WiFi-Platynowy-3.jpg\",\"contentUrl\":\"https:\/\/www.polsoft.pl\/microsoft-surface\/wp-content\/uploads\/2024\/04\/Surface-Hub-3-85-VY7-00008-i5-32GB-512GB-WiFi-Platynowy-3.jpg\",\"width\":1253,\"height\":705,\"caption\":\"Zdj\u0119cie produktu Microsoft Surface Hub 85'\"},{\"@type\":\"BreadcrumbList\",\"@id\":\"https:\/\/polsoft.pl\/microsoft-surface\/produkt\/microsoft-surface-hub-3-85-vy7-00008-i5-32gb-512gb-wifi-platinium\/#breadcrumb\",\"itemListElement\":[{\"@type\":\"ListItem\",\"position\":1,\"name\":\"Strona g\u0142\u00f3wna\",\"item\":\"https:\/\/polsoft.pl\/microsoft-surface\/\"},{\"@type\":\"ListItem\",\"position\":2,\"name\":\"Sklep\",\"item\":\"https:\/\/polsoft.pl\/microsoft-surface\/sklep\/\"},{\"@type\":\"ListItem\",\"position\":3,\"name\":\"Microsoft Surface Hub 3 85 VY7-00008\/i5\/32GB\/512GB\/WiFi\/Platinium\"}]},{\"@type\":\"WebSite\",\"@id\":\"https:\/\/polsoft.pl\/microsoft-surface\/#website\",\"url\":\"https:\/\/polsoft.pl\/microsoft-surface\/\",\"name\":\"Sklep Microsoft Surface\",\"description\":\"Sklep Microsoft Surface\",\"publisher\":{\"@id\":\"https:\/\/polsoft.pl\/microsoft-surface\/#organization\"},\"potentialAction\":[{\"@type\":\"SearchAction\",\"target\":{\"@type\":\"EntryPoint\",\"urlTemplate\":\"https:\/\/polsoft.pl\/microsoft-surface\/?s={search_term_string}\"},\"query-input\":{\"@type\":\"PropertyValueSpecification\",\"valueRequired\":true,\"valueName\":\"search_term_string\"}}],\"inLanguage\":\"pl-PL\"},{\"@type\":\"Organization\",\"@id\":\"https:\/\/polsoft.pl\/microsoft-surface\/#organization\",\"name\":\"Polsoft Engineering Sp. z o.o.\",\"url\":\"https:\/\/polsoft.pl\/microsoft-surface\/\",\"logo\":{\"@type\":\"ImageObject\",\"inLanguage\":\"pl-PL\",\"@id\":\"https:\/\/polsoft.pl\/microsoft-surface\/#\/schema\/logo\/image\/\",\"url\":\"https:\/\/www.polsoft.pl\/microsoft-surface\/wp-content\/uploads\/2020\/10\/microsoft_partner_logo_black_polsoft.png\",\"contentUrl\":\"https:\/\/www.polsoft.pl\/microsoft-surface\/wp-content\/uploads\/2020\/10\/microsoft_partner_logo_black_polsoft.png\",\"width\":613,\"height\":158,\"caption\":\"Polsoft Engineering Sp. z o.o.\"},\"image\":{\"@id\":\"https:\/\/polsoft.pl\/microsoft-surface\/#\/schema\/logo\/image\/\"}}]}<\/script>\n<!-- \/ Yoast SEO plugin. -->","yoast_head_json":{"title":"Microsoft Surface Hub 3 85 VY7-00008\/i5\/32GB\/512GB\/WiFi\/Platinium - Sklep rozwi\u0105za\u0144 Microsoft Surface","robots":{"index":"index","follow":"follow","max-snippet":"max-snippet:-1","max-image-preview":"max-image-preview:large","max-video-preview":"max-video-preview:-1"},"canonical":"https:\/\/polsoft.pl\/microsoft-surface\/produkt\/microsoft-surface-hub-3-85-vy7-00008-i5-32gb-512gb-wifi-platinium\/","og_locale":"pl_PL","og_type":"article","og_title":"Microsoft Surface Hub 3 85 VY7-00008\/i5\/32GB\/512GB\/WiFi\/Platinium - Sklep rozwi\u0105za\u0144 Microsoft Surface","og_description":"Oto Microsoft Surface Hub 3 VY7-00008 \u2013 nowa ods\u0142ona dobrze znanej serii rozwi\u0105za\u0144, kt\u00f3ra redefiniuje standardy wsp\u00f3\u0142pracy w biznesie. Usprawnij swoje spotkania biznesowe jak nigdy dot\u0105d korzystaj\u0105c z nowych interaktywnych funkcji wspieranych przez sztuczn\u0105 inteligencj\u0119. Od tej pory ka\u017cdy uczestnik Twoich biznesowych meeting\u00f3w, czy ten obecny na miejscu, ale tak\u017ce po\u0142\u0105czony zdalnie, mo\u017ce zar\u00f3wno uczestniczy\u0107, [&hellip;]","og_url":"https:\/\/polsoft.pl\/microsoft-surface\/produkt\/microsoft-surface-hub-3-85-vy7-00008-i5-32gb-512gb-wifi-platinium\/","og_site_name":"Sklep rozwi\u0105za\u0144 Microsoft Surface","article_modified_time":"2026-01-23T11:46:57+00:00","og_image":[{"width":1253,"height":705,"url":"https:\/\/polsoft.pl\/microsoft-surface\/wp-content\/uploads\/2024\/04\/Surface-Hub-3-85-VY7-00008-i5-32GB-512GB-WiFi-Platynowy-3.jpg","type":"image\/jpeg"}],"twitter_card":"summary_large_image","twitter_misc":{"Szacowany czas czytania":"3 minuty"},"schema":{"@context":"https:\/\/schema.org","@graph":[{"@type":"WebPage","@id":"https:\/\/polsoft.pl\/microsoft-surface\/produkt\/microsoft-surface-hub-3-85-vy7-00008-i5-32gb-512gb-wifi-platinium\/","url":"https:\/\/polsoft.pl\/microsoft-surface\/produkt\/microsoft-surface-hub-3-85-vy7-00008-i5-32gb-512gb-wifi-platinium\/","name":"Microsoft Surface Hub 3 85 VY7-00008\/i5\/32GB\/512GB\/WiFi\/Platinium - Sklep rozwi\u0105za\u0144 Microsoft Surface","isPartOf":{"@id":"https:\/\/polsoft.pl\/microsoft-surface\/#website"},"primaryImageOfPage":{"@id":"https:\/\/polsoft.pl\/microsoft-surface\/produkt\/microsoft-surface-hub-3-85-vy7-00008-i5-32gb-512gb-wifi-platinium\/#primaryimage"},"image":{"@id":"https:\/\/polsoft.pl\/microsoft-surface\/produkt\/microsoft-surface-hub-3-85-vy7-00008-i5-32gb-512gb-wifi-platinium\/#primaryimage"},"thumbnailUrl":"https:\/\/www.polsoft.pl\/microsoft-surface\/wp-content\/uploads\/2024\/04\/Surface-Hub-3-85-VY7-00008-i5-32GB-512GB-WiFi-Platynowy-3.jpg","datePublished":"2024-04-04T12:28:29+00:00","dateModified":"2026-01-23T11:46:57+00:00","breadcrumb":{"@id":"https:\/\/polsoft.pl\/microsoft-surface\/produkt\/microsoft-surface-hub-3-85-vy7-00008-i5-32gb-512gb-wifi-platinium\/#breadcrumb"},"inLanguage":"pl-PL","potentialAction":[{"@type":"ReadAction","target":["https:\/\/polsoft.pl\/microsoft-surface\/produkt\/microsoft-surface-hub-3-85-vy7-00008-i5-32gb-512gb-wifi-platinium\/"]}]},{"@type":"ImageObject","inLanguage":"pl-PL","@id":"https:\/\/polsoft.pl\/microsoft-surface\/produkt\/microsoft-surface-hub-3-85-vy7-00008-i5-32gb-512gb-wifi-platinium\/#primaryimage","url":"https:\/\/www.polsoft.pl\/microsoft-surface\/wp-content\/uploads\/2024\/04\/Surface-Hub-3-85-VY7-00008-i5-32GB-512GB-WiFi-Platynowy-3.jpg","contentUrl":"https:\/\/www.polsoft.pl\/microsoft-surface\/wp-content\/uploads\/2024\/04\/Surface-Hub-3-85-VY7-00008-i5-32GB-512GB-WiFi-Platynowy-3.jpg","width":1253,"height":705,"caption":"Zdj\u0119cie produktu Microsoft Surface Hub 85'"},{"@type":"BreadcrumbList","@id":"https:\/\/polsoft.pl\/microsoft-surface\/produkt\/microsoft-surface-hub-3-85-vy7-00008-i5-32gb-512gb-wifi-platinium\/#breadcrumb","itemListElement":[{"@type":"ListItem","position":1,"name":"Strona g\u0142\u00f3wna","item":"https:\/\/polsoft.pl\/microsoft-surface\/"},{"@type":"ListItem","position":2,"name":"Sklep","item":"https:\/\/polsoft.pl\/microsoft-surface\/sklep\/"},{"@type":"ListItem","position":3,"name":"Microsoft Surface Hub 3 85 VY7-00008\/i5\/32GB\/512GB\/WiFi\/Platinium"}]},{"@type":"WebSite","@id":"https:\/\/polsoft.pl\/microsoft-surface\/#website","url":"https:\/\/polsoft.pl\/microsoft-surface\/","name":"Sklep Microsoft Surface","description":"Sklep Microsoft Surface","publisher":{"@id":"https:\/\/polsoft.pl\/microsoft-surface\/#organization"},"potentialAction":[{"@type":"SearchAction","target":{"@type":"EntryPoint","urlTemplate":"https:\/\/polsoft.pl\/microsoft-surface\/?s={search_term_string}"},"query-input":{"@type":"PropertyValueSpecification","valueRequired":true,"valueName":"search_term_string"}}],"inLanguage":"pl-PL"},{"@type":"Organization","@id":"https:\/\/polsoft.pl\/microsoft-surface\/#organization","name":"Polsoft Engineering Sp. z o.o.","url":"https:\/\/polsoft.pl\/microsoft-surface\/","logo":{"@type":"ImageObject","inLanguage":"pl-PL","@id":"https:\/\/polsoft.pl\/microsoft-surface\/#\/schema\/logo\/image\/","url":"https:\/\/www.polsoft.pl\/microsoft-surface\/wp-content\/uploads\/2020\/10\/microsoft_partner_logo_black_polsoft.png","contentUrl":"https:\/\/www.polsoft.pl\/microsoft-surface\/wp-content\/uploads\/2020\/10\/microsoft_partner_logo_black_polsoft.png","width":613,"height":158,"caption":"Polsoft Engineering Sp. z o.o."},"image":{"@id":"https:\/\/polsoft.pl\/microsoft-surface\/#\/schema\/logo\/image\/"}}]}},"_links":{"self":[{"href":"https:\/\/www.polsoft.pl\/microsoft-surface\/wp-json\/wp\/v2\/product\/16867","targetHints":{"allow":["GET"]}}],"collection":[{"href":"https:\/\/www.polsoft.pl\/microsoft-surface\/wp-json\/wp\/v2\/product"}],"about":[{"href":"https:\/\/www.polsoft.pl\/microsoft-surface\/wp-json\/wp\/v2\/types\/product"}],"version-history":[{"count":4,"href":"https:\/\/www.polsoft.pl\/microsoft-surface\/wp-json\/wp\/v2\/product\/16867\/revisions"}],"predecessor-version":[{"id":17769,"href":"https:\/\/www.polsoft.pl\/microsoft-surface\/wp-json\/wp\/v2\/product\/16867\/revisions\/17769"}],"wp:featuredmedia":[{"embeddable":true,"href":"https:\/\/www.polsoft.pl\/microsoft-surface\/wp-json\/wp\/v2\/media\/17090"}],"wp:attachment":[{"href":"https:\/\/www.polsoft.pl\/microsoft-surface\/wp-json\/wp\/v2\/media?parent=16867"}],"wp:term":[{"taxonomy":"product_brand","embeddable":true,"href":"https:\/\/www.polsoft.pl\/microsoft-surface\/wp-json\/wp\/v2\/product_brand?post=16867"},{"taxonomy":"product_cat","embeddable":true,"href":"https:\/\/www.polsoft.pl\/microsoft-surface\/wp-json\/wp\/v2\/product_cat?post=16867"},{"taxonomy":"product_tag","embeddable":true,"href":"https:\/\/www.polsoft.pl\/microsoft-surface\/wp-json\/wp\/v2\/product_tag?post=16867"}],"curies":[{"name":"wp","href":"https:\/\/api.w.org\/{rel}","templated":true}]}}