{"id":19725,"date":"2025-07-09T11:49:54","date_gmt":"2025-07-09T09:49:54","guid":{"rendered":"https:\/\/polsoft.pl\/microsoft-surface\/produkt\/microsoft-surface-pro-12-ep2-27187-snapdragon-x-plus-8-core-16gb-256gb-12-wifi-platynowy\/"},"modified":"2026-01-23T12:46:03","modified_gmt":"2026-01-23T11:46:03","slug":"microsoft-surface-pro-12-ep2-27187-snapdragon-x-plus-8-core-16gb-256gb-12-wifi-platynowy","status":"publish","type":"product","link":"https:\/\/www.polsoft.pl\/microsoft-surface\/produkt\/microsoft-surface-pro-12-ep2-27187-snapdragon-x-plus-8-core-16gb-256gb-12-wifi-platynowy\/","title":{"rendered":"Microsoft Surface Pro 12 EP2-27187 Snapdragon X Plus (8 core)\/16GB\/256GB\/12&#8221;\/WiFi\/Platynowy"},"content":{"rendered":"<p>Poznaj Microsoft Surface Pro 12 EP2-27187 \u2013 inteligentne, wszechstronne i niezwykle mobilne urz\u0105dzenie 2 w 1, kt\u00f3re na nowo definiuje poj\u0119cie elastyczno\u015bci. Ta konfiguracja jest idealnym punktem wej\u015bcia do \u015bwiata rewolucyjnych komputer\u00f3w Copilot+. Oferuje prze\u0142omowe funkcje AI i solidn\u0105 wydajno\u015b\u0107 w ikonicznej, platynowej obudowie. To doskona\u0142y wyb\u00f3r dla mobilnych profesjonalist\u00f3w, przedstawicieli handlowych, student\u00f3w i ka\u017cdego, kto potrzebuje niezawodnego i lekkiego narz\u0119dzia do codziennych zada\u0144, kt\u00f3re bez problemu zmie\u015bci si\u0119 w ka\u017cdej torbie.<\/p>\n<p>Sercem tego komputera jest procesor nowej generacji Snapdragon\u00ae X Plus. Jego zintegrowany, pot\u0119\u017cny procesor neuronowy (NPU) odblokowuje niezwyk\u0142e mo\u017cliwo\u015bci sztucznej inteligencji, kt\u00f3re do tej pory by\u0142y niedost\u0119pne na komputerach PC. Korzystaj z funkcji Recall, aby natychmiast znale\u017a\u0107 potrzebne informacje, lub prowad\u017a wideokonferencje na najwy\u017cszym poziomie dzi\u0119ki efektom Windows Studio, takim jak profesjonalne rozmycie t\u0142a czy automatyczne kadrowanie. 16 GB pami\u0119ci RAM LPDDR5x zapewnia p\u0142ynn\u0105 i responsywn\u0105 prac\u0119 podczas obs\u0142ugi codziennych aplikacji, a szybki dysk SSD o pojemno\u015bci 256 GB gwarantuje b\u0142yskawiczny start systemu i najwa\u017cniejszych program\u00f3w, takich jak pakiet Office czy przegl\u0105darka internetowa.<\/p>\n<p>Obraz o\u017cywa na wspania\u0142ym, 12-calowym ekranie dotykowym PixelSense\u2122 Flow z dynamicznym od\u015bwie\u017caniem 120 Hz, kt\u00f3ry zachwyca p\u0142ynno\u015bci\u0105, ostro\u015bci\u0105 i jako\u015bci\u0105 kolor\u00f3w. Niezr\u00f3wnana elastyczno\u015b\u0107 wbudowanej podstawki Kickstand pozwala na ustawienie ekranu pod niemal dowolnym k\u0105tem, idealnym do ogl\u0105dania, pisania czy rysowania. Pod\u0142\u0105cz klawiatur\u0119 Surface Pro Flex Keyboard (sprzedawan\u0105 osobno), aby w sekund\u0119 zmieni\u0107 tablet w pe\u0142ni funkcjonalnego laptopa. Wysokiej jako\u015bci kamera przednia Quad HD, dwa wielofunkcyjne porty USB-C\u00ae (z obs\u0142ug\u0105 USB4\u00ae) i \u0142\u0105czno\u015b\u0107 nowej generacji Wi-Fi 7 dope\u0142niaj\u0105 ca\u0142o\u015bci, czyni\u0105c Surface Pro 12 pot\u0119\u017cnym i wszechstronnym narz\u0119dziem do pracy i nauki w nowej, ekscytuj\u0105cej erze sztucznej inteligencji.<\/p>\n","protected":false},"excerpt":{"rendered":"<p>Poznaj Microsoft Surface Pro 12 EP2-27187 \u2013 inteligentne, wszechstronne i niezwykle mobilne urz\u0105dzenie 2 w 1, kt\u00f3re na nowo definiuje poj\u0119cie elastyczno\u015bci. Ta konfiguracja jest idealnym punktem wej\u015bcia do \u015bwiata rewolucyjnych komputer\u00f3w Copilot+. Oferuje prze\u0142omowe funkcje AI i solidn\u0105 wydajno\u015b\u0107 w ikonicznej, platynowej obudowie. To doskona\u0142y wyb\u00f3r dla mobilnych profesjonalist\u00f3w, przedstawicieli handlowych, student\u00f3w i ka\u017cdego, [&hellip;]<\/p>\n","protected":false},"featured_media":19798,"template":"","meta":{"site-sidebar-layout":"default","site-content-layout":"","ast-site-content-layout":"default","site-content-style":"default","site-sidebar-style":"default","ast-global-header-display":"","ast-banner-title-visibility":"","ast-main-header-display":"","ast-hfb-above-header-display":"","ast-hfb-below-header-display":"","ast-hfb-mobile-header-display":"","site-post-title":"","ast-breadcrumbs-content":"","ast-featured-img":"","footer-sml-layout":"","ast-disable-related-posts":"","theme-transparent-header-meta":"default","adv-header-id-meta":"","stick-header-meta":"","header-above-stick-meta":"","header-main-stick-meta":"","header-below-stick-meta":"","astra-migrate-meta-layouts":"set","ast-page-background-enabled":"default","ast-page-background-meta":{"desktop":{"background-color":"","background-image":"","background-repeat":"repeat","background-position":"center center","background-size":"auto","background-attachment":"scroll","background-type":"","background-media":"","overlay-type":"","overlay-color":"","overlay-opacity":"","overlay-gradient":""},"tablet":{"background-color":"","background-image":"","background-repeat":"repeat","background-position":"center center","background-size":"auto","background-attachment":"scroll","background-type":"","background-media":"","overlay-type":"","overlay-color":"","overlay-opacity":"","overlay-gradient":""},"mobile":{"background-color":"","background-image":"","background-repeat":"repeat","background-position":"center center","background-size":"auto","background-attachment":"scroll","background-type":"","background-media":"","overlay-type":"","overlay-color":"","overlay-opacity":"","overlay-gradient":""}},"ast-content-background-meta":{"desktop":{"background-color":"var(--ast-global-color-5)","background-image":"","background-repeat":"repeat","background-position":"center center","background-size":"auto","background-attachment":"scroll","background-type":"","background-media":"","overlay-type":"","overlay-color":"","overlay-opacity":"","overlay-gradient":""},"tablet":{"background-color":"var(--ast-global-color-5)","background-image":"","background-repeat":"repeat","background-position":"center center","background-size":"auto","background-attachment":"scroll","background-type":"","background-media":"","overlay-type":"","overlay-color":"","overlay-opacity":"","overlay-gradient":""},"mobile":{"background-color":"var(--ast-global-color-5)","background-image":"","background-repeat":"repeat","background-position":"center center","background-size":"auto","background-attachment":"scroll","background-type":"","background-media":"","overlay-type":"","overlay-color":"","overlay-opacity":"","overlay-gradient":""}},"_links_to":"","_links_to_target":""},"product_brand":[],"product_cat":[327,69],"product_tag":[],"class_list":{"0":"post-19725","1":"product","2":"type-product","3":"status-publish","4":"has-post-thumbnail","6":"product_cat-microsoft-surface-pro-12","7":"product_cat-tablety-microsoft-surface","8":"pa_dodatkowe-komponenty-wifi","9":"pa_dysk-ssd-256gb","10":"pa_matryca-326","11":"pa_model-procesora-snapdragon-x-plus-8-core","12":"pa_pamiec-ram-16gb","13":"pa_producent-procesora-qualcomm","14":"desktop-align-left","15":"tablet-align-left","16":"mobile-align-left","18":"first","19":"instock","20":"featured","21":"taxable","22":"shipping-taxable","23":"purchasable","24":"product-type-simple"},"yoast_head":"<!-- This site is optimized with the Yoast SEO plugin v26.7 - https:\/\/yoast.com\/wordpress\/plugins\/seo\/ -->\n<title>Microsoft Surface Pro 12 EP2-27187 Snapdragon X Plus (8 core)\/16GB\/256GB\/12&#039;&#039;\/WiFi\/Platynowy - Sklep rozwi\u0105za\u0144 Microsoft Surface<\/title>\n<meta name=\"description\" content=\"Surface Pro 12 \u2013 tablet i laptop w jednym. Wydajno\u015b\u0107, mobilno\u015b\u0107 i ekran dotykowy. Zobacz cen\u0119, specyfikacj\u0119 i opinie u\u017cytkownik\u00f3w!\" \/>\n<meta name=\"robots\" content=\"index, follow, max-snippet:-1, max-image-preview:large, max-video-preview:-1\" \/>\n<link rel=\"canonical\" href=\"https:\/\/polsoft.pl\/microsoft-surface\/produkt\/microsoft-surface-pro-12-ep2-27187-snapdragon-x-plus-8-core-16gb-256gb-12-wifi-platynowy\/\" \/>\n<meta property=\"og:locale\" content=\"pl_PL\" \/>\n<meta property=\"og:type\" content=\"article\" \/>\n<meta property=\"og:title\" content=\"Microsoft Surface Pro 12 EP2-27187 Snapdragon X Plus (8 core)\/16GB\/256GB\/12&#039;&#039;\/WiFi\/Platynowy - Sklep rozwi\u0105za\u0144 Microsoft Surface\" \/>\n<meta property=\"og:description\" content=\"Surface Pro 12 \u2013 tablet i laptop w jednym. Wydajno\u015b\u0107, mobilno\u015b\u0107 i ekran dotykowy. Zobacz cen\u0119, specyfikacj\u0119 i opinie u\u017cytkownik\u00f3w!\" \/>\n<meta property=\"og:url\" content=\"https:\/\/polsoft.pl\/microsoft-surface\/produkt\/microsoft-surface-pro-12-ep2-27187-snapdragon-x-plus-8-core-16gb-256gb-12-wifi-platynowy\/\" \/>\n<meta property=\"og:site_name\" content=\"Sklep rozwi\u0105za\u0144 Microsoft Surface\" \/>\n<meta property=\"article:modified_time\" content=\"2026-01-23T11:46:03+00:00\" \/>\n<meta property=\"og:image\" content=\"https:\/\/polsoft.pl\/microsoft-surface\/wp-content\/uploads\/2025\/07\/Microsoft-Surface-Pro-12-EP2-27187.jpg\" \/>\n\t<meta property=\"og:image:width\" content=\"1798\" \/>\n\t<meta property=\"og:image:height\" content=\"1798\" \/>\n\t<meta property=\"og:image:type\" content=\"image\/jpeg\" \/>\n<meta name=\"twitter:card\" content=\"summary_large_image\" \/>\n<meta name=\"twitter:label1\" content=\"Szacowany czas czytania\" \/>\n\t<meta name=\"twitter:data1\" content=\"2 minuty\" \/>\n<script type=\"application\/ld+json\" class=\"yoast-schema-graph\">{\"@context\":\"https:\/\/schema.org\",\"@graph\":[{\"@type\":\"WebPage\",\"@id\":\"https:\/\/polsoft.pl\/microsoft-surface\/produkt\/microsoft-surface-pro-12-ep2-27187-snapdragon-x-plus-8-core-16gb-256gb-12-wifi-platynowy\/\",\"url\":\"https:\/\/polsoft.pl\/microsoft-surface\/produkt\/microsoft-surface-pro-12-ep2-27187-snapdragon-x-plus-8-core-16gb-256gb-12-wifi-platynowy\/\",\"name\":\"Microsoft Surface Pro 12 EP2-27187 Snapdragon X Plus (8 core)\/16GB\/256GB\/12''\/WiFi\/Platynowy - Sklep rozwi\u0105za\u0144 Microsoft Surface\",\"isPartOf\":{\"@id\":\"https:\/\/polsoft.pl\/microsoft-surface\/#website\"},\"primaryImageOfPage\":{\"@id\":\"https:\/\/polsoft.pl\/microsoft-surface\/produkt\/microsoft-surface-pro-12-ep2-27187-snapdragon-x-plus-8-core-16gb-256gb-12-wifi-platynowy\/#primaryimage\"},\"image\":{\"@id\":\"https:\/\/polsoft.pl\/microsoft-surface\/produkt\/microsoft-surface-pro-12-ep2-27187-snapdragon-x-plus-8-core-16gb-256gb-12-wifi-platynowy\/#primaryimage\"},\"thumbnailUrl\":\"https:\/\/www.polsoft.pl\/microsoft-surface\/wp-content\/uploads\/2025\/07\/Microsoft-Surface-Pro-12-EP2-27187.jpg\",\"datePublished\":\"2025-07-09T09:49:54+00:00\",\"dateModified\":\"2026-01-23T11:46:03+00:00\",\"description\":\"Surface Pro 12 \u2013 tablet i laptop w jednym. Wydajno\u015b\u0107, mobilno\u015b\u0107 i ekran dotykowy. Zobacz cen\u0119, specyfikacj\u0119 i opinie u\u017cytkownik\u00f3w!\",\"breadcrumb\":{\"@id\":\"https:\/\/polsoft.pl\/microsoft-surface\/produkt\/microsoft-surface-pro-12-ep2-27187-snapdragon-x-plus-8-core-16gb-256gb-12-wifi-platynowy\/#breadcrumb\"},\"inLanguage\":\"pl-PL\",\"potentialAction\":[{\"@type\":\"ReadAction\",\"target\":[\"https:\/\/polsoft.pl\/microsoft-surface\/produkt\/microsoft-surface-pro-12-ep2-27187-snapdragon-x-plus-8-core-16gb-256gb-12-wifi-platynowy\/\"]}]},{\"@type\":\"ImageObject\",\"inLanguage\":\"pl-PL\",\"@id\":\"https:\/\/polsoft.pl\/microsoft-surface\/produkt\/microsoft-surface-pro-12-ep2-27187-snapdragon-x-plus-8-core-16gb-256gb-12-wifi-platynowy\/#primaryimage\",\"url\":\"https:\/\/www.polsoft.pl\/microsoft-surface\/wp-content\/uploads\/2025\/07\/Microsoft-Surface-Pro-12-EP2-27187.jpg\",\"contentUrl\":\"https:\/\/www.polsoft.pl\/microsoft-surface\/wp-content\/uploads\/2025\/07\/Microsoft-Surface-Pro-12-EP2-27187.jpg\",\"width\":1798,\"height\":1798},{\"@type\":\"BreadcrumbList\",\"@id\":\"https:\/\/polsoft.pl\/microsoft-surface\/produkt\/microsoft-surface-pro-12-ep2-27187-snapdragon-x-plus-8-core-16gb-256gb-12-wifi-platynowy\/#breadcrumb\",\"itemListElement\":[{\"@type\":\"ListItem\",\"position\":1,\"name\":\"Strona g\u0142\u00f3wna\",\"item\":\"https:\/\/polsoft.pl\/microsoft-surface\/\"},{\"@type\":\"ListItem\",\"position\":2,\"name\":\"Sklep\",\"item\":\"https:\/\/polsoft.pl\/microsoft-surface\/sklep\/\"},{\"@type\":\"ListItem\",\"position\":3,\"name\":\"Microsoft Surface Pro 12 EP2-27187 Snapdragon X Plus (8 core)\/16GB\/256GB\/12&#8221;\/WiFi\/Platynowy\"}]},{\"@type\":\"WebSite\",\"@id\":\"https:\/\/polsoft.pl\/microsoft-surface\/#website\",\"url\":\"https:\/\/polsoft.pl\/microsoft-surface\/\",\"name\":\"Sklep Microsoft Surface\",\"description\":\"Sklep Microsoft Surface\",\"publisher\":{\"@id\":\"https:\/\/polsoft.pl\/microsoft-surface\/#organization\"},\"potentialAction\":[{\"@type\":\"SearchAction\",\"target\":{\"@type\":\"EntryPoint\",\"urlTemplate\":\"https:\/\/polsoft.pl\/microsoft-surface\/?s={search_term_string}\"},\"query-input\":{\"@type\":\"PropertyValueSpecification\",\"valueRequired\":true,\"valueName\":\"search_term_string\"}}],\"inLanguage\":\"pl-PL\"},{\"@type\":\"Organization\",\"@id\":\"https:\/\/polsoft.pl\/microsoft-surface\/#organization\",\"name\":\"Polsoft Engineering Sp. z o.o.\",\"url\":\"https:\/\/polsoft.pl\/microsoft-surface\/\",\"logo\":{\"@type\":\"ImageObject\",\"inLanguage\":\"pl-PL\",\"@id\":\"https:\/\/polsoft.pl\/microsoft-surface\/#\/schema\/logo\/image\/\",\"url\":\"https:\/\/www.polsoft.pl\/microsoft-surface\/wp-content\/uploads\/2020\/10\/microsoft_partner_logo_black_polsoft.png\",\"contentUrl\":\"https:\/\/www.polsoft.pl\/microsoft-surface\/wp-content\/uploads\/2020\/10\/microsoft_partner_logo_black_polsoft.png\",\"width\":613,\"height\":158,\"caption\":\"Polsoft Engineering Sp. z o.o.\"},\"image\":{\"@id\":\"https:\/\/polsoft.pl\/microsoft-surface\/#\/schema\/logo\/image\/\"}}]}<\/script>\n<!-- \/ Yoast SEO plugin. -->","yoast_head_json":{"title":"Microsoft Surface Pro 12 EP2-27187 Snapdragon X Plus (8 core)\/16GB\/256GB\/12''\/WiFi\/Platynowy - Sklep rozwi\u0105za\u0144 Microsoft Surface","description":"Surface Pro 12 \u2013 tablet i laptop w jednym. Wydajno\u015b\u0107, mobilno\u015b\u0107 i ekran dotykowy. Zobacz cen\u0119, specyfikacj\u0119 i opinie u\u017cytkownik\u00f3w!","robots":{"index":"index","follow":"follow","max-snippet":"max-snippet:-1","max-image-preview":"max-image-preview:large","max-video-preview":"max-video-preview:-1"},"canonical":"https:\/\/polsoft.pl\/microsoft-surface\/produkt\/microsoft-surface-pro-12-ep2-27187-snapdragon-x-plus-8-core-16gb-256gb-12-wifi-platynowy\/","og_locale":"pl_PL","og_type":"article","og_title":"Microsoft Surface Pro 12 EP2-27187 Snapdragon X Plus (8 core)\/16GB\/256GB\/12''\/WiFi\/Platynowy - Sklep rozwi\u0105za\u0144 Microsoft Surface","og_description":"Surface Pro 12 \u2013 tablet i laptop w jednym. Wydajno\u015b\u0107, mobilno\u015b\u0107 i ekran dotykowy. Zobacz cen\u0119, specyfikacj\u0119 i opinie u\u017cytkownik\u00f3w!","og_url":"https:\/\/polsoft.pl\/microsoft-surface\/produkt\/microsoft-surface-pro-12-ep2-27187-snapdragon-x-plus-8-core-16gb-256gb-12-wifi-platynowy\/","og_site_name":"Sklep rozwi\u0105za\u0144 Microsoft Surface","article_modified_time":"2026-01-23T11:46:03+00:00","og_image":[{"width":1798,"height":1798,"url":"https:\/\/polsoft.pl\/microsoft-surface\/wp-content\/uploads\/2025\/07\/Microsoft-Surface-Pro-12-EP2-27187.jpg","type":"image\/jpeg"}],"twitter_card":"summary_large_image","twitter_misc":{"Szacowany czas czytania":"2 minuty"},"schema":{"@context":"https:\/\/schema.org","@graph":[{"@type":"WebPage","@id":"https:\/\/polsoft.pl\/microsoft-surface\/produkt\/microsoft-surface-pro-12-ep2-27187-snapdragon-x-plus-8-core-16gb-256gb-12-wifi-platynowy\/","url":"https:\/\/polsoft.pl\/microsoft-surface\/produkt\/microsoft-surface-pro-12-ep2-27187-snapdragon-x-plus-8-core-16gb-256gb-12-wifi-platynowy\/","name":"Microsoft Surface Pro 12 EP2-27187 Snapdragon X Plus (8 core)\/16GB\/256GB\/12''\/WiFi\/Platynowy - Sklep rozwi\u0105za\u0144 Microsoft Surface","isPartOf":{"@id":"https:\/\/polsoft.pl\/microsoft-surface\/#website"},"primaryImageOfPage":{"@id":"https:\/\/polsoft.pl\/microsoft-surface\/produkt\/microsoft-surface-pro-12-ep2-27187-snapdragon-x-plus-8-core-16gb-256gb-12-wifi-platynowy\/#primaryimage"},"image":{"@id":"https:\/\/polsoft.pl\/microsoft-surface\/produkt\/microsoft-surface-pro-12-ep2-27187-snapdragon-x-plus-8-core-16gb-256gb-12-wifi-platynowy\/#primaryimage"},"thumbnailUrl":"https:\/\/www.polsoft.pl\/microsoft-surface\/wp-content\/uploads\/2025\/07\/Microsoft-Surface-Pro-12-EP2-27187.jpg","datePublished":"2025-07-09T09:49:54+00:00","dateModified":"2026-01-23T11:46:03+00:00","description":"Surface Pro 12 \u2013 tablet i laptop w jednym. Wydajno\u015b\u0107, mobilno\u015b\u0107 i ekran dotykowy. Zobacz cen\u0119, specyfikacj\u0119 i opinie u\u017cytkownik\u00f3w!","breadcrumb":{"@id":"https:\/\/polsoft.pl\/microsoft-surface\/produkt\/microsoft-surface-pro-12-ep2-27187-snapdragon-x-plus-8-core-16gb-256gb-12-wifi-platynowy\/#breadcrumb"},"inLanguage":"pl-PL","potentialAction":[{"@type":"ReadAction","target":["https:\/\/polsoft.pl\/microsoft-surface\/produkt\/microsoft-surface-pro-12-ep2-27187-snapdragon-x-plus-8-core-16gb-256gb-12-wifi-platynowy\/"]}]},{"@type":"ImageObject","inLanguage":"pl-PL","@id":"https:\/\/polsoft.pl\/microsoft-surface\/produkt\/microsoft-surface-pro-12-ep2-27187-snapdragon-x-plus-8-core-16gb-256gb-12-wifi-platynowy\/#primaryimage","url":"https:\/\/www.polsoft.pl\/microsoft-surface\/wp-content\/uploads\/2025\/07\/Microsoft-Surface-Pro-12-EP2-27187.jpg","contentUrl":"https:\/\/www.polsoft.pl\/microsoft-surface\/wp-content\/uploads\/2025\/07\/Microsoft-Surface-Pro-12-EP2-27187.jpg","width":1798,"height":1798},{"@type":"BreadcrumbList","@id":"https:\/\/polsoft.pl\/microsoft-surface\/produkt\/microsoft-surface-pro-12-ep2-27187-snapdragon-x-plus-8-core-16gb-256gb-12-wifi-platynowy\/#breadcrumb","itemListElement":[{"@type":"ListItem","position":1,"name":"Strona g\u0142\u00f3wna","item":"https:\/\/polsoft.pl\/microsoft-surface\/"},{"@type":"ListItem","position":2,"name":"Sklep","item":"https:\/\/polsoft.pl\/microsoft-surface\/sklep\/"},{"@type":"ListItem","position":3,"name":"Microsoft Surface Pro 12 EP2-27187 Snapdragon X Plus (8 core)\/16GB\/256GB\/12&#8221;\/WiFi\/Platynowy"}]},{"@type":"WebSite","@id":"https:\/\/polsoft.pl\/microsoft-surface\/#website","url":"https:\/\/polsoft.pl\/microsoft-surface\/","name":"Sklep Microsoft Surface","description":"Sklep Microsoft Surface","publisher":{"@id":"https:\/\/polsoft.pl\/microsoft-surface\/#organization"},"potentialAction":[{"@type":"SearchAction","target":{"@type":"EntryPoint","urlTemplate":"https:\/\/polsoft.pl\/microsoft-surface\/?s={search_term_string}"},"query-input":{"@type":"PropertyValueSpecification","valueRequired":true,"valueName":"search_term_string"}}],"inLanguage":"pl-PL"},{"@type":"Organization","@id":"https:\/\/polsoft.pl\/microsoft-surface\/#organization","name":"Polsoft Engineering Sp. z o.o.","url":"https:\/\/polsoft.pl\/microsoft-surface\/","logo":{"@type":"ImageObject","inLanguage":"pl-PL","@id":"https:\/\/polsoft.pl\/microsoft-surface\/#\/schema\/logo\/image\/","url":"https:\/\/www.polsoft.pl\/microsoft-surface\/wp-content\/uploads\/2020\/10\/microsoft_partner_logo_black_polsoft.png","contentUrl":"https:\/\/www.polsoft.pl\/microsoft-surface\/wp-content\/uploads\/2020\/10\/microsoft_partner_logo_black_polsoft.png","width":613,"height":158,"caption":"Polsoft Engineering Sp. z o.o."},"image":{"@id":"https:\/\/polsoft.pl\/microsoft-surface\/#\/schema\/logo\/image\/"}}]}},"_links":{"self":[{"href":"https:\/\/www.polsoft.pl\/microsoft-surface\/wp-json\/wp\/v2\/product\/19725","targetHints":{"allow":["GET"]}}],"collection":[{"href":"https:\/\/www.polsoft.pl\/microsoft-surface\/wp-json\/wp\/v2\/product"}],"about":[{"href":"https:\/\/www.polsoft.pl\/microsoft-surface\/wp-json\/wp\/v2\/types\/product"}],"version-history":[{"count":4,"href":"https:\/\/www.polsoft.pl\/microsoft-surface\/wp-json\/wp\/v2\/product\/19725\/revisions"}],"predecessor-version":[{"id":19811,"href":"https:\/\/www.polsoft.pl\/microsoft-surface\/wp-json\/wp\/v2\/product\/19725\/revisions\/19811"}],"wp:featuredmedia":[{"embeddable":true,"href":"https:\/\/www.polsoft.pl\/microsoft-surface\/wp-json\/wp\/v2\/media\/19798"}],"wp:attachment":[{"href":"https:\/\/www.polsoft.pl\/microsoft-surface\/wp-json\/wp\/v2\/media?parent=19725"}],"wp:term":[{"taxonomy":"product_brand","embeddable":true,"href":"https:\/\/www.polsoft.pl\/microsoft-surface\/wp-json\/wp\/v2\/product_brand?post=19725"},{"taxonomy":"product_cat","embeddable":true,"href":"https:\/\/www.polsoft.pl\/microsoft-surface\/wp-json\/wp\/v2\/product_cat?post=19725"},{"taxonomy":"product_tag","embeddable":true,"href":"https:\/\/www.polsoft.pl\/microsoft-surface\/wp-json\/wp\/v2\/product_tag?post=19725"}],"curies":[{"name":"wp","href":"https:\/\/api.w.org\/{rel}","templated":true}]}}