{"id":19731,"date":"2025-07-09T11:49:54","date_gmt":"2025-07-09T09:49:54","guid":{"rendered":"https:\/\/polsoft.pl\/microsoft-surface\/produkt\/microsoft-surface-pro-12-ep2-27221-snapdragon-x-plus-8-core-16gb-1tb-12-wifi-platynowy\/"},"modified":"2026-01-23T12:46:04","modified_gmt":"2026-01-23T11:46:04","slug":"microsoft-surface-pro-12-ep2-27221-snapdragon-x-plus-8-core-16gb-1tb-12-wifi-platynowy","status":"publish","type":"product","link":"https:\/\/www.polsoft.pl\/microsoft-surface\/produkt\/microsoft-surface-pro-12-ep2-27221-snapdragon-x-plus-8-core-16gb-1tb-12-wifi-platynowy\/","title":{"rendered":"Microsoft Surface Pro 12 EP2-27221 Snapdragon X Plus (8 core)\/16GB\/1TB\/12&#8221;\/WiFi\/Platynowy"},"content":{"rendered":"<p>Odkryj Microsoft Surface Pro 12 EP2-27221 \u2013 unikaln\u0105 i niezwykle praktyczn\u0105 konfiguracj\u0119, stworzon\u0105 dla u\u017cytkownik\u00f3w, kt\u00f3rzy potrzebuj\u0105 przede wszystkim ogromnej przestrzeni na dane w najbardziej elastycznym i mobilnym formacie 2 w 1. Ten inteligentny komputer Copilot+ w klasycznej platynowej obudowie \u0142\u0105czy niezr\u00f3wnan\u0105 wszechstronno\u015b\u0107 z pot\u0119\u017cnym magazynem danych, co czyni go idealnym wyborem dla fotograf\u00f3w, wideofilmowc\u00f3w, kolekcjoner\u00f3w multimedi\u00f3w i profesjonalist\u00f3w pracuj\u0105cych z rozbudowanymi archiwami i bazami danych.<\/p>\n<p>Sercem urz\u0105dzenia jest nowoczesny, 10-rdzeniowy procesor Snapdragon\u00ae X Plus ze zintegrowanym procesorem neuronowym (NPU), kt\u00f3ry otwiera dost\u0119p do rewolucyjnych funkcji AI, takich jak Recall czy Napisy na \u017cywo. Po\u0142\u0105czenie 16 GB wydajnej pami\u0119ci RAM LPDDR5x, gwarantuj\u0105cej p\u0142ynn\u0105 prac\u0119 wielozadaniow\u0105 i obs\u0142ug\u0119 wielu aplikacji jednocze\u015bnie, z gigantycznym dyskiem SSD PCIe 4.0 o pojemno\u015bci 1 TB, pozwala na przechowywanie tysi\u0119cy zdj\u0119\u0107 w bezstratnym formacie RAW, godzin materia\u0142\u00f3w wideo w rozdzielczo\u015bci 4K i wszystkich kluczowych aplikacji oraz dokument\u00f3w w jednym, bezpiecznym i zawsze dost\u0119pnym miejscu.<\/p>\n<p>Ciesz si\u0119 swobod\u0105 pracy na genialnym, 12-calowym ekranie dotykowym PixelSense\u2122 Flow z od\u015bwie\u017caniem 120 Hz, kt\u00f3ry zachwyca ostro\u015bci\u0105 i wierno\u015bci\u0105 barw. Pracuj jak na tablecie, rysuj\u0105c i robi\u0105c notatki za pomoc\u0105 pi\u00f3ra Slim Pen (sprzedawane osobno), lub pod\u0142\u0105cz klawiatur\u0119, by w mgnieniu oka zamieni\u0107 go w wydajnego laptopa z ogromnym dyskiem. Dzi\u0119ki kamerze Quad HD, dw\u00f3m szybkim portom USB-C\u00ae (USB4\u00ae) i \u0142\u0105czno\u015bci nowej generacji Wi-Fi 7, jeste\u015b zawsze gotowy do dzia\u0142ania i synchronizacji swoich danych. Surface Pro 12 to Tw\u00f3j osobisty, mobilny skarbiec danych, kt\u00f3ry dzi\u0119ki mocy sztucznej inteligencji staje si\u0119 jeszcze bardziej funkcjonalny i inteligentny.<\/p>\n","protected":false},"excerpt":{"rendered":"<p>Odkryj Microsoft Surface Pro 12 EP2-27221 \u2013 unikaln\u0105 i niezwykle praktyczn\u0105 konfiguracj\u0119, stworzon\u0105 dla u\u017cytkownik\u00f3w, kt\u00f3rzy potrzebuj\u0105 przede wszystkim ogromnej przestrzeni na dane w najbardziej elastycznym i mobilnym formacie 2 w 1. Ten inteligentny komputer Copilot+ w klasycznej platynowej obudowie \u0142\u0105czy niezr\u00f3wnan\u0105 wszechstronno\u015b\u0107 z pot\u0119\u017cnym magazynem danych, co czyni go idealnym wyborem dla fotograf\u00f3w, wideofilmowc\u00f3w, [&hellip;]<\/p>\n","protected":false},"featured_media":19800,"template":"","meta":{"site-sidebar-layout":"default","site-content-layout":"","ast-site-content-layout":"default","site-content-style":"default","site-sidebar-style":"default","ast-global-header-display":"","ast-banner-title-visibility":"","ast-main-header-display":"","ast-hfb-above-header-display":"","ast-hfb-below-header-display":"","ast-hfb-mobile-header-display":"","site-post-title":"","ast-breadcrumbs-content":"","ast-featured-img":"","footer-sml-layout":"","ast-disable-related-posts":"","theme-transparent-header-meta":"default","adv-header-id-meta":"","stick-header-meta":"","header-above-stick-meta":"","header-main-stick-meta":"","header-below-stick-meta":"","astra-migrate-meta-layouts":"set","ast-page-background-enabled":"default","ast-page-background-meta":{"desktop":{"background-color":"","background-image":"","background-repeat":"repeat","background-position":"center center","background-size":"auto","background-attachment":"scroll","background-type":"","background-media":"","overlay-type":"","overlay-color":"","overlay-opacity":"","overlay-gradient":""},"tablet":{"background-color":"","background-image":"","background-repeat":"repeat","background-position":"center center","background-size":"auto","background-attachment":"scroll","background-type":"","background-media":"","overlay-type":"","overlay-color":"","overlay-opacity":"","overlay-gradient":""},"mobile":{"background-color":"","background-image":"","background-repeat":"repeat","background-position":"center center","background-size":"auto","background-attachment":"scroll","background-type":"","background-media":"","overlay-type":"","overlay-color":"","overlay-opacity":"","overlay-gradient":""}},"ast-content-background-meta":{"desktop":{"background-color":"var(--ast-global-color-5)","background-image":"","background-repeat":"repeat","background-position":"center center","background-size":"auto","background-attachment":"scroll","background-type":"","background-media":"","overlay-type":"","overlay-color":"","overlay-opacity":"","overlay-gradient":""},"tablet":{"background-color":"var(--ast-global-color-5)","background-image":"","background-repeat":"repeat","background-position":"center center","background-size":"auto","background-attachment":"scroll","background-type":"","background-media":"","overlay-type":"","overlay-color":"","overlay-opacity":"","overlay-gradient":""},"mobile":{"background-color":"var(--ast-global-color-5)","background-image":"","background-repeat":"repeat","background-position":"center center","background-size":"auto","background-attachment":"scroll","background-type":"","background-media":"","overlay-type":"","overlay-color":"","overlay-opacity":"","overlay-gradient":""}},"_links_to":"","_links_to_target":""},"product_brand":[],"product_cat":[327,69],"product_tag":[],"class_list":{"0":"post-19731","1":"product","2":"type-product","3":"status-publish","4":"has-post-thumbnail","6":"product_cat-microsoft-surface-pro-12","7":"product_cat-tablety-microsoft-surface","8":"pa_dodatkowe-komponenty-wifi","9":"pa_dysk-ssd-1tb","10":"pa_matryca-326","11":"pa_model-procesora-snapdragon-x-plus-8-core","12":"pa_pamiec-ram-16gb","13":"pa_producent-procesora-qualcomm","14":"desktop-align-left","15":"tablet-align-left","16":"mobile-align-left","18":"first","19":"instock","20":"taxable","21":"shipping-taxable","22":"purchasable","23":"product-type-simple"},"yoast_head":"<!-- This site is optimized with the Yoast SEO plugin v26.7 - https:\/\/yoast.com\/wordpress\/plugins\/seo\/ -->\n<title>Microsoft Surface Pro 12 EP2-27221 Snapdragon X Plus (8 core)\/16GB\/1TB\/12&#039;&#039;\/WiFi\/Platynowy - Sklep rozwi\u0105za\u0144 Microsoft Surface<\/title>\n<meta name=\"description\" content=\"Surface Pro 12 \u2013 wydajny laptop 2w1 z ekranem 13&quot;, rysikiem i klawiatur\u0105. Idealny do pracy mobilnej. Kup teraz z gwarancj\u0105 i szybk\u0105 dostaw\u0105!\" \/>\n<meta name=\"robots\" content=\"index, follow, max-snippet:-1, max-image-preview:large, max-video-preview:-1\" \/>\n<link rel=\"canonical\" href=\"https:\/\/polsoft.pl\/microsoft-surface\/produkt\/microsoft-surface-pro-12-ep2-27221-snapdragon-x-plus-8-core-16gb-1tb-12-wifi-platynowy\/\" \/>\n<meta property=\"og:locale\" content=\"pl_PL\" \/>\n<meta property=\"og:type\" content=\"article\" \/>\n<meta property=\"og:title\" content=\"Microsoft Surface Pro 12 EP2-27221 Snapdragon X Plus (8 core)\/16GB\/1TB\/12&#039;&#039;\/WiFi\/Platynowy - Sklep rozwi\u0105za\u0144 Microsoft Surface\" \/>\n<meta property=\"og:description\" content=\"Surface Pro 12 \u2013 wydajny laptop 2w1 z ekranem 13&quot;, rysikiem i klawiatur\u0105. Idealny do pracy mobilnej. Kup teraz z gwarancj\u0105 i szybk\u0105 dostaw\u0105!\" \/>\n<meta property=\"og:url\" content=\"https:\/\/polsoft.pl\/microsoft-surface\/produkt\/microsoft-surface-pro-12-ep2-27221-snapdragon-x-plus-8-core-16gb-1tb-12-wifi-platynowy\/\" \/>\n<meta property=\"og:site_name\" content=\"Sklep rozwi\u0105za\u0144 Microsoft Surface\" \/>\n<meta property=\"article:modified_time\" content=\"2026-01-23T11:46:04+00:00\" \/>\n<meta property=\"og:image\" content=\"https:\/\/polsoft.pl\/microsoft-surface\/wp-content\/uploads\/2025\/07\/Microsoft-Surface-Pro-12-EP2-27221.jpg\" \/>\n\t<meta property=\"og:image:width\" content=\"1798\" \/>\n\t<meta property=\"og:image:height\" content=\"1798\" \/>\n\t<meta property=\"og:image:type\" content=\"image\/jpeg\" \/>\n<meta name=\"twitter:card\" content=\"summary_large_image\" \/>\n<meta name=\"twitter:label1\" content=\"Szacowany czas czytania\" \/>\n\t<meta name=\"twitter:data1\" content=\"2 minuty\" \/>\n<script type=\"application\/ld+json\" class=\"yoast-schema-graph\">{\"@context\":\"https:\/\/schema.org\",\"@graph\":[{\"@type\":\"WebPage\",\"@id\":\"https:\/\/polsoft.pl\/microsoft-surface\/produkt\/microsoft-surface-pro-12-ep2-27221-snapdragon-x-plus-8-core-16gb-1tb-12-wifi-platynowy\/\",\"url\":\"https:\/\/polsoft.pl\/microsoft-surface\/produkt\/microsoft-surface-pro-12-ep2-27221-snapdragon-x-plus-8-core-16gb-1tb-12-wifi-platynowy\/\",\"name\":\"Microsoft Surface Pro 12 EP2-27221 Snapdragon X Plus (8 core)\/16GB\/1TB\/12''\/WiFi\/Platynowy - Sklep rozwi\u0105za\u0144 Microsoft Surface\",\"isPartOf\":{\"@id\":\"https:\/\/polsoft.pl\/microsoft-surface\/#website\"},\"primaryImageOfPage\":{\"@id\":\"https:\/\/polsoft.pl\/microsoft-surface\/produkt\/microsoft-surface-pro-12-ep2-27221-snapdragon-x-plus-8-core-16gb-1tb-12-wifi-platynowy\/#primaryimage\"},\"image\":{\"@id\":\"https:\/\/polsoft.pl\/microsoft-surface\/produkt\/microsoft-surface-pro-12-ep2-27221-snapdragon-x-plus-8-core-16gb-1tb-12-wifi-platynowy\/#primaryimage\"},\"thumbnailUrl\":\"https:\/\/www.polsoft.pl\/microsoft-surface\/wp-content\/uploads\/2025\/07\/Microsoft-Surface-Pro-12-EP2-27221.jpg\",\"datePublished\":\"2025-07-09T09:49:54+00:00\",\"dateModified\":\"2026-01-23T11:46:04+00:00\",\"description\":\"Surface Pro 12 \u2013 wydajny laptop 2w1 z ekranem 13\\\", rysikiem i klawiatur\u0105. Idealny do pracy mobilnej. Kup teraz z gwarancj\u0105 i szybk\u0105 dostaw\u0105!\",\"breadcrumb\":{\"@id\":\"https:\/\/polsoft.pl\/microsoft-surface\/produkt\/microsoft-surface-pro-12-ep2-27221-snapdragon-x-plus-8-core-16gb-1tb-12-wifi-platynowy\/#breadcrumb\"},\"inLanguage\":\"pl-PL\",\"potentialAction\":[{\"@type\":\"ReadAction\",\"target\":[\"https:\/\/polsoft.pl\/microsoft-surface\/produkt\/microsoft-surface-pro-12-ep2-27221-snapdragon-x-plus-8-core-16gb-1tb-12-wifi-platynowy\/\"]}]},{\"@type\":\"ImageObject\",\"inLanguage\":\"pl-PL\",\"@id\":\"https:\/\/polsoft.pl\/microsoft-surface\/produkt\/microsoft-surface-pro-12-ep2-27221-snapdragon-x-plus-8-core-16gb-1tb-12-wifi-platynowy\/#primaryimage\",\"url\":\"https:\/\/www.polsoft.pl\/microsoft-surface\/wp-content\/uploads\/2025\/07\/Microsoft-Surface-Pro-12-EP2-27221.jpg\",\"contentUrl\":\"https:\/\/www.polsoft.pl\/microsoft-surface\/wp-content\/uploads\/2025\/07\/Microsoft-Surface-Pro-12-EP2-27221.jpg\",\"width\":1798,\"height\":1798},{\"@type\":\"BreadcrumbList\",\"@id\":\"https:\/\/polsoft.pl\/microsoft-surface\/produkt\/microsoft-surface-pro-12-ep2-27221-snapdragon-x-plus-8-core-16gb-1tb-12-wifi-platynowy\/#breadcrumb\",\"itemListElement\":[{\"@type\":\"ListItem\",\"position\":1,\"name\":\"Strona g\u0142\u00f3wna\",\"item\":\"https:\/\/polsoft.pl\/microsoft-surface\/\"},{\"@type\":\"ListItem\",\"position\":2,\"name\":\"Sklep\",\"item\":\"https:\/\/polsoft.pl\/microsoft-surface\/sklep\/\"},{\"@type\":\"ListItem\",\"position\":3,\"name\":\"Microsoft Surface Pro 12 EP2-27221 Snapdragon X Plus (8 core)\/16GB\/1TB\/12&#8221;\/WiFi\/Platynowy\"}]},{\"@type\":\"WebSite\",\"@id\":\"https:\/\/polsoft.pl\/microsoft-surface\/#website\",\"url\":\"https:\/\/polsoft.pl\/microsoft-surface\/\",\"name\":\"Sklep Microsoft Surface\",\"description\":\"Sklep Microsoft Surface\",\"publisher\":{\"@id\":\"https:\/\/polsoft.pl\/microsoft-surface\/#organization\"},\"potentialAction\":[{\"@type\":\"SearchAction\",\"target\":{\"@type\":\"EntryPoint\",\"urlTemplate\":\"https:\/\/polsoft.pl\/microsoft-surface\/?s={search_term_string}\"},\"query-input\":{\"@type\":\"PropertyValueSpecification\",\"valueRequired\":true,\"valueName\":\"search_term_string\"}}],\"inLanguage\":\"pl-PL\"},{\"@type\":\"Organization\",\"@id\":\"https:\/\/polsoft.pl\/microsoft-surface\/#organization\",\"name\":\"Polsoft Engineering Sp. z o.o.\",\"url\":\"https:\/\/polsoft.pl\/microsoft-surface\/\",\"logo\":{\"@type\":\"ImageObject\",\"inLanguage\":\"pl-PL\",\"@id\":\"https:\/\/polsoft.pl\/microsoft-surface\/#\/schema\/logo\/image\/\",\"url\":\"https:\/\/www.polsoft.pl\/microsoft-surface\/wp-content\/uploads\/2020\/10\/microsoft_partner_logo_black_polsoft.png\",\"contentUrl\":\"https:\/\/www.polsoft.pl\/microsoft-surface\/wp-content\/uploads\/2020\/10\/microsoft_partner_logo_black_polsoft.png\",\"width\":613,\"height\":158,\"caption\":\"Polsoft Engineering Sp. z o.o.\"},\"image\":{\"@id\":\"https:\/\/polsoft.pl\/microsoft-surface\/#\/schema\/logo\/image\/\"}}]}<\/script>\n<!-- \/ Yoast SEO plugin. -->","yoast_head_json":{"title":"Microsoft Surface Pro 12 EP2-27221 Snapdragon X Plus (8 core)\/16GB\/1TB\/12''\/WiFi\/Platynowy - Sklep rozwi\u0105za\u0144 Microsoft Surface","description":"Surface Pro 12 \u2013 wydajny laptop 2w1 z ekranem 13\", rysikiem i klawiatur\u0105. Idealny do pracy mobilnej. Kup teraz z gwarancj\u0105 i szybk\u0105 dostaw\u0105!","robots":{"index":"index","follow":"follow","max-snippet":"max-snippet:-1","max-image-preview":"max-image-preview:large","max-video-preview":"max-video-preview:-1"},"canonical":"https:\/\/polsoft.pl\/microsoft-surface\/produkt\/microsoft-surface-pro-12-ep2-27221-snapdragon-x-plus-8-core-16gb-1tb-12-wifi-platynowy\/","og_locale":"pl_PL","og_type":"article","og_title":"Microsoft Surface Pro 12 EP2-27221 Snapdragon X Plus (8 core)\/16GB\/1TB\/12''\/WiFi\/Platynowy - Sklep rozwi\u0105za\u0144 Microsoft Surface","og_description":"Surface Pro 12 \u2013 wydajny laptop 2w1 z ekranem 13\", rysikiem i klawiatur\u0105. Idealny do pracy mobilnej. Kup teraz z gwarancj\u0105 i szybk\u0105 dostaw\u0105!","og_url":"https:\/\/polsoft.pl\/microsoft-surface\/produkt\/microsoft-surface-pro-12-ep2-27221-snapdragon-x-plus-8-core-16gb-1tb-12-wifi-platynowy\/","og_site_name":"Sklep rozwi\u0105za\u0144 Microsoft Surface","article_modified_time":"2026-01-23T11:46:04+00:00","og_image":[{"width":1798,"height":1798,"url":"https:\/\/polsoft.pl\/microsoft-surface\/wp-content\/uploads\/2025\/07\/Microsoft-Surface-Pro-12-EP2-27221.jpg","type":"image\/jpeg"}],"twitter_card":"summary_large_image","twitter_misc":{"Szacowany czas czytania":"2 minuty"},"schema":{"@context":"https:\/\/schema.org","@graph":[{"@type":"WebPage","@id":"https:\/\/polsoft.pl\/microsoft-surface\/produkt\/microsoft-surface-pro-12-ep2-27221-snapdragon-x-plus-8-core-16gb-1tb-12-wifi-platynowy\/","url":"https:\/\/polsoft.pl\/microsoft-surface\/produkt\/microsoft-surface-pro-12-ep2-27221-snapdragon-x-plus-8-core-16gb-1tb-12-wifi-platynowy\/","name":"Microsoft Surface Pro 12 EP2-27221 Snapdragon X Plus (8 core)\/16GB\/1TB\/12''\/WiFi\/Platynowy - Sklep rozwi\u0105za\u0144 Microsoft Surface","isPartOf":{"@id":"https:\/\/polsoft.pl\/microsoft-surface\/#website"},"primaryImageOfPage":{"@id":"https:\/\/polsoft.pl\/microsoft-surface\/produkt\/microsoft-surface-pro-12-ep2-27221-snapdragon-x-plus-8-core-16gb-1tb-12-wifi-platynowy\/#primaryimage"},"image":{"@id":"https:\/\/polsoft.pl\/microsoft-surface\/produkt\/microsoft-surface-pro-12-ep2-27221-snapdragon-x-plus-8-core-16gb-1tb-12-wifi-platynowy\/#primaryimage"},"thumbnailUrl":"https:\/\/www.polsoft.pl\/microsoft-surface\/wp-content\/uploads\/2025\/07\/Microsoft-Surface-Pro-12-EP2-27221.jpg","datePublished":"2025-07-09T09:49:54+00:00","dateModified":"2026-01-23T11:46:04+00:00","description":"Surface Pro 12 \u2013 wydajny laptop 2w1 z ekranem 13\", rysikiem i klawiatur\u0105. Idealny do pracy mobilnej. Kup teraz z gwarancj\u0105 i szybk\u0105 dostaw\u0105!","breadcrumb":{"@id":"https:\/\/polsoft.pl\/microsoft-surface\/produkt\/microsoft-surface-pro-12-ep2-27221-snapdragon-x-plus-8-core-16gb-1tb-12-wifi-platynowy\/#breadcrumb"},"inLanguage":"pl-PL","potentialAction":[{"@type":"ReadAction","target":["https:\/\/polsoft.pl\/microsoft-surface\/produkt\/microsoft-surface-pro-12-ep2-27221-snapdragon-x-plus-8-core-16gb-1tb-12-wifi-platynowy\/"]}]},{"@type":"ImageObject","inLanguage":"pl-PL","@id":"https:\/\/polsoft.pl\/microsoft-surface\/produkt\/microsoft-surface-pro-12-ep2-27221-snapdragon-x-plus-8-core-16gb-1tb-12-wifi-platynowy\/#primaryimage","url":"https:\/\/www.polsoft.pl\/microsoft-surface\/wp-content\/uploads\/2025\/07\/Microsoft-Surface-Pro-12-EP2-27221.jpg","contentUrl":"https:\/\/www.polsoft.pl\/microsoft-surface\/wp-content\/uploads\/2025\/07\/Microsoft-Surface-Pro-12-EP2-27221.jpg","width":1798,"height":1798},{"@type":"BreadcrumbList","@id":"https:\/\/polsoft.pl\/microsoft-surface\/produkt\/microsoft-surface-pro-12-ep2-27221-snapdragon-x-plus-8-core-16gb-1tb-12-wifi-platynowy\/#breadcrumb","itemListElement":[{"@type":"ListItem","position":1,"name":"Strona g\u0142\u00f3wna","item":"https:\/\/polsoft.pl\/microsoft-surface\/"},{"@type":"ListItem","position":2,"name":"Sklep","item":"https:\/\/polsoft.pl\/microsoft-surface\/sklep\/"},{"@type":"ListItem","position":3,"name":"Microsoft Surface Pro 12 EP2-27221 Snapdragon X Plus (8 core)\/16GB\/1TB\/12&#8221;\/WiFi\/Platynowy"}]},{"@type":"WebSite","@id":"https:\/\/polsoft.pl\/microsoft-surface\/#website","url":"https:\/\/polsoft.pl\/microsoft-surface\/","name":"Sklep Microsoft Surface","description":"Sklep Microsoft Surface","publisher":{"@id":"https:\/\/polsoft.pl\/microsoft-surface\/#organization"},"potentialAction":[{"@type":"SearchAction","target":{"@type":"EntryPoint","urlTemplate":"https:\/\/polsoft.pl\/microsoft-surface\/?s={search_term_string}"},"query-input":{"@type":"PropertyValueSpecification","valueRequired":true,"valueName":"search_term_string"}}],"inLanguage":"pl-PL"},{"@type":"Organization","@id":"https:\/\/polsoft.pl\/microsoft-surface\/#organization","name":"Polsoft Engineering Sp. z o.o.","url":"https:\/\/polsoft.pl\/microsoft-surface\/","logo":{"@type":"ImageObject","inLanguage":"pl-PL","@id":"https:\/\/polsoft.pl\/microsoft-surface\/#\/schema\/logo\/image\/","url":"https:\/\/www.polsoft.pl\/microsoft-surface\/wp-content\/uploads\/2020\/10\/microsoft_partner_logo_black_polsoft.png","contentUrl":"https:\/\/www.polsoft.pl\/microsoft-surface\/wp-content\/uploads\/2020\/10\/microsoft_partner_logo_black_polsoft.png","width":613,"height":158,"caption":"Polsoft Engineering Sp. z o.o."},"image":{"@id":"https:\/\/polsoft.pl\/microsoft-surface\/#\/schema\/logo\/image\/"}}]}},"_links":{"self":[{"href":"https:\/\/www.polsoft.pl\/microsoft-surface\/wp-json\/wp\/v2\/product\/19731","targetHints":{"allow":["GET"]}}],"collection":[{"href":"https:\/\/www.polsoft.pl\/microsoft-surface\/wp-json\/wp\/v2\/product"}],"about":[{"href":"https:\/\/www.polsoft.pl\/microsoft-surface\/wp-json\/wp\/v2\/types\/product"}],"version-history":[{"count":4,"href":"https:\/\/www.polsoft.pl\/microsoft-surface\/wp-json\/wp\/v2\/product\/19731\/revisions"}],"predecessor-version":[{"id":19813,"href":"https:\/\/www.polsoft.pl\/microsoft-surface\/wp-json\/wp\/v2\/product\/19731\/revisions\/19813"}],"wp:featuredmedia":[{"embeddable":true,"href":"https:\/\/www.polsoft.pl\/microsoft-surface\/wp-json\/wp\/v2\/media\/19800"}],"wp:attachment":[{"href":"https:\/\/www.polsoft.pl\/microsoft-surface\/wp-json\/wp\/v2\/media?parent=19731"}],"wp:term":[{"taxonomy":"product_brand","embeddable":true,"href":"https:\/\/www.polsoft.pl\/microsoft-surface\/wp-json\/wp\/v2\/product_brand?post=19731"},{"taxonomy":"product_cat","embeddable":true,"href":"https:\/\/www.polsoft.pl\/microsoft-surface\/wp-json\/wp\/v2\/product_cat?post=19731"},{"taxonomy":"product_tag","embeddable":true,"href":"https:\/\/www.polsoft.pl\/microsoft-surface\/wp-json\/wp\/v2\/product_tag?post=19731"}],"curies":[{"name":"wp","href":"https:\/\/api.w.org\/{rel}","templated":true}]}}