{"id":19737,"date":"2025-07-09T11:49:54","date_gmt":"2025-07-09T09:49:54","guid":{"rendered":"https:\/\/polsoft.pl\/microsoft-surface\/produkt\/microsoft-surface-laptop-13-ep2-31223-snapdragon-x-plus-8-core-16-gb-256-gb-13-wifi-platynowy\/"},"modified":"2026-01-23T12:46:47","modified_gmt":"2026-01-23T11:46:47","slug":"microsoft-surface-laptop-13-ep2-31223-snapdragon-x-plus-8-core-16-gb-256-gb-13-wifi-platynowy","status":"publish","type":"product","link":"https:\/\/www.polsoft.pl\/microsoft-surface\/produkt\/microsoft-surface-laptop-13-ep2-31223-snapdragon-x-plus-8-core-16-gb-256-gb-13-wifi-platynowy\/","title":{"rendered":"Microsoft Surface Laptop 13&#8243; EP2-31223 Snapdragon X Plus (8 core)\/16 GB\/256 GB\/13&#8243;\/WiFi\/Platynowy"},"content":{"rendered":"<p>Wejd\u017a do \u015bwiata inteligentnych komputer\u00f3w z Microsoft Surface Laptop 13&#8221; EP2-31223. Ta doskonale zbalansowana konfiguracja w eleganckiej, platynowej obudowie jest idealnym, wszechstronnym narz\u0119dziem dla ambitnych profesjonalist\u00f3w, student\u00f3w i wszystkich u\u017cytkownik\u00f3w biznesowych, kt\u00f3rzy ceni\u0105 sobie szybko\u015b\u0107, niezawodno\u015b\u0107, styl i prze\u0142omowe funkcje AI. To komputer Copilot+, kt\u00f3ry zosta\u0142 zaprojektowany, aby Twoja codzienna praca sta\u0142a si\u0119 prostsza, szybsza i bardziej intuicyjna ni\u017c kiedykolwiek wcze\u015bniej.<\/p>\n<p>Sercem urz\u0105dzenia jest innowacyjny, 10-rdzeniowy procesor Snapdragon\u00ae X Plus. Jego zintegrowany procesor neuronowy (NPU) to silnik nap\u0119dzaj\u0105cy rewolucyjne funkcje AI, takie jak Recall, kt\u00f3ra pozwala Ci odnale\u017a\u0107 wszystko, co widzia\u0142e\u015b na ekranie, za pomoc\u0105 prostych opis\u00f3w, czy ulepszone efekty Windows Studio, kt\u00f3re poprawi\u0105 Tw\u00f3j wizerunek podczas spotka\u0144 online. Konfiguracja z 16 GB szybkiej pami\u0119ci RAM LPDDR5x zapewnia niezwykle p\u0142ynn\u0105 prac\u0119 wielozadaniow\u0105. Mo\u017cesz bezproblemowo prze\u0142\u0105cza\u0107 si\u0119 mi\u0119dzy wieloma aplikacjami biurowymi, programami do analizy i dziesi\u0105tkami kart w przegl\u0105darce. B\u0142yskawiczny dysk SSD PCIe 4.0 o pojemno\u015bci 256 GB gwarantuje ultraszybki start systemu Windows i kluczowych program\u00f3w, zapewniaj\u0105c natychmiastow\u0105 gotowo\u015b\u0107 do dzia\u0142ania w ka\u017cdej sytuacji.<\/p>\n<p>Ciesz si\u0119 niesamowitym, wci\u0105gaj\u0105cym obrazem na 13,8-calowym, dotykowym ekranie PixelSense\u2122 z dynamicznym od\u015bwie\u017caniem 120 Hz i technologi\u0105 Dolby Vision IQ. Pisanie na legendarnej, cichej klawiaturze Surface to czysta przyjemno\u015b\u0107, a nowy, du\u017cy g\u0142adzik haptyczny zapewnia niezr\u00f3wnan\u0105 precyzj\u0119 nawigacji. Mimo smuk\u0142ej i lekkiej konstrukcji z anodyzowanego aluminium, laptop oferuje imponuj\u0105cy, ca\u0142odzienny czas pracy na baterii, uwalniaj\u0105c Ci\u0119 od konieczno\u015bci ci\u0105g\u0142ego noszenia ze sob\u0105 \u0142adowarki. Wszechstronne porty, w tym dwa porty USB-C\u00ae (z USB4\u00ae), port USB-A 3.1 i \u0142\u0105czno\u015b\u0107 nowej generacji Wi-Fi 7 sprawiaj\u0105, \u017ce Surface Laptop 13&#8221; jest gotowy na ka\u017cde wyzwanie wsp\u00f3\u0142czesnego, hybrydowego \u015brodowiska pracy.<\/p>\n","protected":false},"excerpt":{"rendered":"<p>Wejd\u017a do \u015bwiata inteligentnych komputer\u00f3w z Microsoft Surface Laptop 13&#8221; EP2-31223. Ta doskonale zbalansowana konfiguracja w eleganckiej, platynowej obudowie jest idealnym, wszechstronnym narz\u0119dziem dla ambitnych profesjonalist\u00f3w, student\u00f3w i wszystkich u\u017cytkownik\u00f3w biznesowych, kt\u00f3rzy ceni\u0105 sobie szybko\u015b\u0107, niezawodno\u015b\u0107, styl i prze\u0142omowe funkcje AI. To komputer Copilot+, kt\u00f3ry zosta\u0142 zaprojektowany, aby Twoja codzienna praca sta\u0142a si\u0119 prostsza, szybsza [&hellip;]<\/p>\n","protected":false},"featured_media":19784,"template":"","meta":{"site-sidebar-layout":"default","site-content-layout":"","ast-site-content-layout":"default","site-content-style":"default","site-sidebar-style":"default","ast-global-header-display":"","ast-banner-title-visibility":"","ast-main-header-display":"","ast-hfb-above-header-display":"","ast-hfb-below-header-display":"","ast-hfb-mobile-header-display":"","site-post-title":"","ast-breadcrumbs-content":"","ast-featured-img":"","footer-sml-layout":"","ast-disable-related-posts":"","theme-transparent-header-meta":"default","adv-header-id-meta":"","stick-header-meta":"","header-above-stick-meta":"","header-main-stick-meta":"","header-below-stick-meta":"","astra-migrate-meta-layouts":"set","ast-page-background-enabled":"default","ast-page-background-meta":{"desktop":{"background-color":"","background-image":"","background-repeat":"repeat","background-position":"center center","background-size":"auto","background-attachment":"scroll","background-type":"","background-media":"","overlay-type":"","overlay-color":"","overlay-opacity":"","overlay-gradient":""},"tablet":{"background-color":"","background-image":"","background-repeat":"repeat","background-position":"center center","background-size":"auto","background-attachment":"scroll","background-type":"","background-media":"","overlay-type":"","overlay-color":"","overlay-opacity":"","overlay-gradient":""},"mobile":{"background-color":"","background-image":"","background-repeat":"repeat","background-position":"center center","background-size":"auto","background-attachment":"scroll","background-type":"","background-media":"","overlay-type":"","overlay-color":"","overlay-opacity":"","overlay-gradient":""}},"ast-content-background-meta":{"desktop":{"background-color":"var(--ast-global-color-5)","background-image":"","background-repeat":"repeat","background-position":"center center","background-size":"auto","background-attachment":"scroll","background-type":"","background-media":"","overlay-type":"","overlay-color":"","overlay-opacity":"","overlay-gradient":""},"tablet":{"background-color":"var(--ast-global-color-5)","background-image":"","background-repeat":"repeat","background-position":"center center","background-size":"auto","background-attachment":"scroll","background-type":"","background-media":"","overlay-type":"","overlay-color":"","overlay-opacity":"","overlay-gradient":""},"mobile":{"background-color":"var(--ast-global-color-5)","background-image":"","background-repeat":"repeat","background-position":"center center","background-size":"auto","background-attachment":"scroll","background-type":"","background-media":"","overlay-type":"","overlay-color":"","overlay-opacity":"","overlay-gradient":""}},"_links_to":"","_links_to_target":""},"product_brand":[],"product_cat":[330,70],"product_tag":[],"class_list":{"0":"post-19737","1":"product","2":"type-product","3":"status-publish","4":"has-post-thumbnail","6":"product_cat-microsoft-surface-laptop-13","7":"product_cat-laptopy-microsoft-surface","8":"pa_dodatkowe-komponenty-wifi","9":"pa_dysk-ssd-256-gb","10":"pa_matryca-48","11":"pa_model-procesora-snapdragon-x-plus-8-core","12":"pa_pamiec-ram-16-gb","13":"pa_producent-procesora-qualcomm","14":"desktop-align-left","15":"tablet-align-left","16":"mobile-align-left","18":"first","19":"instock","20":"featured","21":"taxable","22":"shipping-taxable","23":"purchasable","24":"product-type-simple"},"yoast_head":"<!-- This site is optimized with the Yoast SEO plugin v26.7 - https:\/\/yoast.com\/wordpress\/plugins\/seo\/ -->\n<title>Microsoft Surface Laptop 13&quot; EP2-31223 Snapdragon X Plus (8 core)\/16 GB\/256 GB\/13&quot;\/WiFi\/Platynowy - Sklep rozwi\u0105za\u0144 Microsoft Surface<\/title>\n<meta name=\"robots\" content=\"index, follow, max-snippet:-1, max-image-preview:large, max-video-preview:-1\" \/>\n<link rel=\"canonical\" href=\"https:\/\/polsoft.pl\/microsoft-surface\/produkt\/microsoft-surface-laptop-13-ep2-31223-snapdragon-x-plus-8-core-16-gb-256-gb-13-wifi-platynowy\/\" \/>\n<meta property=\"og:locale\" content=\"pl_PL\" \/>\n<meta property=\"og:type\" content=\"article\" \/>\n<meta property=\"og:title\" content=\"Microsoft Surface Laptop 13&quot; EP2-31223 Snapdragon X Plus (8 core)\/16 GB\/256 GB\/13&quot;\/WiFi\/Platynowy - Sklep rozwi\u0105za\u0144 Microsoft Surface\" \/>\n<meta property=\"og:description\" content=\"Wejd\u017a do \u015bwiata inteligentnych komputer\u00f3w z Microsoft Surface Laptop 13&#8221; EP2-31223. Ta doskonale zbalansowana konfiguracja w eleganckiej, platynowej obudowie jest idealnym, wszechstronnym narz\u0119dziem dla ambitnych profesjonalist\u00f3w, student\u00f3w i wszystkich u\u017cytkownik\u00f3w biznesowych, kt\u00f3rzy ceni\u0105 sobie szybko\u015b\u0107, niezawodno\u015b\u0107, styl i prze\u0142omowe funkcje AI. To komputer Copilot+, kt\u00f3ry zosta\u0142 zaprojektowany, aby Twoja codzienna praca sta\u0142a si\u0119 prostsza, szybsza [&hellip;]\" \/>\n<meta property=\"og:url\" content=\"https:\/\/polsoft.pl\/microsoft-surface\/produkt\/microsoft-surface-laptop-13-ep2-31223-snapdragon-x-plus-8-core-16-gb-256-gb-13-wifi-platynowy\/\" \/>\n<meta property=\"og:site_name\" content=\"Sklep rozwi\u0105za\u0144 Microsoft Surface\" \/>\n<meta property=\"article:modified_time\" content=\"2026-01-23T11:46:47+00:00\" \/>\n<meta property=\"og:image\" content=\"https:\/\/polsoft.pl\/microsoft-surface\/wp-content\/uploads\/2025\/07\/Microsoft-Surface-Laptop-13-EP2-31223.jpg\" \/>\n\t<meta property=\"og:image:width\" content=\"1051\" \/>\n\t<meta property=\"og:image:height\" content=\"1051\" \/>\n\t<meta property=\"og:image:type\" content=\"image\/jpeg\" \/>\n<meta name=\"twitter:card\" content=\"summary_large_image\" \/>\n<meta name=\"twitter:label1\" content=\"Szacowany czas czytania\" \/>\n\t<meta name=\"twitter:data1\" content=\"2 minuty\" \/>\n<script type=\"application\/ld+json\" class=\"yoast-schema-graph\">{\"@context\":\"https:\/\/schema.org\",\"@graph\":[{\"@type\":\"WebPage\",\"@id\":\"https:\/\/polsoft.pl\/microsoft-surface\/produkt\/microsoft-surface-laptop-13-ep2-31223-snapdragon-x-plus-8-core-16-gb-256-gb-13-wifi-platynowy\/\",\"url\":\"https:\/\/polsoft.pl\/microsoft-surface\/produkt\/microsoft-surface-laptop-13-ep2-31223-snapdragon-x-plus-8-core-16-gb-256-gb-13-wifi-platynowy\/\",\"name\":\"Microsoft Surface Laptop 13\\\" EP2-31223 Snapdragon X Plus (8 core)\/16 GB\/256 GB\/13\\\"\/WiFi\/Platynowy - Sklep rozwi\u0105za\u0144 Microsoft Surface\",\"isPartOf\":{\"@id\":\"https:\/\/polsoft.pl\/microsoft-surface\/#website\"},\"primaryImageOfPage\":{\"@id\":\"https:\/\/polsoft.pl\/microsoft-surface\/produkt\/microsoft-surface-laptop-13-ep2-31223-snapdragon-x-plus-8-core-16-gb-256-gb-13-wifi-platynowy\/#primaryimage\"},\"image\":{\"@id\":\"https:\/\/polsoft.pl\/microsoft-surface\/produkt\/microsoft-surface-laptop-13-ep2-31223-snapdragon-x-plus-8-core-16-gb-256-gb-13-wifi-platynowy\/#primaryimage\"},\"thumbnailUrl\":\"https:\/\/www.polsoft.pl\/microsoft-surface\/wp-content\/uploads\/2025\/07\/Microsoft-Surface-Laptop-13-EP2-31223.jpg\",\"datePublished\":\"2025-07-09T09:49:54+00:00\",\"dateModified\":\"2026-01-23T11:46:47+00:00\",\"breadcrumb\":{\"@id\":\"https:\/\/polsoft.pl\/microsoft-surface\/produkt\/microsoft-surface-laptop-13-ep2-31223-snapdragon-x-plus-8-core-16-gb-256-gb-13-wifi-platynowy\/#breadcrumb\"},\"inLanguage\":\"pl-PL\",\"potentialAction\":[{\"@type\":\"ReadAction\",\"target\":[\"https:\/\/polsoft.pl\/microsoft-surface\/produkt\/microsoft-surface-laptop-13-ep2-31223-snapdragon-x-plus-8-core-16-gb-256-gb-13-wifi-platynowy\/\"]}]},{\"@type\":\"ImageObject\",\"inLanguage\":\"pl-PL\",\"@id\":\"https:\/\/polsoft.pl\/microsoft-surface\/produkt\/microsoft-surface-laptop-13-ep2-31223-snapdragon-x-plus-8-core-16-gb-256-gb-13-wifi-platynowy\/#primaryimage\",\"url\":\"https:\/\/www.polsoft.pl\/microsoft-surface\/wp-content\/uploads\/2025\/07\/Microsoft-Surface-Laptop-13-EP2-31223.jpg\",\"contentUrl\":\"https:\/\/www.polsoft.pl\/microsoft-surface\/wp-content\/uploads\/2025\/07\/Microsoft-Surface-Laptop-13-EP2-31223.jpg\",\"width\":1051,\"height\":1051},{\"@type\":\"BreadcrumbList\",\"@id\":\"https:\/\/polsoft.pl\/microsoft-surface\/produkt\/microsoft-surface-laptop-13-ep2-31223-snapdragon-x-plus-8-core-16-gb-256-gb-13-wifi-platynowy\/#breadcrumb\",\"itemListElement\":[{\"@type\":\"ListItem\",\"position\":1,\"name\":\"Strona g\u0142\u00f3wna\",\"item\":\"https:\/\/polsoft.pl\/microsoft-surface\/\"},{\"@type\":\"ListItem\",\"position\":2,\"name\":\"Sklep\",\"item\":\"https:\/\/polsoft.pl\/microsoft-surface\/sklep\/\"},{\"@type\":\"ListItem\",\"position\":3,\"name\":\"Microsoft Surface Laptop 13&#8243; EP2-31223 Snapdragon X Plus (8 core)\/16 GB\/256 GB\/13&#8243;\/WiFi\/Platynowy\"}]},{\"@type\":\"WebSite\",\"@id\":\"https:\/\/polsoft.pl\/microsoft-surface\/#website\",\"url\":\"https:\/\/polsoft.pl\/microsoft-surface\/\",\"name\":\"Sklep Microsoft Surface\",\"description\":\"Sklep Microsoft Surface\",\"publisher\":{\"@id\":\"https:\/\/polsoft.pl\/microsoft-surface\/#organization\"},\"potentialAction\":[{\"@type\":\"SearchAction\",\"target\":{\"@type\":\"EntryPoint\",\"urlTemplate\":\"https:\/\/polsoft.pl\/microsoft-surface\/?s={search_term_string}\"},\"query-input\":{\"@type\":\"PropertyValueSpecification\",\"valueRequired\":true,\"valueName\":\"search_term_string\"}}],\"inLanguage\":\"pl-PL\"},{\"@type\":\"Organization\",\"@id\":\"https:\/\/polsoft.pl\/microsoft-surface\/#organization\",\"name\":\"Polsoft Engineering Sp. z o.o.\",\"url\":\"https:\/\/polsoft.pl\/microsoft-surface\/\",\"logo\":{\"@type\":\"ImageObject\",\"inLanguage\":\"pl-PL\",\"@id\":\"https:\/\/polsoft.pl\/microsoft-surface\/#\/schema\/logo\/image\/\",\"url\":\"https:\/\/www.polsoft.pl\/microsoft-surface\/wp-content\/uploads\/2020\/10\/microsoft_partner_logo_black_polsoft.png\",\"contentUrl\":\"https:\/\/www.polsoft.pl\/microsoft-surface\/wp-content\/uploads\/2020\/10\/microsoft_partner_logo_black_polsoft.png\",\"width\":613,\"height\":158,\"caption\":\"Polsoft Engineering Sp. z o.o.\"},\"image\":{\"@id\":\"https:\/\/polsoft.pl\/microsoft-surface\/#\/schema\/logo\/image\/\"}}]}<\/script>\n<!-- \/ Yoast SEO plugin. -->","yoast_head_json":{"title":"Microsoft Surface Laptop 13\" EP2-31223 Snapdragon X Plus (8 core)\/16 GB\/256 GB\/13\"\/WiFi\/Platynowy - Sklep rozwi\u0105za\u0144 Microsoft Surface","robots":{"index":"index","follow":"follow","max-snippet":"max-snippet:-1","max-image-preview":"max-image-preview:large","max-video-preview":"max-video-preview:-1"},"canonical":"https:\/\/polsoft.pl\/microsoft-surface\/produkt\/microsoft-surface-laptop-13-ep2-31223-snapdragon-x-plus-8-core-16-gb-256-gb-13-wifi-platynowy\/","og_locale":"pl_PL","og_type":"article","og_title":"Microsoft Surface Laptop 13\" EP2-31223 Snapdragon X Plus (8 core)\/16 GB\/256 GB\/13\"\/WiFi\/Platynowy - Sklep rozwi\u0105za\u0144 Microsoft Surface","og_description":"Wejd\u017a do \u015bwiata inteligentnych komputer\u00f3w z Microsoft Surface Laptop 13&#8221; EP2-31223. Ta doskonale zbalansowana konfiguracja w eleganckiej, platynowej obudowie jest idealnym, wszechstronnym narz\u0119dziem dla ambitnych profesjonalist\u00f3w, student\u00f3w i wszystkich u\u017cytkownik\u00f3w biznesowych, kt\u00f3rzy ceni\u0105 sobie szybko\u015b\u0107, niezawodno\u015b\u0107, styl i prze\u0142omowe funkcje AI. To komputer Copilot+, kt\u00f3ry zosta\u0142 zaprojektowany, aby Twoja codzienna praca sta\u0142a si\u0119 prostsza, szybsza [&hellip;]","og_url":"https:\/\/polsoft.pl\/microsoft-surface\/produkt\/microsoft-surface-laptop-13-ep2-31223-snapdragon-x-plus-8-core-16-gb-256-gb-13-wifi-platynowy\/","og_site_name":"Sklep rozwi\u0105za\u0144 Microsoft Surface","article_modified_time":"2026-01-23T11:46:47+00:00","og_image":[{"width":1051,"height":1051,"url":"https:\/\/polsoft.pl\/microsoft-surface\/wp-content\/uploads\/2025\/07\/Microsoft-Surface-Laptop-13-EP2-31223.jpg","type":"image\/jpeg"}],"twitter_card":"summary_large_image","twitter_misc":{"Szacowany czas czytania":"2 minuty"},"schema":{"@context":"https:\/\/schema.org","@graph":[{"@type":"WebPage","@id":"https:\/\/polsoft.pl\/microsoft-surface\/produkt\/microsoft-surface-laptop-13-ep2-31223-snapdragon-x-plus-8-core-16-gb-256-gb-13-wifi-platynowy\/","url":"https:\/\/polsoft.pl\/microsoft-surface\/produkt\/microsoft-surface-laptop-13-ep2-31223-snapdragon-x-plus-8-core-16-gb-256-gb-13-wifi-platynowy\/","name":"Microsoft Surface Laptop 13\" EP2-31223 Snapdragon X Plus (8 core)\/16 GB\/256 GB\/13\"\/WiFi\/Platynowy - Sklep rozwi\u0105za\u0144 Microsoft Surface","isPartOf":{"@id":"https:\/\/polsoft.pl\/microsoft-surface\/#website"},"primaryImageOfPage":{"@id":"https:\/\/polsoft.pl\/microsoft-surface\/produkt\/microsoft-surface-laptop-13-ep2-31223-snapdragon-x-plus-8-core-16-gb-256-gb-13-wifi-platynowy\/#primaryimage"},"image":{"@id":"https:\/\/polsoft.pl\/microsoft-surface\/produkt\/microsoft-surface-laptop-13-ep2-31223-snapdragon-x-plus-8-core-16-gb-256-gb-13-wifi-platynowy\/#primaryimage"},"thumbnailUrl":"https:\/\/www.polsoft.pl\/microsoft-surface\/wp-content\/uploads\/2025\/07\/Microsoft-Surface-Laptop-13-EP2-31223.jpg","datePublished":"2025-07-09T09:49:54+00:00","dateModified":"2026-01-23T11:46:47+00:00","breadcrumb":{"@id":"https:\/\/polsoft.pl\/microsoft-surface\/produkt\/microsoft-surface-laptop-13-ep2-31223-snapdragon-x-plus-8-core-16-gb-256-gb-13-wifi-platynowy\/#breadcrumb"},"inLanguage":"pl-PL","potentialAction":[{"@type":"ReadAction","target":["https:\/\/polsoft.pl\/microsoft-surface\/produkt\/microsoft-surface-laptop-13-ep2-31223-snapdragon-x-plus-8-core-16-gb-256-gb-13-wifi-platynowy\/"]}]},{"@type":"ImageObject","inLanguage":"pl-PL","@id":"https:\/\/polsoft.pl\/microsoft-surface\/produkt\/microsoft-surface-laptop-13-ep2-31223-snapdragon-x-plus-8-core-16-gb-256-gb-13-wifi-platynowy\/#primaryimage","url":"https:\/\/www.polsoft.pl\/microsoft-surface\/wp-content\/uploads\/2025\/07\/Microsoft-Surface-Laptop-13-EP2-31223.jpg","contentUrl":"https:\/\/www.polsoft.pl\/microsoft-surface\/wp-content\/uploads\/2025\/07\/Microsoft-Surface-Laptop-13-EP2-31223.jpg","width":1051,"height":1051},{"@type":"BreadcrumbList","@id":"https:\/\/polsoft.pl\/microsoft-surface\/produkt\/microsoft-surface-laptop-13-ep2-31223-snapdragon-x-plus-8-core-16-gb-256-gb-13-wifi-platynowy\/#breadcrumb","itemListElement":[{"@type":"ListItem","position":1,"name":"Strona g\u0142\u00f3wna","item":"https:\/\/polsoft.pl\/microsoft-surface\/"},{"@type":"ListItem","position":2,"name":"Sklep","item":"https:\/\/polsoft.pl\/microsoft-surface\/sklep\/"},{"@type":"ListItem","position":3,"name":"Microsoft Surface Laptop 13&#8243; EP2-31223 Snapdragon X Plus (8 core)\/16 GB\/256 GB\/13&#8243;\/WiFi\/Platynowy"}]},{"@type":"WebSite","@id":"https:\/\/polsoft.pl\/microsoft-surface\/#website","url":"https:\/\/polsoft.pl\/microsoft-surface\/","name":"Sklep Microsoft Surface","description":"Sklep Microsoft Surface","publisher":{"@id":"https:\/\/polsoft.pl\/microsoft-surface\/#organization"},"potentialAction":[{"@type":"SearchAction","target":{"@type":"EntryPoint","urlTemplate":"https:\/\/polsoft.pl\/microsoft-surface\/?s={search_term_string}"},"query-input":{"@type":"PropertyValueSpecification","valueRequired":true,"valueName":"search_term_string"}}],"inLanguage":"pl-PL"},{"@type":"Organization","@id":"https:\/\/polsoft.pl\/microsoft-surface\/#organization","name":"Polsoft Engineering Sp. z o.o.","url":"https:\/\/polsoft.pl\/microsoft-surface\/","logo":{"@type":"ImageObject","inLanguage":"pl-PL","@id":"https:\/\/polsoft.pl\/microsoft-surface\/#\/schema\/logo\/image\/","url":"https:\/\/www.polsoft.pl\/microsoft-surface\/wp-content\/uploads\/2020\/10\/microsoft_partner_logo_black_polsoft.png","contentUrl":"https:\/\/www.polsoft.pl\/microsoft-surface\/wp-content\/uploads\/2020\/10\/microsoft_partner_logo_black_polsoft.png","width":613,"height":158,"caption":"Polsoft Engineering Sp. z o.o."},"image":{"@id":"https:\/\/polsoft.pl\/microsoft-surface\/#\/schema\/logo\/image\/"}}]}},"_links":{"self":[{"href":"https:\/\/www.polsoft.pl\/microsoft-surface\/wp-json\/wp\/v2\/product\/19737","targetHints":{"allow":["GET"]}}],"collection":[{"href":"https:\/\/www.polsoft.pl\/microsoft-surface\/wp-json\/wp\/v2\/product"}],"about":[{"href":"https:\/\/www.polsoft.pl\/microsoft-surface\/wp-json\/wp\/v2\/types\/product"}],"version-history":[{"count":4,"href":"https:\/\/www.polsoft.pl\/microsoft-surface\/wp-json\/wp\/v2\/product\/19737\/revisions"}],"predecessor-version":[{"id":19818,"href":"https:\/\/www.polsoft.pl\/microsoft-surface\/wp-json\/wp\/v2\/product\/19737\/revisions\/19818"}],"wp:featuredmedia":[{"embeddable":true,"href":"https:\/\/www.polsoft.pl\/microsoft-surface\/wp-json\/wp\/v2\/media\/19784"}],"wp:attachment":[{"href":"https:\/\/www.polsoft.pl\/microsoft-surface\/wp-json\/wp\/v2\/media?parent=19737"}],"wp:term":[{"taxonomy":"product_brand","embeddable":true,"href":"https:\/\/www.polsoft.pl\/microsoft-surface\/wp-json\/wp\/v2\/product_brand?post=19737"},{"taxonomy":"product_cat","embeddable":true,"href":"https:\/\/www.polsoft.pl\/microsoft-surface\/wp-json\/wp\/v2\/product_cat?post=19737"},{"taxonomy":"product_tag","embeddable":true,"href":"https:\/\/www.polsoft.pl\/microsoft-surface\/wp-json\/wp\/v2\/product_tag?post=19737"}],"curies":[{"name":"wp","href":"https:\/\/api.w.org\/{rel}","templated":true}]}}