{"id":19749,"date":"2025-07-09T11:49:54","date_gmt":"2025-07-09T09:49:54","guid":{"rendered":"https:\/\/polsoft.pl\/microsoft-surface\/produkt\/microsoft-surface-keyboardpen-tylko-dla-surface-pro-12-ep2-33132\/"},"modified":"2026-01-23T12:47:01","modified_gmt":"2026-01-23T11:47:01","slug":"microsoft-surface-keyboardpen-tylko-dla-surface-pro-12-ep2-33132","status":"publish","type":"product","link":"https:\/\/www.polsoft.pl\/microsoft-surface\/produkt\/microsoft-surface-keyboardpen-tylko-dla-surface-pro-12-ep2-33132\/","title":{"rendered":"Microsoft Surface Keyboard+Pen (tylko dla Surface Pro 12&#8221;) EP2-33132"},"content":{"rendered":"<p>Uwolnij pe\u0142en potencja\u0142 kreatywno\u015bci i produktywno\u015bci swojego nowego Surface Pro dzi\u0119ki dedykowanemu zestawowi Microsoft Surface Keyboard and Pen EP2-33132. To nie jest zwyk\u0142y dodatek, ale kompletne, zintegrowane rozwi\u0105zanie, kt\u00f3re transformuje Tw\u00f3j wszechstronny tablet w pot\u0119\u017cne, dwufunkcyjne narz\u0119dzie do pracy i tworzenia. Zestaw ten oferuje najlepsze, najbardziej naturalne wra\u017cenia z pisania na klawiaturze i rysowania pi\u00f3rem, jakie s\u0105 dost\u0119pne w ekosystemie Surface.<\/p>\n<p>Do\u0142\u0105czona do zestawu klawiatura Surface Pro Keyboard to majstersztyk ergonomii. Oferuje pe\u0142ny, mechaniczny uk\u0142ad klawiszy o idealnym skoku, co zapewnia szybko\u015b\u0107, precyzj\u0119 i komfort pisania por\u00f3wnywalny z laptopami klasy premium. Du\u017cy, precyzyjny g\u0142adzik umo\u017cliwia \u0142atw\u0105 nawigacj\u0119 i obs\u0142ug\u0119 zaawansowanych gest\u00f3w, a magnetyczne z\u0142\u0105cze gwarantuje stabilno\u015b\u0107 i \u0142atwo\u015b\u0107 pod\u0142\u0105czania.<\/p>\n<p>Prawdziwa magia tego zestawu zaczyna si\u0119 jednak z pi\u00f3rem Surface Slim Pen 2. To najbardziej zaawansowane pi\u00f3ro cyfrowe w ofercie Microsoft, kt\u00f3re rewolucjonizuje interakcj\u0119 z ekranem. Dzi\u0119ki subtelnym sygna\u0142om dotykowym (haptyce), pi\u00f3ro doskonale symuluje uczucie tarcia o\u0142\u00f3wka czy d\u0142ugopisu o prawdziwy papier, daj\u0105c niespotykany dot\u0105d poziom immersji. Ciesz si\u0119 zerowym op\u00f3\u017anieniem, niesamowit\u0105 precyzj\u0105 dzi\u0119ki przeprojektowanej ko\u0144c\u00f3wce oraz 4096 poziomami czu\u0142o\u015bci na nacisk. To wszystko sprawia, \u017ce robienie odr\u0119cznych notatek, szkicowanie skomplikowanych projekt\u00f3w czy cyfrowe malowanie jest naturalne i intuicyjne jak nigdy dot\u0105d.<\/p>\n<p>Klawiatura posiada genialnie zaprojektowany, wbudowany, magnetyczny schowek, kt\u00f3ry nie tylko bezpiecznie przechowuje pi\u00f3ro Slim Pen, chroni\u0105c je przed zgubieniem, ale r\u00f3wnie\u017c bezprzewodowo je \u0142aduje. Dzi\u0119ki temu Twoje pi\u00f3ro jest zawsze w pe\u0142ni na\u0142adowane i gotowe do dzia\u0142ania, gdy tylko poczujesz natchnienie. Ten kompletny zestaw, to absolutny &#8222;must-have&#8221; dla ka\u017cdego studenta, artysty, architekta i profesjonalisty, kt\u00f3ry chce w pe\u0142ni wykorzysta\u0107 dualizm i wszechstronno\u015b\u0107 swojego pot\u0119\u017cnego Surface Pro.<\/p>\n","protected":false},"excerpt":{"rendered":"<p>Uwolnij pe\u0142en potencja\u0142 kreatywno\u015bci i produktywno\u015bci swojego nowego Surface Pro dzi\u0119ki dedykowanemu zestawowi Microsoft Surface Keyboard and Pen EP2-33132. To nie jest zwyk\u0142y dodatek, ale kompletne, zintegrowane rozwi\u0105zanie, kt\u00f3re transformuje Tw\u00f3j wszechstronny tablet w pot\u0119\u017cne, dwufunkcyjne narz\u0119dzie do pracy i tworzenia. Zestaw ten oferuje najlepsze, najbardziej naturalne wra\u017cenia z pisania na klawiaturze i rysowania pi\u00f3rem, [&hellip;]<\/p>\n","protected":false},"featured_media":19781,"template":"","meta":{"site-sidebar-layout":"default","site-content-layout":"","ast-site-content-layout":"default","site-content-style":"default","site-sidebar-style":"default","ast-global-header-display":"","ast-banner-title-visibility":"","ast-main-header-display":"","ast-hfb-above-header-display":"","ast-hfb-below-header-display":"","ast-hfb-mobile-header-display":"","site-post-title":"","ast-breadcrumbs-content":"","ast-featured-img":"","footer-sml-layout":"","ast-disable-related-posts":"","theme-transparent-header-meta":"default","adv-header-id-meta":"","stick-header-meta":"","header-above-stick-meta":"","header-main-stick-meta":"","header-below-stick-meta":"","astra-migrate-meta-layouts":"set","ast-page-background-enabled":"default","ast-page-background-meta":{"desktop":{"background-color":"","background-image":"","background-repeat":"repeat","background-position":"center center","background-size":"auto","background-attachment":"scroll","background-type":"","background-media":"","overlay-type":"","overlay-color":"","overlay-opacity":"","overlay-gradient":""},"tablet":{"background-color":"","background-image":"","background-repeat":"repeat","background-position":"center center","background-size":"auto","background-attachment":"scroll","background-type":"","background-media":"","overlay-type":"","overlay-color":"","overlay-opacity":"","overlay-gradient":""},"mobile":{"background-color":"","background-image":"","background-repeat":"repeat","background-position":"center center","background-size":"auto","background-attachment":"scroll","background-type":"","background-media":"","overlay-type":"","overlay-color":"","overlay-opacity":"","overlay-gradient":""}},"ast-content-background-meta":{"desktop":{"background-color":"var(--ast-global-color-5)","background-image":"","background-repeat":"repeat","background-position":"center center","background-size":"auto","background-attachment":"scroll","background-type":"","background-media":"","overlay-type":"","overlay-color":"","overlay-opacity":"","overlay-gradient":""},"tablet":{"background-color":"var(--ast-global-color-5)","background-image":"","background-repeat":"repeat","background-position":"center center","background-size":"auto","background-attachment":"scroll","background-type":"","background-media":"","overlay-type":"","overlay-color":"","overlay-opacity":"","overlay-gradient":""},"mobile":{"background-color":"var(--ast-global-color-5)","background-image":"","background-repeat":"repeat","background-position":"center center","background-size":"auto","background-attachment":"scroll","background-type":"","background-media":"","overlay-type":"","overlay-color":"","overlay-opacity":"","overlay-gradient":""}},"_links_to":"","_links_to_target":""},"product_brand":[],"product_cat":[90],"product_tag":[],"class_list":{"0":"post-19749","1":"product","2":"type-product","3":"status-publish","4":"has-post-thumbnail","6":"product_cat-akcesoria-microsoft-surface","7":"desktop-align-left","8":"tablet-align-left","9":"mobile-align-left","11":"first","12":"instock","13":"taxable","14":"shipping-taxable","15":"purchasable","16":"product-type-simple"},"yoast_head":"<!-- This site is optimized with the Yoast SEO plugin v26.7 - https:\/\/yoast.com\/wordpress\/plugins\/seo\/ -->\n<title>Microsoft Surface Keyboard+Pen (tylko dla Surface Pro 12&#039;&#039;) EP2-33132 - Sklep rozwi\u0105za\u0144 Microsoft Surface<\/title>\n<meta name=\"robots\" content=\"index, follow, max-snippet:-1, max-image-preview:large, max-video-preview:-1\" \/>\n<link rel=\"canonical\" href=\"https:\/\/polsoft.pl\/microsoft-surface\/produkt\/microsoft-surface-keyboardpen-tylko-dla-surface-pro-12-ep2-33132\/\" \/>\n<meta property=\"og:locale\" content=\"pl_PL\" \/>\n<meta property=\"og:type\" content=\"article\" \/>\n<meta property=\"og:title\" content=\"Microsoft Surface Keyboard+Pen (tylko dla Surface Pro 12&#039;&#039;) EP2-33132 - Sklep rozwi\u0105za\u0144 Microsoft Surface\" \/>\n<meta property=\"og:description\" content=\"Uwolnij pe\u0142en potencja\u0142 kreatywno\u015bci i produktywno\u015bci swojego nowego Surface Pro dzi\u0119ki dedykowanemu zestawowi Microsoft Surface Keyboard and Pen EP2-33132. To nie jest zwyk\u0142y dodatek, ale kompletne, zintegrowane rozwi\u0105zanie, kt\u00f3re transformuje Tw\u00f3j wszechstronny tablet w pot\u0119\u017cne, dwufunkcyjne narz\u0119dzie do pracy i tworzenia. Zestaw ten oferuje najlepsze, najbardziej naturalne wra\u017cenia z pisania na klawiaturze i rysowania pi\u00f3rem, [&hellip;]\" \/>\n<meta property=\"og:url\" content=\"https:\/\/polsoft.pl\/microsoft-surface\/produkt\/microsoft-surface-keyboardpen-tylko-dla-surface-pro-12-ep2-33132\/\" \/>\n<meta property=\"og:site_name\" content=\"Sklep rozwi\u0105za\u0144 Microsoft Surface\" \/>\n<meta property=\"article:modified_time\" content=\"2026-01-23T11:47:01+00:00\" \/>\n<meta property=\"og:image\" content=\"https:\/\/polsoft.pl\/microsoft-surface\/wp-content\/uploads\/2025\/07\/Microsoft-Surface-Keyboard-Pen-scaled.jpg\" \/>\n\t<meta property=\"og:image:width\" content=\"2560\" \/>\n\t<meta property=\"og:image:height\" content=\"2560\" \/>\n\t<meta property=\"og:image:type\" content=\"image\/jpeg\" \/>\n<meta name=\"twitter:card\" content=\"summary_large_image\" \/>\n<meta name=\"twitter:label1\" content=\"Szacowany czas czytania\" \/>\n\t<meta name=\"twitter:data1\" content=\"2 minuty\" \/>\n<script type=\"application\/ld+json\" class=\"yoast-schema-graph\">{\"@context\":\"https:\/\/schema.org\",\"@graph\":[{\"@type\":\"WebPage\",\"@id\":\"https:\/\/polsoft.pl\/microsoft-surface\/produkt\/microsoft-surface-keyboardpen-tylko-dla-surface-pro-12-ep2-33132\/\",\"url\":\"https:\/\/polsoft.pl\/microsoft-surface\/produkt\/microsoft-surface-keyboardpen-tylko-dla-surface-pro-12-ep2-33132\/\",\"name\":\"Microsoft Surface Keyboard+Pen (tylko dla Surface Pro 12'') EP2-33132 - Sklep rozwi\u0105za\u0144 Microsoft Surface\",\"isPartOf\":{\"@id\":\"https:\/\/polsoft.pl\/microsoft-surface\/#website\"},\"primaryImageOfPage\":{\"@id\":\"https:\/\/polsoft.pl\/microsoft-surface\/produkt\/microsoft-surface-keyboardpen-tylko-dla-surface-pro-12-ep2-33132\/#primaryimage\"},\"image\":{\"@id\":\"https:\/\/polsoft.pl\/microsoft-surface\/produkt\/microsoft-surface-keyboardpen-tylko-dla-surface-pro-12-ep2-33132\/#primaryimage\"},\"thumbnailUrl\":\"https:\/\/www.polsoft.pl\/microsoft-surface\/wp-content\/uploads\/2025\/07\/Microsoft-Surface-Keyboard-Pen-scaled.jpg\",\"datePublished\":\"2025-07-09T09:49:54+00:00\",\"dateModified\":\"2026-01-23T11:47:01+00:00\",\"breadcrumb\":{\"@id\":\"https:\/\/polsoft.pl\/microsoft-surface\/produkt\/microsoft-surface-keyboardpen-tylko-dla-surface-pro-12-ep2-33132\/#breadcrumb\"},\"inLanguage\":\"pl-PL\",\"potentialAction\":[{\"@type\":\"ReadAction\",\"target\":[\"https:\/\/polsoft.pl\/microsoft-surface\/produkt\/microsoft-surface-keyboardpen-tylko-dla-surface-pro-12-ep2-33132\/\"]}]},{\"@type\":\"ImageObject\",\"inLanguage\":\"pl-PL\",\"@id\":\"https:\/\/polsoft.pl\/microsoft-surface\/produkt\/microsoft-surface-keyboardpen-tylko-dla-surface-pro-12-ep2-33132\/#primaryimage\",\"url\":\"https:\/\/www.polsoft.pl\/microsoft-surface\/wp-content\/uploads\/2025\/07\/Microsoft-Surface-Keyboard-Pen-scaled.jpg\",\"contentUrl\":\"https:\/\/www.polsoft.pl\/microsoft-surface\/wp-content\/uploads\/2025\/07\/Microsoft-Surface-Keyboard-Pen-scaled.jpg\",\"width\":2560,\"height\":2560},{\"@type\":\"BreadcrumbList\",\"@id\":\"https:\/\/polsoft.pl\/microsoft-surface\/produkt\/microsoft-surface-keyboardpen-tylko-dla-surface-pro-12-ep2-33132\/#breadcrumb\",\"itemListElement\":[{\"@type\":\"ListItem\",\"position\":1,\"name\":\"Strona g\u0142\u00f3wna\",\"item\":\"https:\/\/polsoft.pl\/microsoft-surface\/\"},{\"@type\":\"ListItem\",\"position\":2,\"name\":\"Sklep\",\"item\":\"https:\/\/polsoft.pl\/microsoft-surface\/sklep\/\"},{\"@type\":\"ListItem\",\"position\":3,\"name\":\"Microsoft Surface Keyboard+Pen (tylko dla Surface Pro 12&#8221;) EP2-33132\"}]},{\"@type\":\"WebSite\",\"@id\":\"https:\/\/polsoft.pl\/microsoft-surface\/#website\",\"url\":\"https:\/\/polsoft.pl\/microsoft-surface\/\",\"name\":\"Sklep Microsoft Surface\",\"description\":\"Sklep Microsoft Surface\",\"publisher\":{\"@id\":\"https:\/\/polsoft.pl\/microsoft-surface\/#organization\"},\"potentialAction\":[{\"@type\":\"SearchAction\",\"target\":{\"@type\":\"EntryPoint\",\"urlTemplate\":\"https:\/\/polsoft.pl\/microsoft-surface\/?s={search_term_string}\"},\"query-input\":{\"@type\":\"PropertyValueSpecification\",\"valueRequired\":true,\"valueName\":\"search_term_string\"}}],\"inLanguage\":\"pl-PL\"},{\"@type\":\"Organization\",\"@id\":\"https:\/\/polsoft.pl\/microsoft-surface\/#organization\",\"name\":\"Polsoft Engineering Sp. z o.o.\",\"url\":\"https:\/\/polsoft.pl\/microsoft-surface\/\",\"logo\":{\"@type\":\"ImageObject\",\"inLanguage\":\"pl-PL\",\"@id\":\"https:\/\/polsoft.pl\/microsoft-surface\/#\/schema\/logo\/image\/\",\"url\":\"https:\/\/www.polsoft.pl\/microsoft-surface\/wp-content\/uploads\/2020\/10\/microsoft_partner_logo_black_polsoft.png\",\"contentUrl\":\"https:\/\/www.polsoft.pl\/microsoft-surface\/wp-content\/uploads\/2020\/10\/microsoft_partner_logo_black_polsoft.png\",\"width\":613,\"height\":158,\"caption\":\"Polsoft Engineering Sp. z o.o.\"},\"image\":{\"@id\":\"https:\/\/polsoft.pl\/microsoft-surface\/#\/schema\/logo\/image\/\"}}]}<\/script>\n<!-- \/ Yoast SEO plugin. -->","yoast_head_json":{"title":"Microsoft Surface Keyboard+Pen (tylko dla Surface Pro 12'') EP2-33132 - Sklep rozwi\u0105za\u0144 Microsoft Surface","robots":{"index":"index","follow":"follow","max-snippet":"max-snippet:-1","max-image-preview":"max-image-preview:large","max-video-preview":"max-video-preview:-1"},"canonical":"https:\/\/polsoft.pl\/microsoft-surface\/produkt\/microsoft-surface-keyboardpen-tylko-dla-surface-pro-12-ep2-33132\/","og_locale":"pl_PL","og_type":"article","og_title":"Microsoft Surface Keyboard+Pen (tylko dla Surface Pro 12'') EP2-33132 - Sklep rozwi\u0105za\u0144 Microsoft Surface","og_description":"Uwolnij pe\u0142en potencja\u0142 kreatywno\u015bci i produktywno\u015bci swojego nowego Surface Pro dzi\u0119ki dedykowanemu zestawowi Microsoft Surface Keyboard and Pen EP2-33132. To nie jest zwyk\u0142y dodatek, ale kompletne, zintegrowane rozwi\u0105zanie, kt\u00f3re transformuje Tw\u00f3j wszechstronny tablet w pot\u0119\u017cne, dwufunkcyjne narz\u0119dzie do pracy i tworzenia. Zestaw ten oferuje najlepsze, najbardziej naturalne wra\u017cenia z pisania na klawiaturze i rysowania pi\u00f3rem, [&hellip;]","og_url":"https:\/\/polsoft.pl\/microsoft-surface\/produkt\/microsoft-surface-keyboardpen-tylko-dla-surface-pro-12-ep2-33132\/","og_site_name":"Sklep rozwi\u0105za\u0144 Microsoft Surface","article_modified_time":"2026-01-23T11:47:01+00:00","og_image":[{"width":2560,"height":2560,"url":"https:\/\/polsoft.pl\/microsoft-surface\/wp-content\/uploads\/2025\/07\/Microsoft-Surface-Keyboard-Pen-scaled.jpg","type":"image\/jpeg"}],"twitter_card":"summary_large_image","twitter_misc":{"Szacowany czas czytania":"2 minuty"},"schema":{"@context":"https:\/\/schema.org","@graph":[{"@type":"WebPage","@id":"https:\/\/polsoft.pl\/microsoft-surface\/produkt\/microsoft-surface-keyboardpen-tylko-dla-surface-pro-12-ep2-33132\/","url":"https:\/\/polsoft.pl\/microsoft-surface\/produkt\/microsoft-surface-keyboardpen-tylko-dla-surface-pro-12-ep2-33132\/","name":"Microsoft Surface Keyboard+Pen (tylko dla Surface Pro 12'') EP2-33132 - Sklep rozwi\u0105za\u0144 Microsoft Surface","isPartOf":{"@id":"https:\/\/polsoft.pl\/microsoft-surface\/#website"},"primaryImageOfPage":{"@id":"https:\/\/polsoft.pl\/microsoft-surface\/produkt\/microsoft-surface-keyboardpen-tylko-dla-surface-pro-12-ep2-33132\/#primaryimage"},"image":{"@id":"https:\/\/polsoft.pl\/microsoft-surface\/produkt\/microsoft-surface-keyboardpen-tylko-dla-surface-pro-12-ep2-33132\/#primaryimage"},"thumbnailUrl":"https:\/\/www.polsoft.pl\/microsoft-surface\/wp-content\/uploads\/2025\/07\/Microsoft-Surface-Keyboard-Pen-scaled.jpg","datePublished":"2025-07-09T09:49:54+00:00","dateModified":"2026-01-23T11:47:01+00:00","breadcrumb":{"@id":"https:\/\/polsoft.pl\/microsoft-surface\/produkt\/microsoft-surface-keyboardpen-tylko-dla-surface-pro-12-ep2-33132\/#breadcrumb"},"inLanguage":"pl-PL","potentialAction":[{"@type":"ReadAction","target":["https:\/\/polsoft.pl\/microsoft-surface\/produkt\/microsoft-surface-keyboardpen-tylko-dla-surface-pro-12-ep2-33132\/"]}]},{"@type":"ImageObject","inLanguage":"pl-PL","@id":"https:\/\/polsoft.pl\/microsoft-surface\/produkt\/microsoft-surface-keyboardpen-tylko-dla-surface-pro-12-ep2-33132\/#primaryimage","url":"https:\/\/www.polsoft.pl\/microsoft-surface\/wp-content\/uploads\/2025\/07\/Microsoft-Surface-Keyboard-Pen-scaled.jpg","contentUrl":"https:\/\/www.polsoft.pl\/microsoft-surface\/wp-content\/uploads\/2025\/07\/Microsoft-Surface-Keyboard-Pen-scaled.jpg","width":2560,"height":2560},{"@type":"BreadcrumbList","@id":"https:\/\/polsoft.pl\/microsoft-surface\/produkt\/microsoft-surface-keyboardpen-tylko-dla-surface-pro-12-ep2-33132\/#breadcrumb","itemListElement":[{"@type":"ListItem","position":1,"name":"Strona g\u0142\u00f3wna","item":"https:\/\/polsoft.pl\/microsoft-surface\/"},{"@type":"ListItem","position":2,"name":"Sklep","item":"https:\/\/polsoft.pl\/microsoft-surface\/sklep\/"},{"@type":"ListItem","position":3,"name":"Microsoft Surface Keyboard+Pen (tylko dla Surface Pro 12&#8221;) EP2-33132"}]},{"@type":"WebSite","@id":"https:\/\/polsoft.pl\/microsoft-surface\/#website","url":"https:\/\/polsoft.pl\/microsoft-surface\/","name":"Sklep Microsoft Surface","description":"Sklep Microsoft Surface","publisher":{"@id":"https:\/\/polsoft.pl\/microsoft-surface\/#organization"},"potentialAction":[{"@type":"SearchAction","target":{"@type":"EntryPoint","urlTemplate":"https:\/\/polsoft.pl\/microsoft-surface\/?s={search_term_string}"},"query-input":{"@type":"PropertyValueSpecification","valueRequired":true,"valueName":"search_term_string"}}],"inLanguage":"pl-PL"},{"@type":"Organization","@id":"https:\/\/polsoft.pl\/microsoft-surface\/#organization","name":"Polsoft Engineering Sp. z o.o.","url":"https:\/\/polsoft.pl\/microsoft-surface\/","logo":{"@type":"ImageObject","inLanguage":"pl-PL","@id":"https:\/\/polsoft.pl\/microsoft-surface\/#\/schema\/logo\/image\/","url":"https:\/\/www.polsoft.pl\/microsoft-surface\/wp-content\/uploads\/2020\/10\/microsoft_partner_logo_black_polsoft.png","contentUrl":"https:\/\/www.polsoft.pl\/microsoft-surface\/wp-content\/uploads\/2020\/10\/microsoft_partner_logo_black_polsoft.png","width":613,"height":158,"caption":"Polsoft Engineering Sp. z o.o."},"image":{"@id":"https:\/\/polsoft.pl\/microsoft-surface\/#\/schema\/logo\/image\/"}}]}},"_links":{"self":[{"href":"https:\/\/www.polsoft.pl\/microsoft-surface\/wp-json\/wp\/v2\/product\/19749","targetHints":{"allow":["GET"]}}],"collection":[{"href":"https:\/\/www.polsoft.pl\/microsoft-surface\/wp-json\/wp\/v2\/product"}],"about":[{"href":"https:\/\/www.polsoft.pl\/microsoft-surface\/wp-json\/wp\/v2\/types\/product"}],"version-history":[{"count":4,"href":"https:\/\/www.polsoft.pl\/microsoft-surface\/wp-json\/wp\/v2\/product\/19749\/revisions"}],"predecessor-version":[{"id":19844,"href":"https:\/\/www.polsoft.pl\/microsoft-surface\/wp-json\/wp\/v2\/product\/19749\/revisions\/19844"}],"wp:featuredmedia":[{"embeddable":true,"href":"https:\/\/www.polsoft.pl\/microsoft-surface\/wp-json\/wp\/v2\/media\/19781"}],"wp:attachment":[{"href":"https:\/\/www.polsoft.pl\/microsoft-surface\/wp-json\/wp\/v2\/media?parent=19749"}],"wp:term":[{"taxonomy":"product_brand","embeddable":true,"href":"https:\/\/www.polsoft.pl\/microsoft-surface\/wp-json\/wp\/v2\/product_brand?post=19749"},{"taxonomy":"product_cat","embeddable":true,"href":"https:\/\/www.polsoft.pl\/microsoft-surface\/wp-json\/wp\/v2\/product_cat?post=19749"},{"taxonomy":"product_tag","embeddable":true,"href":"https:\/\/www.polsoft.pl\/microsoft-surface\/wp-json\/wp\/v2\/product_tag?post=19749"}],"curies":[{"name":"wp","href":"https:\/\/api.w.org\/{rel}","templated":true}]}}