{"id":213,"date":"2020-08-11T12:49:05","date_gmt":"2020-08-11T12:49:05","guid":{"rendered":"http:\/\/polsoft.pl\/microsoft-surface\/produkt\/tablet-microsoft-surface-go-2-105-suf-00003-m3-8100y-8gb-128gb-10-5-lte-w10pro\/"},"modified":"2025-07-15T14:01:40","modified_gmt":"2025-07-15T12:01:40","slug":"tablet-microsoft-surface-go-2-105-suf-00003-m3-8100y-8gb-128gb-10-5-lte-w10pro","status":"publish","type":"product","link":"https:\/\/www.polsoft.pl\/microsoft-surface\/produkt\/tablet-microsoft-surface-go-2-105-suf-00003-m3-8100y-8gb-128gb-10-5-lte-w10pro\/","title":{"rendered":"Tablet Microsoft Surface Go 2 10,5&#8243;  SUF-00003\/m3 8100Y\/8GB\/128GB\/10.5&#8221;\/LTE\/W10Pro"},"content":{"rendered":"<p><a href=\"https:\/\/polsoft.pl\/microsoft-surface\/kategoria\/tablety-microsoft-surface\/microsoft-surface-go-2\/\">Microsoft Surface Go 2<\/a> SUF-00003 jest najmniejszym i najl\u017cejszym urz\u0105dzeniem 2w1 w portfolio firmy Microsoft. Jego nieograniczona mobilno\u015b\u0107 idealnie sprawdzi si\u0119 w typowych zastosowaniach jak i w wymaganiach dynamicznego biznesu. Pomimo swoich niewielkich gabaryt\u00f3w wewn\u0105trz skrywa du\u017cy zapas mocy, kt\u00f3rej z pewno\u015bci\u0105 nie zabraknie w rozrywce jak i pracy.<\/p>\n<p>Wysokiej jako\u015bci 10.5 calowy, dotykowy wy\u015bwietlacz o rozdzielczo\u015bci 1920&#215;1280 zapewnia niezwyk\u0142e odwzorowanie barw oraz ostry obraz dzi\u0119ki technologii PixelSense\u2122. Wysokie zag\u0119szczenie pikseli na poziomie 220 PPI oraz szerokie k\u0105ty widzenia pozwalaj\u0105 na wygodn\u0105 mobiln\u0105 prac\u0119 w ka\u017cdych warunkach o\u015bwietleniowych. Ponadto ekran zabezpieczony jest ochronnym szk\u0142em Corning\u00ae Gorilla\u00ae Glass 3. Za wysok\u0105 wydajno\u015b\u0107 odpowiadaj\u0105 energooszcz\u0119dne procesory Intel\u00ae Core\u2122 oraz Intel\u00ae Pentium\u00ae\u00a0Gold, pozwalaj\u0105ce nawet na 10 godzin pracy na baterii.<\/p>\n<p>Poznaj niesko\u0144czone mo\u017cliwo\u015bci tabletu Microsoft Surface Go 2 z dedykowanymi akcesoriami Microsoft Surface. Z lekk\u0105 klawiatur\u0105 Surface Go Type Cover mo\u017cesz wygodnie pisa\u0107 gdzie tylko zechcesz ale r\u00f3wnie\u017c zadbasz o bezpiecze\u0144stwo ekranu. Zwi\u0119ksz precyzj\u0119 pracy z szerok\u0105 gam\u0105 mobilnych myszek Microsoft Surface Mobile, Modern Mobile lub Arc Mouse. Ponadto z rysikami Surface Pen b\u0119dziesz tworzy\u0107 absolutnie bez \u017cadnych ogranicze\u0144.<\/p>\n<p>B\u0105d\u017a zawsze w kontakcie dzi\u0119ki szerokim mo\u017cliwo\u015bciom \u0142\u0105czno\u015bci bezprzewodowej jak szybkie Wi-Fi, Bluetooth czy LTE. W dodatku na pok\u0142adzie nie zabraknie sensor\u00f3w po\u0142o\u017cenia jak i bezpiecze\u0144stwa. Loguj si\u0119 szybko i bezpiecznie dzi\u0119ki wbudowanej funkcji rozpoznawania twarzy Windows Hello w przedniej kamerze.<\/p>\n<p><a href=\"https:\/\/polsoft.pl\/microsoft-surface\/kategoria\/tablety-microsoft-surface\/microsoft-surface-go-2\/\">Microsoft Surface Go 2<\/a> SUF-00003 to niezwykle dobrze wykonane, ultralekkie i przede wszystkim ultramobilne urz\u0105dzenie dla tych potrzebuj\u0105cych sprz\u0119tu, kt\u00f3ry nad\u0105\u017cy za ich dynamicznym trybem pracy i \u017cycia.<\/p>\n<table width=\"785\">\n<tbody>\n<tr>\n<td width=\"201\">Procesor<\/td>\n<td width=\"584\"><a href=\"https:\/\/www.intel.pl\/content\/www\/pl\/pl\/products\/processors\/core\/m3-processors\/m3-8100y.html\">Intel\u00ae Core\u2122 m3 8100Y<\/a><\/td>\n<\/tr>\n<tr>\n<td>Wy\u015bwietlacz<\/td>\n<td width=\"584\">ekran:<br \/>\n10.5&#8243; PixelSense\u2122<br \/>\nrozdzielczo\u015b\u0107:<br \/>\n1920 x 1280 (220 PPI)<br \/>\nwsp\u00f3\u0142czynnik proporcji:<br \/>\n3:2<br \/>\ndotyk:<br \/>\nmulti-touch z obs\u0142ug\u0105 10 punkt\u00f3w dotykowych<br \/>\nszk\u0142o ochronne Corning\u00ae Gorilla\u00ae Glass 3<\/td>\n<\/tr>\n<tr>\n<td>Karta graficzna<\/td>\n<td width=\"584\">Intel\u00ae HD Graphics 615<\/td>\n<\/tr>\n<tr>\n<td>Pami\u0119\u0107<\/td>\n<td>8GB RAM LPDDR4x<\/td>\n<\/tr>\n<tr>\n<td>Przestrze\u0144 dyskowa<\/td>\n<td>SSD 128GB<\/td>\n<\/tr>\n<tr>\n<td>\u0141\u0105czno\u015b\u0107 bezprzewodowa<\/td>\n<td width=\"584\">Wi-Fi: zgodne ze standardem IEEE 802.11a\/b\/g\/n\/ac<br \/>\nmodem Qualcom\u00ae Snapdragon\u2122 X16 LTE<br \/>\n600Mbps LTE Advanced (dost\u0119pne pasma: 1, 2, 3, 4, 5, 7, 8, 12, 13, 17, 19, 20, 25, 26, 28, 29, 30, 38, 39, 40, 41, 66)<br \/>\nmodu\u0142 Bluetooth\u00ae Wireless 5.0<br \/>\nmodu\u0142 GPS i GLONASS<br \/>\nwbudowana karta eSIM<\/td>\n<\/tr>\n<tr>\n<td>Z\u0142\u0105cza<\/td>\n<td width=\"584\">1 x USB-C<br \/>\n1 x z\u0142\u0105cze s\u0142uchawkowe Jack 3.5 mm<br \/>\n1 x Surface Connect port<br \/>\n1 x Surface Type Cover Port<br \/>\n1 x czytnik kart microSDXC<br \/>\n1 x NanoSIM<\/td>\n<\/tr>\n<tr>\n<td>Sensory<\/td>\n<td width=\"584\">akcelenometr<br \/>\n\u017cyroskop<br \/>\nczujnik pola magnetycznego<br \/>\nczujnik nat\u0119\u017cenia \u015bwiat\u0142a<br \/>\nmodu\u0142 NFC<\/td>\n<\/tr>\n<tr>\n<td>Zabezpieczenia<\/td>\n<td width=\"584\">Firmware TPM<br \/>\nWindows Hello &#8211; rozpoznawanie twarzy do odblokowania urz\u0105dzenia<\/td>\n<\/tr>\n<tr>\n<td>Czas pracy na baterii<\/td>\n<td>10 godzin przy pracy biurowej<\/td>\n<\/tr>\n<tr>\n<td>Multimedia<\/td>\n<td width=\"584\">przednia kamera do uwierzytelnienia twarzy &#8211; Windows Hello<br \/>\n5.0MP przednia kamera &#8211; nagrywanie film\u00f3w w Full HD 1080p<br \/>\n8.0MP tylnia kamera z autofokusem &#8211; nagrywanie film\u00f3w w Full HD 1080p<br \/>\n2 x mikrofon dalekiego zasi\u0119gu<br \/>\ng\u0142o\u015bniki stereo 2W Dolby\u00ae Audio\u2122 Premium,<\/td>\n<\/tr>\n<tr>\n<td>Oprogramowanie<\/td>\n<td width=\"584\">Windows 10 Pro<br \/>\nmiesi\u0119czna wersja pr\u00f3bna Microsoft Offcie 365<\/td>\n<\/tr>\n<tr>\n<td>Obudowa<\/td>\n<td width=\"584\">magnezowa obudowa<br \/>\nkolor Platinum(platynowy)<br \/>\nprzyciski regulacji g\u0142o\u015bno\u015bci oraz zasilania<\/td>\n<\/tr>\n<tr>\n<td>Wymiary (mm)<\/td>\n<td>245 x 175 x 8.3 (sz. x g\u0142. x wys.)<\/td>\n<\/tr>\n<tr>\n<td width=\"201\">Waga<br \/>\n(bez klawiatury)<\/td>\n<td width=\"584\">553g<\/td>\n<\/tr>\n<tr>\n<td>Zawarto\u015b\u0107 zestawu<\/td>\n<td width=\"584\">Surface Go 2<br \/>\nzasilacz<br \/>\nskr\u00f3cona instrukcja obs\u0142ugi<br \/>\ndokumenty dotycz\u0105ce gwarancji i bezpiecze\u0144stwa<\/td>\n<\/tr>\n<tr>\n<td>Gwarancja<\/td>\n<td width=\"584\">roczny okres gwarancji<\/td>\n<\/tr>\n<\/tbody>\n<\/table>\n","protected":false},"excerpt":{"rendered":"<p>Microsoft Surface Go 2 SUF-00003 jest najmniejszym i najl\u017cejszym urz\u0105dzeniem 2w1 w portfolio firmy Microsoft. Jego nieograniczona mobilno\u015b\u0107 idealnie sprawdzi si\u0119 w typowych zastosowaniach jak i w wymaganiach dynamicznego biznesu. Pomimo swoich niewielkich gabaryt\u00f3w wewn\u0105trz skrywa du\u017cy zapas mocy, kt\u00f3rej z pewno\u015bci\u0105 nie zabraknie w rozrywce jak i pracy. Wysokiej jako\u015bci 10.5 calowy, dotykowy wy\u015bwietlacz [&hellip;]<\/p>\n","protected":false},"featured_media":1782,"template":"","meta":{"site-sidebar-layout":"default","site-content-layout":"default","ast-site-content-layout":"default","site-content-style":"default","site-sidebar-style":"default","ast-global-header-display":"","ast-banner-title-visibility":"","ast-main-header-display":"","ast-hfb-above-header-display":"","ast-hfb-below-header-display":"","ast-hfb-mobile-header-display":"","site-post-title":"","ast-breadcrumbs-content":"","ast-featured-img":"","footer-sml-layout":"","ast-disable-related-posts":"","theme-transparent-header-meta":"default","adv-header-id-meta":"","stick-header-meta":"","header-above-stick-meta":"","header-main-stick-meta":"","header-below-stick-meta":"","astra-migrate-meta-layouts":"default","ast-page-background-enabled":"default","ast-page-background-meta":{"desktop":{"background-color":"","background-image":"","background-repeat":"repeat","background-position":"center center","background-size":"auto","background-attachment":"scroll","background-type":"","background-media":"","overlay-type":"","overlay-color":"","overlay-opacity":"","overlay-gradient":""},"tablet":{"background-color":"","background-image":"","background-repeat":"repeat","background-position":"center center","background-size":"auto","background-attachment":"scroll","background-type":"","background-media":"","overlay-type":"","overlay-color":"","overlay-opacity":"","overlay-gradient":""},"mobile":{"background-color":"","background-image":"","background-repeat":"repeat","background-position":"center center","background-size":"auto","background-attachment":"scroll","background-type":"","background-media":"","overlay-type":"","overlay-color":"","overlay-opacity":"","overlay-gradient":""}},"ast-content-background-meta":{"desktop":{"background-color":"var(--ast-global-color-5)","background-image":"","background-repeat":"repeat","background-position":"center center","background-size":"auto","background-attachment":"scroll","background-type":"","background-media":"","overlay-type":"","overlay-color":"","overlay-opacity":"","overlay-gradient":""},"tablet":{"background-color":"var(--ast-global-color-5)","background-image":"","background-repeat":"repeat","background-position":"center center","background-size":"auto","background-attachment":"scroll","background-type":"","background-media":"","overlay-type":"","overlay-color":"","overlay-opacity":"","overlay-gradient":""},"mobile":{"background-color":"var(--ast-global-color-5)","background-image":"","background-repeat":"repeat","background-position":"center center","background-size":"auto","background-attachment":"scroll","background-type":"","background-media":"","overlay-type":"","overlay-color":"","overlay-opacity":"","overlay-gradient":""}},"_links_to":"","_links_to_target":""},"product_brand":[],"product_cat":[],"product_tag":[],"class_list":{"0":"post-213","1":"product","2":"type-product","3":"status-publish","4":"has-post-thumbnail","6":"pa_dodatkowe-komponenty-lte","7":"pa_matryca-10-5","8":"pa_model-procesora-m3-8100y","9":"pa_pamiec-ram-8gb","10":"pa_pojemnosc-dysku-128gb","11":"pa_producent-procesora-intel","12":"pa_w-zestawie-urzadzenie-zasilacz","13":"desktop-align-left","14":"tablet-align-left","15":"mobile-align-left","17":"first","18":"outofstock","19":"taxable","20":"shipping-taxable","21":"purchasable","22":"product-type-simple"},"yoast_head":"<!-- This site is optimized with the Yoast SEO plugin v26.7 - https:\/\/yoast.com\/wordpress\/plugins\/seo\/ -->\n<title>Microsoft Surface Go 2 SUF-00003 - Sklep Microsoft Surface<\/title>\n<meta name=\"description\" content=\"Microsoft Surface Go 2 SUF-00003 - m3 8100Y\/8GB\/128GB\/10.5&#039;&#039;\/LTE\/W10Pro Sklep rozwi\u0105za\u0144 Microsoft Surface firmy Polsoft Engineering.\" \/>\n<meta name=\"robots\" content=\"index, follow, max-snippet:-1, max-image-preview:large, max-video-preview:-1\" \/>\n<link rel=\"canonical\" href=\"https:\/\/polsoft.pl\/microsoft-surface\/produkt\/tablet-microsoft-surface-go-2-105-suf-00003-m3-8100y-8gb-128gb-10-5-lte-w10pro\/\" \/>\n<meta property=\"og:locale\" content=\"pl_PL\" \/>\n<meta property=\"og:type\" content=\"article\" \/>\n<meta property=\"og:title\" content=\"Microsoft Surface Go 2 SUF-00003 - Sklep Microsoft Surface\" \/>\n<meta property=\"og:description\" content=\"Microsoft Surface Go 2 SUF-00003 - m3 8100Y\/8GB\/128GB\/10.5&#039;&#039;\/LTE\/W10Pro Sklep rozwi\u0105za\u0144 Microsoft Surface firmy Polsoft Engineering.\" \/>\n<meta property=\"og:url\" content=\"https:\/\/polsoft.pl\/microsoft-surface\/produkt\/tablet-microsoft-surface-go-2-105-suf-00003-m3-8100y-8gb-128gb-10-5-lte-w10pro\/\" \/>\n<meta property=\"og:site_name\" content=\"Sklep rozwi\u0105za\u0144 Microsoft Surface\" \/>\n<meta property=\"article:modified_time\" content=\"2025-07-15T12:01:40+00:00\" \/>\n<meta property=\"og:image\" content=\"https:\/\/polsoft.pl\/microsoft-surface\/wp-content\/uploads\/2020\/09\/Tablet_Microsoft_Surface_Go_2_SUF-00003.jpg\" \/>\n\t<meta property=\"og:image:width\" content=\"1200\" \/>\n\t<meta property=\"og:image:height\" content=\"1200\" \/>\n\t<meta property=\"og:image:type\" content=\"image\/jpeg\" \/>\n<meta name=\"twitter:card\" content=\"summary_large_image\" \/>\n<meta name=\"twitter:label1\" content=\"Szacowany czas czytania\" \/>\n\t<meta name=\"twitter:data1\" content=\"3 minuty\" \/>\n<script type=\"application\/ld+json\" class=\"yoast-schema-graph\">{\"@context\":\"https:\/\/schema.org\",\"@graph\":[{\"@type\":\"WebPage\",\"@id\":\"https:\/\/polsoft.pl\/microsoft-surface\/produkt\/tablet-microsoft-surface-go-2-105-suf-00003-m3-8100y-8gb-128gb-10-5-lte-w10pro\/\",\"url\":\"https:\/\/polsoft.pl\/microsoft-surface\/produkt\/tablet-microsoft-surface-go-2-105-suf-00003-m3-8100y-8gb-128gb-10-5-lte-w10pro\/\",\"name\":\"Microsoft Surface Go 2 SUF-00003 - Sklep Microsoft Surface\",\"isPartOf\":{\"@id\":\"https:\/\/polsoft.pl\/microsoft-surface\/#website\"},\"primaryImageOfPage\":{\"@id\":\"https:\/\/polsoft.pl\/microsoft-surface\/produkt\/tablet-microsoft-surface-go-2-105-suf-00003-m3-8100y-8gb-128gb-10-5-lte-w10pro\/#primaryimage\"},\"image\":{\"@id\":\"https:\/\/polsoft.pl\/microsoft-surface\/produkt\/tablet-microsoft-surface-go-2-105-suf-00003-m3-8100y-8gb-128gb-10-5-lte-w10pro\/#primaryimage\"},\"thumbnailUrl\":\"https:\/\/www.polsoft.pl\/microsoft-surface\/wp-content\/uploads\/2020\/09\/Tablet_Microsoft_Surface_Go_2_SUF-00003.jpg\",\"datePublished\":\"2020-08-11T12:49:05+00:00\",\"dateModified\":\"2025-07-15T12:01:40+00:00\",\"description\":\"Microsoft Surface Go 2 SUF-00003 - m3 8100Y\/8GB\/128GB\/10.5''\/LTE\/W10Pro Sklep rozwi\u0105za\u0144 Microsoft Surface firmy Polsoft Engineering.\",\"breadcrumb\":{\"@id\":\"https:\/\/polsoft.pl\/microsoft-surface\/produkt\/tablet-microsoft-surface-go-2-105-suf-00003-m3-8100y-8gb-128gb-10-5-lte-w10pro\/#breadcrumb\"},\"inLanguage\":\"pl-PL\",\"potentialAction\":[{\"@type\":\"ReadAction\",\"target\":[\"https:\/\/polsoft.pl\/microsoft-surface\/produkt\/tablet-microsoft-surface-go-2-105-suf-00003-m3-8100y-8gb-128gb-10-5-lte-w10pro\/\"]}]},{\"@type\":\"ImageObject\",\"inLanguage\":\"pl-PL\",\"@id\":\"https:\/\/polsoft.pl\/microsoft-surface\/produkt\/tablet-microsoft-surface-go-2-105-suf-00003-m3-8100y-8gb-128gb-10-5-lte-w10pro\/#primaryimage\",\"url\":\"https:\/\/www.polsoft.pl\/microsoft-surface\/wp-content\/uploads\/2020\/09\/Tablet_Microsoft_Surface_Go_2_SUF-00003.jpg\",\"contentUrl\":\"https:\/\/www.polsoft.pl\/microsoft-surface\/wp-content\/uploads\/2020\/09\/Tablet_Microsoft_Surface_Go_2_SUF-00003.jpg\",\"width\":1200,\"height\":1200,\"caption\":\"Zdj\u0119cie produktu - tablet Microsoft Surface Go 2\"},{\"@type\":\"BreadcrumbList\",\"@id\":\"https:\/\/polsoft.pl\/microsoft-surface\/produkt\/tablet-microsoft-surface-go-2-105-suf-00003-m3-8100y-8gb-128gb-10-5-lte-w10pro\/#breadcrumb\",\"itemListElement\":[{\"@type\":\"ListItem\",\"position\":1,\"name\":\"Strona g\u0142\u00f3wna\",\"item\":\"https:\/\/polsoft.pl\/microsoft-surface\/\"},{\"@type\":\"ListItem\",\"position\":2,\"name\":\"Sklep\",\"item\":\"https:\/\/polsoft.pl\/microsoft-surface\/sklep\/\"},{\"@type\":\"ListItem\",\"position\":3,\"name\":\"Tablet Microsoft Surface Go 2 10,5&#8243; SUF-00003\/m3 8100Y\/8GB\/128GB\/10.5&#8221;\/LTE\/W10Pro\"}]},{\"@type\":\"WebSite\",\"@id\":\"https:\/\/polsoft.pl\/microsoft-surface\/#website\",\"url\":\"https:\/\/polsoft.pl\/microsoft-surface\/\",\"name\":\"Sklep Microsoft Surface\",\"description\":\"Sklep Microsoft Surface\",\"publisher\":{\"@id\":\"https:\/\/polsoft.pl\/microsoft-surface\/#organization\"},\"potentialAction\":[{\"@type\":\"SearchAction\",\"target\":{\"@type\":\"EntryPoint\",\"urlTemplate\":\"https:\/\/polsoft.pl\/microsoft-surface\/?s={search_term_string}\"},\"query-input\":{\"@type\":\"PropertyValueSpecification\",\"valueRequired\":true,\"valueName\":\"search_term_string\"}}],\"inLanguage\":\"pl-PL\"},{\"@type\":\"Organization\",\"@id\":\"https:\/\/polsoft.pl\/microsoft-surface\/#organization\",\"name\":\"Polsoft Engineering Sp. z o.o.\",\"url\":\"https:\/\/polsoft.pl\/microsoft-surface\/\",\"logo\":{\"@type\":\"ImageObject\",\"inLanguage\":\"pl-PL\",\"@id\":\"https:\/\/polsoft.pl\/microsoft-surface\/#\/schema\/logo\/image\/\",\"url\":\"https:\/\/www.polsoft.pl\/microsoft-surface\/wp-content\/uploads\/2020\/10\/microsoft_partner_logo_black_polsoft.png\",\"contentUrl\":\"https:\/\/www.polsoft.pl\/microsoft-surface\/wp-content\/uploads\/2020\/10\/microsoft_partner_logo_black_polsoft.png\",\"width\":613,\"height\":158,\"caption\":\"Polsoft Engineering Sp. z o.o.\"},\"image\":{\"@id\":\"https:\/\/polsoft.pl\/microsoft-surface\/#\/schema\/logo\/image\/\"}}]}<\/script>\n<!-- \/ Yoast SEO plugin. -->","yoast_head_json":{"title":"Microsoft Surface Go 2 SUF-00003 - Sklep Microsoft Surface","description":"Microsoft Surface Go 2 SUF-00003 - m3 8100Y\/8GB\/128GB\/10.5''\/LTE\/W10Pro Sklep rozwi\u0105za\u0144 Microsoft Surface firmy Polsoft Engineering.","robots":{"index":"index","follow":"follow","max-snippet":"max-snippet:-1","max-image-preview":"max-image-preview:large","max-video-preview":"max-video-preview:-1"},"canonical":"https:\/\/polsoft.pl\/microsoft-surface\/produkt\/tablet-microsoft-surface-go-2-105-suf-00003-m3-8100y-8gb-128gb-10-5-lte-w10pro\/","og_locale":"pl_PL","og_type":"article","og_title":"Microsoft Surface Go 2 SUF-00003 - Sklep Microsoft Surface","og_description":"Microsoft Surface Go 2 SUF-00003 - m3 8100Y\/8GB\/128GB\/10.5''\/LTE\/W10Pro Sklep rozwi\u0105za\u0144 Microsoft Surface firmy Polsoft Engineering.","og_url":"https:\/\/polsoft.pl\/microsoft-surface\/produkt\/tablet-microsoft-surface-go-2-105-suf-00003-m3-8100y-8gb-128gb-10-5-lte-w10pro\/","og_site_name":"Sklep rozwi\u0105za\u0144 Microsoft Surface","article_modified_time":"2025-07-15T12:01:40+00:00","og_image":[{"width":1200,"height":1200,"url":"https:\/\/polsoft.pl\/microsoft-surface\/wp-content\/uploads\/2020\/09\/Tablet_Microsoft_Surface_Go_2_SUF-00003.jpg","type":"image\/jpeg"}],"twitter_card":"summary_large_image","twitter_misc":{"Szacowany czas czytania":"3 minuty"},"schema":{"@context":"https:\/\/schema.org","@graph":[{"@type":"WebPage","@id":"https:\/\/polsoft.pl\/microsoft-surface\/produkt\/tablet-microsoft-surface-go-2-105-suf-00003-m3-8100y-8gb-128gb-10-5-lte-w10pro\/","url":"https:\/\/polsoft.pl\/microsoft-surface\/produkt\/tablet-microsoft-surface-go-2-105-suf-00003-m3-8100y-8gb-128gb-10-5-lte-w10pro\/","name":"Microsoft Surface Go 2 SUF-00003 - Sklep Microsoft Surface","isPartOf":{"@id":"https:\/\/polsoft.pl\/microsoft-surface\/#website"},"primaryImageOfPage":{"@id":"https:\/\/polsoft.pl\/microsoft-surface\/produkt\/tablet-microsoft-surface-go-2-105-suf-00003-m3-8100y-8gb-128gb-10-5-lte-w10pro\/#primaryimage"},"image":{"@id":"https:\/\/polsoft.pl\/microsoft-surface\/produkt\/tablet-microsoft-surface-go-2-105-suf-00003-m3-8100y-8gb-128gb-10-5-lte-w10pro\/#primaryimage"},"thumbnailUrl":"https:\/\/www.polsoft.pl\/microsoft-surface\/wp-content\/uploads\/2020\/09\/Tablet_Microsoft_Surface_Go_2_SUF-00003.jpg","datePublished":"2020-08-11T12:49:05+00:00","dateModified":"2025-07-15T12:01:40+00:00","description":"Microsoft Surface Go 2 SUF-00003 - m3 8100Y\/8GB\/128GB\/10.5''\/LTE\/W10Pro Sklep rozwi\u0105za\u0144 Microsoft Surface firmy Polsoft Engineering.","breadcrumb":{"@id":"https:\/\/polsoft.pl\/microsoft-surface\/produkt\/tablet-microsoft-surface-go-2-105-suf-00003-m3-8100y-8gb-128gb-10-5-lte-w10pro\/#breadcrumb"},"inLanguage":"pl-PL","potentialAction":[{"@type":"ReadAction","target":["https:\/\/polsoft.pl\/microsoft-surface\/produkt\/tablet-microsoft-surface-go-2-105-suf-00003-m3-8100y-8gb-128gb-10-5-lte-w10pro\/"]}]},{"@type":"ImageObject","inLanguage":"pl-PL","@id":"https:\/\/polsoft.pl\/microsoft-surface\/produkt\/tablet-microsoft-surface-go-2-105-suf-00003-m3-8100y-8gb-128gb-10-5-lte-w10pro\/#primaryimage","url":"https:\/\/www.polsoft.pl\/microsoft-surface\/wp-content\/uploads\/2020\/09\/Tablet_Microsoft_Surface_Go_2_SUF-00003.jpg","contentUrl":"https:\/\/www.polsoft.pl\/microsoft-surface\/wp-content\/uploads\/2020\/09\/Tablet_Microsoft_Surface_Go_2_SUF-00003.jpg","width":1200,"height":1200,"caption":"Zdj\u0119cie produktu - tablet Microsoft Surface Go 2"},{"@type":"BreadcrumbList","@id":"https:\/\/polsoft.pl\/microsoft-surface\/produkt\/tablet-microsoft-surface-go-2-105-suf-00003-m3-8100y-8gb-128gb-10-5-lte-w10pro\/#breadcrumb","itemListElement":[{"@type":"ListItem","position":1,"name":"Strona g\u0142\u00f3wna","item":"https:\/\/polsoft.pl\/microsoft-surface\/"},{"@type":"ListItem","position":2,"name":"Sklep","item":"https:\/\/polsoft.pl\/microsoft-surface\/sklep\/"},{"@type":"ListItem","position":3,"name":"Tablet Microsoft Surface Go 2 10,5&#8243; SUF-00003\/m3 8100Y\/8GB\/128GB\/10.5&#8221;\/LTE\/W10Pro"}]},{"@type":"WebSite","@id":"https:\/\/polsoft.pl\/microsoft-surface\/#website","url":"https:\/\/polsoft.pl\/microsoft-surface\/","name":"Sklep Microsoft Surface","description":"Sklep Microsoft Surface","publisher":{"@id":"https:\/\/polsoft.pl\/microsoft-surface\/#organization"},"potentialAction":[{"@type":"SearchAction","target":{"@type":"EntryPoint","urlTemplate":"https:\/\/polsoft.pl\/microsoft-surface\/?s={search_term_string}"},"query-input":{"@type":"PropertyValueSpecification","valueRequired":true,"valueName":"search_term_string"}}],"inLanguage":"pl-PL"},{"@type":"Organization","@id":"https:\/\/polsoft.pl\/microsoft-surface\/#organization","name":"Polsoft Engineering Sp. z o.o.","url":"https:\/\/polsoft.pl\/microsoft-surface\/","logo":{"@type":"ImageObject","inLanguage":"pl-PL","@id":"https:\/\/polsoft.pl\/microsoft-surface\/#\/schema\/logo\/image\/","url":"https:\/\/www.polsoft.pl\/microsoft-surface\/wp-content\/uploads\/2020\/10\/microsoft_partner_logo_black_polsoft.png","contentUrl":"https:\/\/www.polsoft.pl\/microsoft-surface\/wp-content\/uploads\/2020\/10\/microsoft_partner_logo_black_polsoft.png","width":613,"height":158,"caption":"Polsoft Engineering Sp. z o.o."},"image":{"@id":"https:\/\/polsoft.pl\/microsoft-surface\/#\/schema\/logo\/image\/"}}]}},"_links":{"self":[{"href":"https:\/\/www.polsoft.pl\/microsoft-surface\/wp-json\/wp\/v2\/product\/213","targetHints":{"allow":["GET"]}}],"collection":[{"href":"https:\/\/www.polsoft.pl\/microsoft-surface\/wp-json\/wp\/v2\/product"}],"about":[{"href":"https:\/\/www.polsoft.pl\/microsoft-surface\/wp-json\/wp\/v2\/types\/product"}],"version-history":[{"count":7,"href":"https:\/\/www.polsoft.pl\/microsoft-surface\/wp-json\/wp\/v2\/product\/213\/revisions"}],"predecessor-version":[{"id":5160,"href":"https:\/\/www.polsoft.pl\/microsoft-surface\/wp-json\/wp\/v2\/product\/213\/revisions\/5160"}],"wp:featuredmedia":[{"embeddable":true,"href":"https:\/\/www.polsoft.pl\/microsoft-surface\/wp-json\/wp\/v2\/media\/1782"}],"wp:attachment":[{"href":"https:\/\/www.polsoft.pl\/microsoft-surface\/wp-json\/wp\/v2\/media?parent=213"}],"wp:term":[{"taxonomy":"product_brand","embeddable":true,"href":"https:\/\/www.polsoft.pl\/microsoft-surface\/wp-json\/wp\/v2\/product_brand?post=213"},{"taxonomy":"product_cat","embeddable":true,"href":"https:\/\/www.polsoft.pl\/microsoft-surface\/wp-json\/wp\/v2\/product_cat?post=213"},{"taxonomy":"product_tag","embeddable":true,"href":"https:\/\/www.polsoft.pl\/microsoft-surface\/wp-json\/wp\/v2\/product_tag?post=213"}],"curies":[{"name":"wp","href":"https:\/\/api.w.org\/{rel}","templated":true}]}}