{"id":269,"date":"2020-08-11T12:49:18","date_gmt":"2020-08-11T12:49:18","guid":{"rendered":"http:\/\/polsoft.pl\/microsoft-surface\/produkt\/laptop-microsoft-surface-laptop-3-15-black-pmh-00029-i7-1065g7-16gb-512gb-15-w10pro\/"},"modified":"2025-07-15T14:01:26","modified_gmt":"2025-07-15T12:01:26","slug":"laptop-microsoft-surface-laptop-3-15-black-pmh-00029-i7-1065g7-16gb-512gb-15-w10pro","status":"publish","type":"product","link":"https:\/\/www.polsoft.pl\/microsoft-surface\/produkt\/laptop-microsoft-surface-laptop-3-15-black-pmh-00029-i7-1065g7-16gb-512gb-15-w10pro\/","title":{"rendered":"Laptop Microsoft Surface LAPTOP 3 15&#8243; Black PMH-00029\/i7-1065G7 \/16GB\/512GB\/15&#8243;\/\/W10Pro"},"content":{"rendered":"<p><a href=\"https:\/\/polsoft.pl\/microsoft-surface\/kategoria\/laptopy-microsoft-surface\/microsoft-surface-3\/\">Microsoft Surface Laptop 3<\/a> PMH-00029, ten niezwykle popularny laptop wracaj\u0105cy w najnowszej, trzeciej ods\u0142onie. Tym razem jeszcze bardziej wydajny, jeszcze lepiej zaprojektowany i bezpieczny jak nigdy dot\u0105d. Microsoft Surface Laptop 3 to urz\u0105dzenie wr\u0119cz stworzone do wielozadaniowo\u015bci, kt\u00f3re nie boi si\u0119 \u017cadnych wyzwa\u0144 w Twoim \u015brodowisku pracy, imponuj\u0105c przy tym nienagann\u0105 prezencj\u0105 i jako\u015bci\u0105 wyko\u0144czenia.<\/p>\n<p>Microsoft Surface Laptop 3 wyst\u0119puje w dw\u00f3ch wariantach, 13.5\u201d oraz 15\u201d. W zale\u017cno\u015bci od wybranego modelu do dyspozycji mamy wi\u0119ksz\u0105 matryc\u0119 o rozdzielczo\u015bci 2496&#215;1664 oraz mniejsz\u0105 o rozdzielczo\u015bci 2256&#215;1504. Naturalnie obie matryce to matryce dotykowe PixelSense\u2122, wyr\u00f3\u017cniaj\u0105ce si\u0119 \u017cywymi kolorami, doskona\u0142ym kontrastem i szerokimi k\u0105tami widzenia.<\/p>\n<p>Sercem nowych laptop\u00f3w s\u0105 wydajne, czterordzeniowe procesory Intel\u00ae Core\u2122 dziesi\u0105tej generacji (Ice Lake) wyposa\u017cone w zintegrowan\u0105 kart\u0119 graficzn\u0105 nowej generacji Intel\u00ae Iris\u00ae Plus Graphics. Ulepszony projekt in\u017cynieryjny, jeszcze lepsza optymalizacja oraz najnowsze podzespo\u0142y umo\u017cliwiaj\u0105 korzystanie z Microsoft Surface Laptop 3 nawet do 11.5h na baterii. Wszystkie urz\u0105dzenia Microsoft Surface to przede wszystkim wygoda u\u017cytkowania. Tak jest i w tym przypadku, gdzie lekka, aluminiowa obudowa z opcjonaln\u0105, wygodn\u0105 podp\u00f3rk\u0105 pod d\u0142o\u0144 pokryt\u0105 Alcantar\u0105\u00ae, zapewnia wyj\u0105tkow\u0105 kultur\u0119 pracy. Komfortowo jak nigdy dot\u0105d z wiod\u0105c\u0105 w bran\u017cy klawiatur\u0105 oraz nawiguj z niespotykan\u0105 jak nigdy dot\u0105d precyzj\u0105 dzi\u0119ki szklanemu trackpadowi.<\/p>\n<p>B\u0105d\u017a zawsze w kontakcie i bryluj podczas konferencji z ultraszybkim Wi-Fi 6 i doskona\u0142ymi multimediami jak mikrofony studyjne Dolby\u00ae Audio\u2122 Premium oraz kamerk\u0105 HD. Ponadto pracuj bezpieczniej w firmie oraz w domu z zabezpieczeniami TPM 2.0 czy uwierzytelnianiem za pomoc\u0105 twarzy Windows Hello. Twoje dane mog\u0105 by\u0107 zawsze bezpieczne przy Tobie dzi\u0119ki wymiennemu dyskowi twardemu. Wykorzystaj potencja\u0142 wielozadaniowo\u015bci <a href=\"https:\/\/polsoft.pl\/microsoft-surface\/kategoria\/laptopy-microsoft-surface\/microsoft-surface-3\/\">Microsoft Surface Laptop 3<\/a> PMH-00029 w systemie Windows 10 Pro oraz pakiecie Microsoft 365 Business Standard lub Microsoft 365 Business Premium.<\/p>\n<p>Poznaj niesko\u0144czone mo\u017cliwo\u015bci dzi\u0119ki dedykowanym akcesoriom Microsoft Surface. Zmie\u0144 swojego Microsoft Surface Laptop w komputer stacjonarny pod\u0142\u0105czaj\u0105c go do stacji dokuj\u0105cej za pomoc\u0105 kabla Surface Connect. Zwi\u0119ksz komfort pracy z bezprzewodowymi myszkami Microsoft Surface Arc, Microsoft Surface Ergonomic w szerokiej gamie kolor\u00f3w do wyboru.<\/p>\n<p>Microsoft Surface Laptop 3 to urz\u0105dzenie wr\u0119cz stworzone do codziennych zmaga\u0144 biznesowego \u015bwiata. Ten doceniany przez u\u017cytkownik\u00f3w na ca\u0142ym \u015bwiecie laptop dopasuje si\u0119 do Twoich preferencji zar\u00f3wno w kwestii wygl\u0105du, wydajno\u015bci jak i elastyczno\u015bci.<\/p>\n<table width=\"785\">\n<tbody>\n<tr>\n<td width=\"201\">Procesor<\/td>\n<td width=\"584\"><a href=\"https:\/\/ark.intel.com\/content\/www\/pl\/pl\/ark\/products\/196597\/intel-core-i7-1065g7-processor-8m-cache-up-to-3-90-ghz.html\">Intel\u00ae Core\u2122 i7-1065G7<\/a>, 4-rdzeniowe 10. generacji<\/td>\n<\/tr>\n<tr>\n<td>Wy\u015bwietlacz<\/td>\n<td width=\"584\">ekran:<br \/>\n15&#8243; PixelSense\u2122<br \/>\nrozdzielczo\u015b\u0107:<br \/>\n2496 x 1664 (201 PPI)<br \/>\nwsp\u00f3\u0142czynnik proporcji:<br \/>\n3:2<br \/>\ndotyk:<br \/>\nmulti-touch z obs\u0142ug\u0105 10 punkt\u00f3w dotykowych<br \/>\nzgodno\u015b\u0107 z pi\u00f3rem Surface<\/td>\n<\/tr>\n<tr>\n<td>Karta graficzna<\/td>\n<td width=\"584\">Intel\u00ae Iris\u00ae Plus Graphics<\/td>\n<\/tr>\n<tr>\n<td>Pami\u0119\u0107<\/td>\n<td>16GB RAM LPDDR4x<\/td>\n<\/tr>\n<tr>\n<td>Przestrze\u0144 dyskowa<\/td>\n<td>SSD 512GB<\/td>\n<\/tr>\n<tr>\n<td>\u0141\u0105czno\u015b\u0107 bezprzewodowa<\/td>\n<td width=\"584\">Wi-Fi 6: zgodne ze standardem IEEE 802.11ax<br \/>\nmodu\u0142 Bluetooth\u00ae Wireless 5.0<\/td>\n<\/tr>\n<tr>\n<td>Z\u0142\u0105cza<\/td>\n<td width=\"584\">1 x USB-C\u2122<br \/>\n1 x USB-A<br \/>\n1 x z\u0142\u0105cze s\u0142uchawkowe Jack 3.5 mm<br \/>\n1 x Surface Connect port<br \/>\nkompatybilne z pokr\u0119t\u0142em Surface Dial off-screen interaction<\/td>\n<\/tr>\n<tr>\n<td>Sensory<\/td>\n<td width=\"584\">czujnik nat\u0119\u017cenia \u015bwiat\u0142a<\/td>\n<\/tr>\n<tr>\n<td>Zabezpieczenia<\/td>\n<td width=\"584\">Firmware TPM<br \/>\nWindows Hello &#8211; rozpoznawanie twarzy do odblokowania urz\u0105dzenia<\/td>\n<\/tr>\n<tr>\n<td>Czas pracy na baterii<\/td>\n<td>11.5 godzin przy pracy biurowej<\/td>\n<\/tr>\n<tr>\n<td>Multimedia<\/td>\n<td width=\"584\">przednia kamera do uwierzytelnienia twarzy &#8211; Windows Hello<br \/>\nprzednia kamera &#8211; nagrywanie film\u00f3w w HD 720p<br \/>\n2 x mikrofon dalekiego zasi\u0119gu<br \/>\ng\u0142o\u015bniki Omnisonic Dolby\u00ae Audio\u2122 Premium<\/td>\n<\/tr>\n<tr>\n<td>Oprogramowanie<\/td>\n<td width=\"584\">Windows 10 Pro<br \/>\nmiesi\u0119czna wersja pr\u00f3bna Microsoft Office 365<\/td>\n<\/tr>\n<tr>\n<td>Obudowa<\/td>\n<td width=\"584\">aluminiowa pokrywa<br \/>\nkolor Matte Black (czarny mat)<br \/>\nmetalowe podp\u00f3rki pod nadgarstki<br \/>\nklawiatura z przyciskami regulacji g\u0142o\u015bno\u015bci oraz zasilania<\/td>\n<\/tr>\n<tr>\n<td width=\"201\">Waga<br \/>\n(bez klawiatury)<\/td>\n<td width=\"584\">1 288g<\/td>\n<\/tr>\n<tr>\n<td>Wymiary (mm)<\/td>\n<td>308 x 223 x 14.51 (sz. x g\u0142. x wys.)<\/td>\n<\/tr>\n<tr>\n<td>Zawarto\u015b\u0107 zestawu<\/td>\n<td width=\"584\">Surface Laptop 3<br \/>\nzasilacz<br \/>\nskr\u00f3cona instrukcja obs\u0142ugi<br \/>\ndokumenty dotycz\u0105ce gwarancji i bezpiecze\u0144stwa<\/td>\n<\/tr>\n<tr>\n<td>Gwarancja<\/td>\n<td width=\"584\">roczny okres gwarancji<\/td>\n<\/tr>\n<\/tbody>\n<\/table>\n","protected":false},"excerpt":{"rendered":"<p>Microsoft Surface Laptop 3 PMH-00029, ten niezwykle popularny laptop wracaj\u0105cy w najnowszej, trzeciej ods\u0142onie. Tym razem jeszcze bardziej wydajny, jeszcze lepiej zaprojektowany i bezpieczny jak nigdy dot\u0105d. Microsoft Surface Laptop 3 to urz\u0105dzenie wr\u0119cz stworzone do wielozadaniowo\u015bci, kt\u00f3re nie boi si\u0119 \u017cadnych wyzwa\u0144 w Twoim \u015brodowisku pracy, imponuj\u0105c przy tym nienagann\u0105 prezencj\u0105 i jako\u015bci\u0105 wyko\u0144czenia. [&hellip;]<\/p>\n","protected":false},"featured_media":1795,"template":"","meta":{"site-sidebar-layout":"default","site-content-layout":"default","ast-site-content-layout":"default","site-content-style":"default","site-sidebar-style":"default","ast-global-header-display":"","ast-banner-title-visibility":"","ast-main-header-display":"","ast-hfb-above-header-display":"","ast-hfb-below-header-display":"","ast-hfb-mobile-header-display":"","site-post-title":"","ast-breadcrumbs-content":"","ast-featured-img":"","footer-sml-layout":"","ast-disable-related-posts":"","theme-transparent-header-meta":"default","adv-header-id-meta":"","stick-header-meta":"","header-above-stick-meta":"","header-main-stick-meta":"","header-below-stick-meta":"","astra-migrate-meta-layouts":"default","ast-page-background-enabled":"default","ast-page-background-meta":{"desktop":{"background-color":"","background-image":"","background-repeat":"repeat","background-position":"center center","background-size":"auto","background-attachment":"scroll","background-type":"","background-media":"","overlay-type":"","overlay-color":"","overlay-opacity":"","overlay-gradient":""},"tablet":{"background-color":"","background-image":"","background-repeat":"repeat","background-position":"center center","background-size":"auto","background-attachment":"scroll","background-type":"","background-media":"","overlay-type":"","overlay-color":"","overlay-opacity":"","overlay-gradient":""},"mobile":{"background-color":"","background-image":"","background-repeat":"repeat","background-position":"center center","background-size":"auto","background-attachment":"scroll","background-type":"","background-media":"","overlay-type":"","overlay-color":"","overlay-opacity":"","overlay-gradient":""}},"ast-content-background-meta":{"desktop":{"background-color":"var(--ast-global-color-5)","background-image":"","background-repeat":"repeat","background-position":"center center","background-size":"auto","background-attachment":"scroll","background-type":"","background-media":"","overlay-type":"","overlay-color":"","overlay-opacity":"","overlay-gradient":""},"tablet":{"background-color":"var(--ast-global-color-5)","background-image":"","background-repeat":"repeat","background-position":"center center","background-size":"auto","background-attachment":"scroll","background-type":"","background-media":"","overlay-type":"","overlay-color":"","overlay-opacity":"","overlay-gradient":""},"mobile":{"background-color":"var(--ast-global-color-5)","background-image":"","background-repeat":"repeat","background-position":"center center","background-size":"auto","background-attachment":"scroll","background-type":"","background-media":"","overlay-type":"","overlay-color":"","overlay-opacity":"","overlay-gradient":""}},"_links_to":"","_links_to_target":""},"product_brand":[],"product_cat":[],"product_tag":[],"class_list":{"0":"post-269","1":"product","2":"type-product","3":"status-publish","4":"has-post-thumbnail","6":"pa_matryca-43","7":"pa_model-procesora-i7-1065g7","8":"pa_pamiec-ram-16gb","9":"pa_pojemnosc-dysku-512gb","10":"pa_producent-procesora-intel","11":"pa_w-zestawie-urzadzenie-zasilacz","12":"desktop-align-left","13":"tablet-align-left","14":"mobile-align-left","16":"first","17":"outofstock","18":"taxable","19":"shipping-taxable","20":"purchasable","21":"product-type-simple"},"yoast_head":"<!-- This site is optimized with the Yoast SEO plugin v26.7 - https:\/\/yoast.com\/wordpress\/plugins\/seo\/ -->\n<title>Microsoft Surface Laptop 3 PMH-00029 - Sklep Microsoft Surface<\/title>\n<meta name=\"description\" content=\"Microsoft Surface Laptop 3 PMH-00029 - i7-1065G7 \/16GB\/512GB\/15&quot;\/\/W10Pro Sklep rozwi\u0105za\u0144 Microsoft Surface firmy Polsoft Engineering.\" \/>\n<meta name=\"robots\" content=\"index, follow, max-snippet:-1, max-image-preview:large, max-video-preview:-1\" \/>\n<link rel=\"canonical\" href=\"https:\/\/polsoft.pl\/microsoft-surface\/produkt\/laptop-microsoft-surface-laptop-3-15-black-pmh-00029-i7-1065g7-16gb-512gb-15-w10pro\/\" \/>\n<meta property=\"og:locale\" content=\"pl_PL\" \/>\n<meta property=\"og:type\" content=\"article\" \/>\n<meta property=\"og:title\" content=\"Microsoft Surface Laptop 3 PMH-00029 - Sklep Microsoft Surface\" \/>\n<meta property=\"og:description\" content=\"Microsoft Surface Laptop 3 PMH-00029 - i7-1065G7 \/16GB\/512GB\/15&quot;\/\/W10Pro Sklep rozwi\u0105za\u0144 Microsoft Surface firmy Polsoft Engineering.\" \/>\n<meta property=\"og:url\" content=\"https:\/\/polsoft.pl\/microsoft-surface\/produkt\/laptop-microsoft-surface-laptop-3-15-black-pmh-00029-i7-1065g7-16gb-512gb-15-w10pro\/\" \/>\n<meta property=\"og:site_name\" content=\"Sklep rozwi\u0105za\u0144 Microsoft Surface\" \/>\n<meta property=\"article:modified_time\" content=\"2025-07-15T12:01:26+00:00\" \/>\n<meta property=\"og:image\" content=\"https:\/\/polsoft.pl\/microsoft-surface\/wp-content\/uploads\/2020\/09\/Laptop_Microsoft_Surface_3_PMH-00029.jpg\" \/>\n\t<meta property=\"og:image:width\" content=\"1400\" \/>\n\t<meta property=\"og:image:height\" content=\"1400\" \/>\n\t<meta property=\"og:image:type\" content=\"image\/jpeg\" \/>\n<meta name=\"twitter:card\" content=\"summary_large_image\" \/>\n<meta name=\"twitter:label1\" content=\"Szacowany czas czytania\" \/>\n\t<meta name=\"twitter:data1\" content=\"3 minuty\" \/>\n<script type=\"application\/ld+json\" class=\"yoast-schema-graph\">{\"@context\":\"https:\/\/schema.org\",\"@graph\":[{\"@type\":\"WebPage\",\"@id\":\"https:\/\/polsoft.pl\/microsoft-surface\/produkt\/laptop-microsoft-surface-laptop-3-15-black-pmh-00029-i7-1065g7-16gb-512gb-15-w10pro\/\",\"url\":\"https:\/\/polsoft.pl\/microsoft-surface\/produkt\/laptop-microsoft-surface-laptop-3-15-black-pmh-00029-i7-1065g7-16gb-512gb-15-w10pro\/\",\"name\":\"Microsoft Surface Laptop 3 PMH-00029 - Sklep Microsoft Surface\",\"isPartOf\":{\"@id\":\"https:\/\/polsoft.pl\/microsoft-surface\/#website\"},\"primaryImageOfPage\":{\"@id\":\"https:\/\/polsoft.pl\/microsoft-surface\/produkt\/laptop-microsoft-surface-laptop-3-15-black-pmh-00029-i7-1065g7-16gb-512gb-15-w10pro\/#primaryimage\"},\"image\":{\"@id\":\"https:\/\/polsoft.pl\/microsoft-surface\/produkt\/laptop-microsoft-surface-laptop-3-15-black-pmh-00029-i7-1065g7-16gb-512gb-15-w10pro\/#primaryimage\"},\"thumbnailUrl\":\"https:\/\/www.polsoft.pl\/microsoft-surface\/wp-content\/uploads\/2020\/09\/Laptop_Microsoft_Surface_3_PMH-00029.jpg\",\"datePublished\":\"2020-08-11T12:49:18+00:00\",\"dateModified\":\"2025-07-15T12:01:26+00:00\",\"description\":\"Microsoft Surface Laptop 3 PMH-00029 - i7-1065G7 \/16GB\/512GB\/15\\\"\/\/W10Pro Sklep rozwi\u0105za\u0144 Microsoft Surface firmy Polsoft Engineering.\",\"breadcrumb\":{\"@id\":\"https:\/\/polsoft.pl\/microsoft-surface\/produkt\/laptop-microsoft-surface-laptop-3-15-black-pmh-00029-i7-1065g7-16gb-512gb-15-w10pro\/#breadcrumb\"},\"inLanguage\":\"pl-PL\",\"potentialAction\":[{\"@type\":\"ReadAction\",\"target\":[\"https:\/\/polsoft.pl\/microsoft-surface\/produkt\/laptop-microsoft-surface-laptop-3-15-black-pmh-00029-i7-1065g7-16gb-512gb-15-w10pro\/\"]}]},{\"@type\":\"ImageObject\",\"inLanguage\":\"pl-PL\",\"@id\":\"https:\/\/polsoft.pl\/microsoft-surface\/produkt\/laptop-microsoft-surface-laptop-3-15-black-pmh-00029-i7-1065g7-16gb-512gb-15-w10pro\/#primaryimage\",\"url\":\"https:\/\/www.polsoft.pl\/microsoft-surface\/wp-content\/uploads\/2020\/09\/Laptop_Microsoft_Surface_3_PMH-00029.jpg\",\"contentUrl\":\"https:\/\/www.polsoft.pl\/microsoft-surface\/wp-content\/uploads\/2020\/09\/Laptop_Microsoft_Surface_3_PMH-00029.jpg\",\"width\":1400,\"height\":1400,\"caption\":\"Zdj\u0119cie produktu - Microsoft Surface Laptop 3\"},{\"@type\":\"BreadcrumbList\",\"@id\":\"https:\/\/polsoft.pl\/microsoft-surface\/produkt\/laptop-microsoft-surface-laptop-3-15-black-pmh-00029-i7-1065g7-16gb-512gb-15-w10pro\/#breadcrumb\",\"itemListElement\":[{\"@type\":\"ListItem\",\"position\":1,\"name\":\"Strona g\u0142\u00f3wna\",\"item\":\"https:\/\/polsoft.pl\/microsoft-surface\/\"},{\"@type\":\"ListItem\",\"position\":2,\"name\":\"Sklep\",\"item\":\"https:\/\/polsoft.pl\/microsoft-surface\/sklep\/\"},{\"@type\":\"ListItem\",\"position\":3,\"name\":\"Laptop Microsoft Surface LAPTOP 3 15&#8243; Black PMH-00029\/i7-1065G7 \/16GB\/512GB\/15&#8243;\/\/W10Pro\"}]},{\"@type\":\"WebSite\",\"@id\":\"https:\/\/polsoft.pl\/microsoft-surface\/#website\",\"url\":\"https:\/\/polsoft.pl\/microsoft-surface\/\",\"name\":\"Sklep Microsoft Surface\",\"description\":\"Sklep Microsoft Surface\",\"publisher\":{\"@id\":\"https:\/\/polsoft.pl\/microsoft-surface\/#organization\"},\"potentialAction\":[{\"@type\":\"SearchAction\",\"target\":{\"@type\":\"EntryPoint\",\"urlTemplate\":\"https:\/\/polsoft.pl\/microsoft-surface\/?s={search_term_string}\"},\"query-input\":{\"@type\":\"PropertyValueSpecification\",\"valueRequired\":true,\"valueName\":\"search_term_string\"}}],\"inLanguage\":\"pl-PL\"},{\"@type\":\"Organization\",\"@id\":\"https:\/\/polsoft.pl\/microsoft-surface\/#organization\",\"name\":\"Polsoft Engineering Sp. z o.o.\",\"url\":\"https:\/\/polsoft.pl\/microsoft-surface\/\",\"logo\":{\"@type\":\"ImageObject\",\"inLanguage\":\"pl-PL\",\"@id\":\"https:\/\/polsoft.pl\/microsoft-surface\/#\/schema\/logo\/image\/\",\"url\":\"https:\/\/www.polsoft.pl\/microsoft-surface\/wp-content\/uploads\/2020\/10\/microsoft_partner_logo_black_polsoft.png\",\"contentUrl\":\"https:\/\/www.polsoft.pl\/microsoft-surface\/wp-content\/uploads\/2020\/10\/microsoft_partner_logo_black_polsoft.png\",\"width\":613,\"height\":158,\"caption\":\"Polsoft Engineering Sp. z o.o.\"},\"image\":{\"@id\":\"https:\/\/polsoft.pl\/microsoft-surface\/#\/schema\/logo\/image\/\"}}]}<\/script>\n<!-- \/ Yoast SEO plugin. -->","yoast_head_json":{"title":"Microsoft Surface Laptop 3 PMH-00029 - Sklep Microsoft Surface","description":"Microsoft Surface Laptop 3 PMH-00029 - i7-1065G7 \/16GB\/512GB\/15\"\/\/W10Pro Sklep rozwi\u0105za\u0144 Microsoft Surface firmy Polsoft Engineering.","robots":{"index":"index","follow":"follow","max-snippet":"max-snippet:-1","max-image-preview":"max-image-preview:large","max-video-preview":"max-video-preview:-1"},"canonical":"https:\/\/polsoft.pl\/microsoft-surface\/produkt\/laptop-microsoft-surface-laptop-3-15-black-pmh-00029-i7-1065g7-16gb-512gb-15-w10pro\/","og_locale":"pl_PL","og_type":"article","og_title":"Microsoft Surface Laptop 3 PMH-00029 - Sklep Microsoft Surface","og_description":"Microsoft Surface Laptop 3 PMH-00029 - i7-1065G7 \/16GB\/512GB\/15\"\/\/W10Pro Sklep rozwi\u0105za\u0144 Microsoft Surface firmy Polsoft Engineering.","og_url":"https:\/\/polsoft.pl\/microsoft-surface\/produkt\/laptop-microsoft-surface-laptop-3-15-black-pmh-00029-i7-1065g7-16gb-512gb-15-w10pro\/","og_site_name":"Sklep rozwi\u0105za\u0144 Microsoft Surface","article_modified_time":"2025-07-15T12:01:26+00:00","og_image":[{"width":1400,"height":1400,"url":"https:\/\/polsoft.pl\/microsoft-surface\/wp-content\/uploads\/2020\/09\/Laptop_Microsoft_Surface_3_PMH-00029.jpg","type":"image\/jpeg"}],"twitter_card":"summary_large_image","twitter_misc":{"Szacowany czas czytania":"3 minuty"},"schema":{"@context":"https:\/\/schema.org","@graph":[{"@type":"WebPage","@id":"https:\/\/polsoft.pl\/microsoft-surface\/produkt\/laptop-microsoft-surface-laptop-3-15-black-pmh-00029-i7-1065g7-16gb-512gb-15-w10pro\/","url":"https:\/\/polsoft.pl\/microsoft-surface\/produkt\/laptop-microsoft-surface-laptop-3-15-black-pmh-00029-i7-1065g7-16gb-512gb-15-w10pro\/","name":"Microsoft Surface Laptop 3 PMH-00029 - Sklep Microsoft Surface","isPartOf":{"@id":"https:\/\/polsoft.pl\/microsoft-surface\/#website"},"primaryImageOfPage":{"@id":"https:\/\/polsoft.pl\/microsoft-surface\/produkt\/laptop-microsoft-surface-laptop-3-15-black-pmh-00029-i7-1065g7-16gb-512gb-15-w10pro\/#primaryimage"},"image":{"@id":"https:\/\/polsoft.pl\/microsoft-surface\/produkt\/laptop-microsoft-surface-laptop-3-15-black-pmh-00029-i7-1065g7-16gb-512gb-15-w10pro\/#primaryimage"},"thumbnailUrl":"https:\/\/www.polsoft.pl\/microsoft-surface\/wp-content\/uploads\/2020\/09\/Laptop_Microsoft_Surface_3_PMH-00029.jpg","datePublished":"2020-08-11T12:49:18+00:00","dateModified":"2025-07-15T12:01:26+00:00","description":"Microsoft Surface Laptop 3 PMH-00029 - i7-1065G7 \/16GB\/512GB\/15\"\/\/W10Pro Sklep rozwi\u0105za\u0144 Microsoft Surface firmy Polsoft Engineering.","breadcrumb":{"@id":"https:\/\/polsoft.pl\/microsoft-surface\/produkt\/laptop-microsoft-surface-laptop-3-15-black-pmh-00029-i7-1065g7-16gb-512gb-15-w10pro\/#breadcrumb"},"inLanguage":"pl-PL","potentialAction":[{"@type":"ReadAction","target":["https:\/\/polsoft.pl\/microsoft-surface\/produkt\/laptop-microsoft-surface-laptop-3-15-black-pmh-00029-i7-1065g7-16gb-512gb-15-w10pro\/"]}]},{"@type":"ImageObject","inLanguage":"pl-PL","@id":"https:\/\/polsoft.pl\/microsoft-surface\/produkt\/laptop-microsoft-surface-laptop-3-15-black-pmh-00029-i7-1065g7-16gb-512gb-15-w10pro\/#primaryimage","url":"https:\/\/www.polsoft.pl\/microsoft-surface\/wp-content\/uploads\/2020\/09\/Laptop_Microsoft_Surface_3_PMH-00029.jpg","contentUrl":"https:\/\/www.polsoft.pl\/microsoft-surface\/wp-content\/uploads\/2020\/09\/Laptop_Microsoft_Surface_3_PMH-00029.jpg","width":1400,"height":1400,"caption":"Zdj\u0119cie produktu - Microsoft Surface Laptop 3"},{"@type":"BreadcrumbList","@id":"https:\/\/polsoft.pl\/microsoft-surface\/produkt\/laptop-microsoft-surface-laptop-3-15-black-pmh-00029-i7-1065g7-16gb-512gb-15-w10pro\/#breadcrumb","itemListElement":[{"@type":"ListItem","position":1,"name":"Strona g\u0142\u00f3wna","item":"https:\/\/polsoft.pl\/microsoft-surface\/"},{"@type":"ListItem","position":2,"name":"Sklep","item":"https:\/\/polsoft.pl\/microsoft-surface\/sklep\/"},{"@type":"ListItem","position":3,"name":"Laptop Microsoft Surface LAPTOP 3 15&#8243; Black PMH-00029\/i7-1065G7 \/16GB\/512GB\/15&#8243;\/\/W10Pro"}]},{"@type":"WebSite","@id":"https:\/\/polsoft.pl\/microsoft-surface\/#website","url":"https:\/\/polsoft.pl\/microsoft-surface\/","name":"Sklep Microsoft Surface","description":"Sklep Microsoft Surface","publisher":{"@id":"https:\/\/polsoft.pl\/microsoft-surface\/#organization"},"potentialAction":[{"@type":"SearchAction","target":{"@type":"EntryPoint","urlTemplate":"https:\/\/polsoft.pl\/microsoft-surface\/?s={search_term_string}"},"query-input":{"@type":"PropertyValueSpecification","valueRequired":true,"valueName":"search_term_string"}}],"inLanguage":"pl-PL"},{"@type":"Organization","@id":"https:\/\/polsoft.pl\/microsoft-surface\/#organization","name":"Polsoft Engineering Sp. z o.o.","url":"https:\/\/polsoft.pl\/microsoft-surface\/","logo":{"@type":"ImageObject","inLanguage":"pl-PL","@id":"https:\/\/polsoft.pl\/microsoft-surface\/#\/schema\/logo\/image\/","url":"https:\/\/www.polsoft.pl\/microsoft-surface\/wp-content\/uploads\/2020\/10\/microsoft_partner_logo_black_polsoft.png","contentUrl":"https:\/\/www.polsoft.pl\/microsoft-surface\/wp-content\/uploads\/2020\/10\/microsoft_partner_logo_black_polsoft.png","width":613,"height":158,"caption":"Polsoft Engineering Sp. z o.o."},"image":{"@id":"https:\/\/polsoft.pl\/microsoft-surface\/#\/schema\/logo\/image\/"}}]}},"_links":{"self":[{"href":"https:\/\/www.polsoft.pl\/microsoft-surface\/wp-json\/wp\/v2\/product\/269","targetHints":{"allow":["GET"]}}],"collection":[{"href":"https:\/\/www.polsoft.pl\/microsoft-surface\/wp-json\/wp\/v2\/product"}],"about":[{"href":"https:\/\/www.polsoft.pl\/microsoft-surface\/wp-json\/wp\/v2\/types\/product"}],"version-history":[{"count":7,"href":"https:\/\/www.polsoft.pl\/microsoft-surface\/wp-json\/wp\/v2\/product\/269\/revisions"}],"predecessor-version":[{"id":5154,"href":"https:\/\/www.polsoft.pl\/microsoft-surface\/wp-json\/wp\/v2\/product\/269\/revisions\/5154"}],"wp:featuredmedia":[{"embeddable":true,"href":"https:\/\/www.polsoft.pl\/microsoft-surface\/wp-json\/wp\/v2\/media\/1795"}],"wp:attachment":[{"href":"https:\/\/www.polsoft.pl\/microsoft-surface\/wp-json\/wp\/v2\/media?parent=269"}],"wp:term":[{"taxonomy":"product_brand","embeddable":true,"href":"https:\/\/www.polsoft.pl\/microsoft-surface\/wp-json\/wp\/v2\/product_brand?post=269"},{"taxonomy":"product_cat","embeddable":true,"href":"https:\/\/www.polsoft.pl\/microsoft-surface\/wp-json\/wp\/v2\/product_cat?post=269"},{"taxonomy":"product_tag","embeddable":true,"href":"https:\/\/www.polsoft.pl\/microsoft-surface\/wp-json\/wp\/v2\/product_tag?post=269"}],"curies":[{"name":"wp","href":"https:\/\/api.w.org\/{rel}","templated":true}]}}