{"id":292,"date":"2020-08-11T12:49:32","date_gmt":"2020-08-11T12:49:32","guid":{"rendered":"http:\/\/polsoft.pl\/microsoft-surface\/produkt\/srfcprox-keyboard-comm-sc-eng-intl-euro-hdwr-commercial-black\/"},"modified":"2025-07-15T14:01:10","modified_gmt":"2025-07-15T12:01:10","slug":"srfcprox-keyboard-comm-sc-eng-intl-euro-hdwr-commercial-black","status":"publish","type":"product","link":"https:\/\/www.polsoft.pl\/microsoft-surface\/produkt\/srfcprox-keyboard-comm-sc-eng-intl-euro-hdwr-commercial-black\/","title":{"rendered":"SrfcProX Keyboard COMM SC Eng Intl Euro Hdwr Commercial Black"},"content":{"rendered":"<p>Klawiatura Microsoft Surface Type Cover to eleganckie, smuk\u0142e i mobilne urz\u0105dzenie, dzi\u0119ki kt\u00f3remu przez d\u0142ugie godziny pracy gwarantuje wygod\u0119 u\u017cytkowania. Klawiatura pe\u0142ni r\u00f3wnie\u017c funkcj\u0119 etui jednocze\u015bnie zabezpieczaj\u0105c ekran pod\u0142\u0105czonego do niego tabletu. Dodatkowo pod\u015bwietlana klawiatura zapewnia komfortowe warunki pracy nawet przy s\u0142abym o\u015bwietleniu. Wygodniejsze u\u017cytkowanie zapewnia r\u00f3wnie\u017c standardowy uk\u0142ad klawiszy typu QWERTY oraz pe\u0142ny rz\u0105d klawiszy funkcyjnych od F1 do F12.<\/p>\n<table>\n<tbody>\n<tr>\n<td width=\"170\">Producent:<\/td>\n<td width=\"434\">Microsoft<\/td>\n<\/tr>\n<tr>\n<td width=\"170\">Wymiary (mm):<\/td>\n<td width=\"434\">295 x 217 x 5 (sz. x g\u0142. x wys.)<\/td>\n<\/tr>\n<tr>\n<td width=\"170\">Waga:<\/td>\n<td width=\"434\">310 g<\/td>\n<\/tr>\n<tr>\n<td width=\"170\">Pod\u015bwietlenie:<\/td>\n<td width=\"434\">tak<\/td>\n<\/tr>\n<tr>\n<td width=\"170\">Kolor:<\/td>\n<td width=\"434\">czarny (black)<\/td>\n<\/tr>\n<tr>\n<td width=\"170\">Inne:<\/td>\n<td width=\"434\">\n<ul>\n<li>rozmieszczenie klawiszy \u2013 QWERTY<\/li>\n<li>klawisze mechaniczne<\/li>\n<li>pe\u0142ny rz\u0105d klawiszy funkcyjnych F1-F12<\/li>\n<li>klawisz Windows<\/li>\n<li>klawisze do sterowania multimediami i jasno\u015bci\u0105 ekranu<\/li>\n<li>akcelerometr<\/li>\n<\/ul>\n<\/td>\n<\/tr>\n<tr>\n<td width=\"170\">Pasuje do:<\/td>\n<td width=\"434\">urz\u0105dze\u0144:<\/p>\n<ul>\n<li>Microsoft Surface Pro 7<\/li>\n<li>Microsoft Surface Pro 3<\/li>\n<li>Microsoft Surface Pro 4<\/li>\n<li>Microsoft Surface Pro (5. gen.)<\/li>\n<li>Microsoft Surface Pro 6<\/li>\n<\/ul>\n<\/td>\n<\/tr>\n<\/tbody>\n<\/table>\n","protected":false},"excerpt":{"rendered":"<p>Klawiatura Microsoft Surface Type Cover to eleganckie, smuk\u0142e i mobilne urz\u0105dzenie, dzi\u0119ki kt\u00f3remu przez d\u0142ugie godziny pracy gwarantuje wygod\u0119 u\u017cytkowania. Klawiatura pe\u0142ni r\u00f3wnie\u017c funkcj\u0119 etui jednocze\u015bnie zabezpieczaj\u0105c ekran pod\u0142\u0105czonego do niego tabletu. Dodatkowo pod\u015bwietlana klawiatura zapewnia komfortowe warunki pracy nawet przy s\u0142abym o\u015bwietleniu. Wygodniejsze u\u017cytkowanie zapewnia r\u00f3wnie\u017c standardowy uk\u0142ad klawiszy typu QWERTY oraz pe\u0142ny rz\u0105d [&hellip;]<\/p>\n","protected":false},"featured_media":1828,"template":"","meta":{"site-sidebar-layout":"default","site-content-layout":"default","ast-site-content-layout":"default","site-content-style":"default","site-sidebar-style":"default","ast-global-header-display":"","ast-banner-title-visibility":"","ast-main-header-display":"","ast-hfb-above-header-display":"","ast-hfb-below-header-display":"","ast-hfb-mobile-header-display":"","site-post-title":"","ast-breadcrumbs-content":"","ast-featured-img":"","footer-sml-layout":"","ast-disable-related-posts":"","theme-transparent-header-meta":"default","adv-header-id-meta":"","stick-header-meta":"","header-above-stick-meta":"","header-main-stick-meta":"","header-below-stick-meta":"","astra-migrate-meta-layouts":"default","ast-page-background-enabled":"default","ast-page-background-meta":{"desktop":{"background-color":"","background-image":"","background-repeat":"repeat","background-position":"center center","background-size":"auto","background-attachment":"scroll","background-type":"","background-media":"","overlay-type":"","overlay-color":"","overlay-opacity":"","overlay-gradient":""},"tablet":{"background-color":"","background-image":"","background-repeat":"repeat","background-position":"center center","background-size":"auto","background-attachment":"scroll","background-type":"","background-media":"","overlay-type":"","overlay-color":"","overlay-opacity":"","overlay-gradient":""},"mobile":{"background-color":"","background-image":"","background-repeat":"repeat","background-position":"center center","background-size":"auto","background-attachment":"scroll","background-type":"","background-media":"","overlay-type":"","overlay-color":"","overlay-opacity":"","overlay-gradient":""}},"ast-content-background-meta":{"desktop":{"background-color":"var(--ast-global-color-5)","background-image":"","background-repeat":"repeat","background-position":"center center","background-size":"auto","background-attachment":"scroll","background-type":"","background-media":"","overlay-type":"","overlay-color":"","overlay-opacity":"","overlay-gradient":""},"tablet":{"background-color":"var(--ast-global-color-5)","background-image":"","background-repeat":"repeat","background-position":"center center","background-size":"auto","background-attachment":"scroll","background-type":"","background-media":"","overlay-type":"","overlay-color":"","overlay-opacity":"","overlay-gradient":""},"mobile":{"background-color":"var(--ast-global-color-5)","background-image":"","background-repeat":"repeat","background-position":"center center","background-size":"auto","background-attachment":"scroll","background-type":"","background-media":"","overlay-type":"","overlay-color":"","overlay-opacity":"","overlay-gradient":""}},"_links_to":"","_links_to_target":""},"product_brand":[],"product_cat":[],"product_tag":[],"class_list":{"0":"post-292","1":"product","2":"type-product","3":"status-publish","4":"has-post-thumbnail","6":"desktop-align-left","7":"tablet-align-left","8":"mobile-align-left","10":"first","11":"outofstock","12":"taxable","13":"shipping-taxable","14":"purchasable","15":"product-type-simple"},"yoast_head":"<!-- This site is optimized with the Yoast SEO plugin v26.7 - https:\/\/yoast.com\/wordpress\/plugins\/seo\/ -->\n<title>SrfcProX Keyboard COMM SC Eng Intl Euro Hdwr Commercial Black - Sklep rozwi\u0105za\u0144 Microsoft Surface<\/title>\n<meta name=\"robots\" content=\"index, follow, max-snippet:-1, max-image-preview:large, max-video-preview:-1\" \/>\n<link rel=\"canonical\" href=\"https:\/\/polsoft.pl\/microsoft-surface\/produkt\/srfcprox-keyboard-comm-sc-eng-intl-euro-hdwr-commercial-black\/\" \/>\n<meta property=\"og:locale\" content=\"pl_PL\" \/>\n<meta property=\"og:type\" content=\"article\" \/>\n<meta property=\"og:title\" content=\"SrfcProX Keyboard COMM SC Eng Intl Euro Hdwr Commercial Black - Sklep rozwi\u0105za\u0144 Microsoft Surface\" \/>\n<meta property=\"og:description\" content=\"Klawiatura Microsoft Surface Type Cover to eleganckie, smuk\u0142e i mobilne urz\u0105dzenie, dzi\u0119ki kt\u00f3remu przez d\u0142ugie godziny pracy gwarantuje wygod\u0119 u\u017cytkowania. Klawiatura pe\u0142ni r\u00f3wnie\u017c funkcj\u0119 etui jednocze\u015bnie zabezpieczaj\u0105c ekran pod\u0142\u0105czonego do niego tabletu. Dodatkowo pod\u015bwietlana klawiatura zapewnia komfortowe warunki pracy nawet przy s\u0142abym o\u015bwietleniu. Wygodniejsze u\u017cytkowanie zapewnia r\u00f3wnie\u017c standardowy uk\u0142ad klawiszy typu QWERTY oraz pe\u0142ny rz\u0105d [&hellip;]\" \/>\n<meta property=\"og:url\" content=\"https:\/\/polsoft.pl\/microsoft-surface\/produkt\/srfcprox-keyboard-comm-sc-eng-intl-euro-hdwr-commercial-black\/\" \/>\n<meta property=\"og:site_name\" content=\"Sklep rozwi\u0105za\u0144 Microsoft Surface\" \/>\n<meta property=\"article:modified_time\" content=\"2025-07-15T12:01:10+00:00\" \/>\n<meta property=\"og:image\" content=\"https:\/\/polsoft.pl\/microsoft-surface\/wp-content\/uploads\/2020\/09\/Klawiatura_Microsoft_Surface_PRO_X_QJX-00007.jpg\" \/>\n\t<meta property=\"og:image:width\" content=\"1200\" \/>\n\t<meta property=\"og:image:height\" content=\"1200\" \/>\n\t<meta property=\"og:image:type\" content=\"image\/jpeg\" \/>\n<meta name=\"twitter:card\" content=\"summary_large_image\" \/>\n<meta name=\"twitter:label1\" content=\"Szacowany czas czytania\" \/>\n\t<meta name=\"twitter:data1\" content=\"1 minuta\" \/>\n<script type=\"application\/ld+json\" class=\"yoast-schema-graph\">{\"@context\":\"https:\/\/schema.org\",\"@graph\":[{\"@type\":\"WebPage\",\"@id\":\"https:\/\/polsoft.pl\/microsoft-surface\/produkt\/srfcprox-keyboard-comm-sc-eng-intl-euro-hdwr-commercial-black\/\",\"url\":\"https:\/\/polsoft.pl\/microsoft-surface\/produkt\/srfcprox-keyboard-comm-sc-eng-intl-euro-hdwr-commercial-black\/\",\"name\":\"SrfcProX Keyboard COMM SC Eng Intl Euro Hdwr Commercial Black - Sklep rozwi\u0105za\u0144 Microsoft Surface\",\"isPartOf\":{\"@id\":\"https:\/\/polsoft.pl\/microsoft-surface\/#website\"},\"primaryImageOfPage\":{\"@id\":\"https:\/\/polsoft.pl\/microsoft-surface\/produkt\/srfcprox-keyboard-comm-sc-eng-intl-euro-hdwr-commercial-black\/#primaryimage\"},\"image\":{\"@id\":\"https:\/\/polsoft.pl\/microsoft-surface\/produkt\/srfcprox-keyboard-comm-sc-eng-intl-euro-hdwr-commercial-black\/#primaryimage\"},\"thumbnailUrl\":\"https:\/\/www.polsoft.pl\/microsoft-surface\/wp-content\/uploads\/2020\/09\/Klawiatura_Microsoft_Surface_PRO_X_QJX-00007.jpg\",\"datePublished\":\"2020-08-11T12:49:32+00:00\",\"dateModified\":\"2025-07-15T12:01:10+00:00\",\"breadcrumb\":{\"@id\":\"https:\/\/polsoft.pl\/microsoft-surface\/produkt\/srfcprox-keyboard-comm-sc-eng-intl-euro-hdwr-commercial-black\/#breadcrumb\"},\"inLanguage\":\"pl-PL\",\"potentialAction\":[{\"@type\":\"ReadAction\",\"target\":[\"https:\/\/polsoft.pl\/microsoft-surface\/produkt\/srfcprox-keyboard-comm-sc-eng-intl-euro-hdwr-commercial-black\/\"]}]},{\"@type\":\"ImageObject\",\"inLanguage\":\"pl-PL\",\"@id\":\"https:\/\/polsoft.pl\/microsoft-surface\/produkt\/srfcprox-keyboard-comm-sc-eng-intl-euro-hdwr-commercial-black\/#primaryimage\",\"url\":\"https:\/\/www.polsoft.pl\/microsoft-surface\/wp-content\/uploads\/2020\/09\/Klawiatura_Microsoft_Surface_PRO_X_QJX-00007.jpg\",\"contentUrl\":\"https:\/\/www.polsoft.pl\/microsoft-surface\/wp-content\/uploads\/2020\/09\/Klawiatura_Microsoft_Surface_PRO_X_QJX-00007.jpg\",\"width\":1200,\"height\":1200,\"caption\":\"Zdj\u0119cie produktu - klawiatura Microsoft Surface Pro X\"},{\"@type\":\"BreadcrumbList\",\"@id\":\"https:\/\/polsoft.pl\/microsoft-surface\/produkt\/srfcprox-keyboard-comm-sc-eng-intl-euro-hdwr-commercial-black\/#breadcrumb\",\"itemListElement\":[{\"@type\":\"ListItem\",\"position\":1,\"name\":\"Strona g\u0142\u00f3wna\",\"item\":\"https:\/\/polsoft.pl\/microsoft-surface\/\"},{\"@type\":\"ListItem\",\"position\":2,\"name\":\"Sklep\",\"item\":\"https:\/\/polsoft.pl\/microsoft-surface\/sklep\/\"},{\"@type\":\"ListItem\",\"position\":3,\"name\":\"SrfcProX Keyboard COMM SC Eng Intl Euro Hdwr Commercial Black\"}]},{\"@type\":\"WebSite\",\"@id\":\"https:\/\/polsoft.pl\/microsoft-surface\/#website\",\"url\":\"https:\/\/polsoft.pl\/microsoft-surface\/\",\"name\":\"Sklep Microsoft Surface\",\"description\":\"Sklep Microsoft Surface\",\"publisher\":{\"@id\":\"https:\/\/polsoft.pl\/microsoft-surface\/#organization\"},\"potentialAction\":[{\"@type\":\"SearchAction\",\"target\":{\"@type\":\"EntryPoint\",\"urlTemplate\":\"https:\/\/polsoft.pl\/microsoft-surface\/?s={search_term_string}\"},\"query-input\":{\"@type\":\"PropertyValueSpecification\",\"valueRequired\":true,\"valueName\":\"search_term_string\"}}],\"inLanguage\":\"pl-PL\"},{\"@type\":\"Organization\",\"@id\":\"https:\/\/polsoft.pl\/microsoft-surface\/#organization\",\"name\":\"Polsoft Engineering Sp. z o.o.\",\"url\":\"https:\/\/polsoft.pl\/microsoft-surface\/\",\"logo\":{\"@type\":\"ImageObject\",\"inLanguage\":\"pl-PL\",\"@id\":\"https:\/\/polsoft.pl\/microsoft-surface\/#\/schema\/logo\/image\/\",\"url\":\"https:\/\/www.polsoft.pl\/microsoft-surface\/wp-content\/uploads\/2020\/10\/microsoft_partner_logo_black_polsoft.png\",\"contentUrl\":\"https:\/\/www.polsoft.pl\/microsoft-surface\/wp-content\/uploads\/2020\/10\/microsoft_partner_logo_black_polsoft.png\",\"width\":613,\"height\":158,\"caption\":\"Polsoft Engineering Sp. z o.o.\"},\"image\":{\"@id\":\"https:\/\/polsoft.pl\/microsoft-surface\/#\/schema\/logo\/image\/\"}}]}<\/script>\n<!-- \/ Yoast SEO plugin. -->","yoast_head_json":{"title":"SrfcProX Keyboard COMM SC Eng Intl Euro Hdwr Commercial Black - Sklep rozwi\u0105za\u0144 Microsoft Surface","robots":{"index":"index","follow":"follow","max-snippet":"max-snippet:-1","max-image-preview":"max-image-preview:large","max-video-preview":"max-video-preview:-1"},"canonical":"https:\/\/polsoft.pl\/microsoft-surface\/produkt\/srfcprox-keyboard-comm-sc-eng-intl-euro-hdwr-commercial-black\/","og_locale":"pl_PL","og_type":"article","og_title":"SrfcProX Keyboard COMM SC Eng Intl Euro Hdwr Commercial Black - Sklep rozwi\u0105za\u0144 Microsoft Surface","og_description":"Klawiatura Microsoft Surface Type Cover to eleganckie, smuk\u0142e i mobilne urz\u0105dzenie, dzi\u0119ki kt\u00f3remu przez d\u0142ugie godziny pracy gwarantuje wygod\u0119 u\u017cytkowania. Klawiatura pe\u0142ni r\u00f3wnie\u017c funkcj\u0119 etui jednocze\u015bnie zabezpieczaj\u0105c ekran pod\u0142\u0105czonego do niego tabletu. Dodatkowo pod\u015bwietlana klawiatura zapewnia komfortowe warunki pracy nawet przy s\u0142abym o\u015bwietleniu. Wygodniejsze u\u017cytkowanie zapewnia r\u00f3wnie\u017c standardowy uk\u0142ad klawiszy typu QWERTY oraz pe\u0142ny rz\u0105d [&hellip;]","og_url":"https:\/\/polsoft.pl\/microsoft-surface\/produkt\/srfcprox-keyboard-comm-sc-eng-intl-euro-hdwr-commercial-black\/","og_site_name":"Sklep rozwi\u0105za\u0144 Microsoft Surface","article_modified_time":"2025-07-15T12:01:10+00:00","og_image":[{"width":1200,"height":1200,"url":"https:\/\/polsoft.pl\/microsoft-surface\/wp-content\/uploads\/2020\/09\/Klawiatura_Microsoft_Surface_PRO_X_QJX-00007.jpg","type":"image\/jpeg"}],"twitter_card":"summary_large_image","twitter_misc":{"Szacowany czas czytania":"1 minuta"},"schema":{"@context":"https:\/\/schema.org","@graph":[{"@type":"WebPage","@id":"https:\/\/polsoft.pl\/microsoft-surface\/produkt\/srfcprox-keyboard-comm-sc-eng-intl-euro-hdwr-commercial-black\/","url":"https:\/\/polsoft.pl\/microsoft-surface\/produkt\/srfcprox-keyboard-comm-sc-eng-intl-euro-hdwr-commercial-black\/","name":"SrfcProX Keyboard COMM SC Eng Intl Euro Hdwr Commercial Black - Sklep rozwi\u0105za\u0144 Microsoft Surface","isPartOf":{"@id":"https:\/\/polsoft.pl\/microsoft-surface\/#website"},"primaryImageOfPage":{"@id":"https:\/\/polsoft.pl\/microsoft-surface\/produkt\/srfcprox-keyboard-comm-sc-eng-intl-euro-hdwr-commercial-black\/#primaryimage"},"image":{"@id":"https:\/\/polsoft.pl\/microsoft-surface\/produkt\/srfcprox-keyboard-comm-sc-eng-intl-euro-hdwr-commercial-black\/#primaryimage"},"thumbnailUrl":"https:\/\/www.polsoft.pl\/microsoft-surface\/wp-content\/uploads\/2020\/09\/Klawiatura_Microsoft_Surface_PRO_X_QJX-00007.jpg","datePublished":"2020-08-11T12:49:32+00:00","dateModified":"2025-07-15T12:01:10+00:00","breadcrumb":{"@id":"https:\/\/polsoft.pl\/microsoft-surface\/produkt\/srfcprox-keyboard-comm-sc-eng-intl-euro-hdwr-commercial-black\/#breadcrumb"},"inLanguage":"pl-PL","potentialAction":[{"@type":"ReadAction","target":["https:\/\/polsoft.pl\/microsoft-surface\/produkt\/srfcprox-keyboard-comm-sc-eng-intl-euro-hdwr-commercial-black\/"]}]},{"@type":"ImageObject","inLanguage":"pl-PL","@id":"https:\/\/polsoft.pl\/microsoft-surface\/produkt\/srfcprox-keyboard-comm-sc-eng-intl-euro-hdwr-commercial-black\/#primaryimage","url":"https:\/\/www.polsoft.pl\/microsoft-surface\/wp-content\/uploads\/2020\/09\/Klawiatura_Microsoft_Surface_PRO_X_QJX-00007.jpg","contentUrl":"https:\/\/www.polsoft.pl\/microsoft-surface\/wp-content\/uploads\/2020\/09\/Klawiatura_Microsoft_Surface_PRO_X_QJX-00007.jpg","width":1200,"height":1200,"caption":"Zdj\u0119cie produktu - klawiatura Microsoft Surface Pro X"},{"@type":"BreadcrumbList","@id":"https:\/\/polsoft.pl\/microsoft-surface\/produkt\/srfcprox-keyboard-comm-sc-eng-intl-euro-hdwr-commercial-black\/#breadcrumb","itemListElement":[{"@type":"ListItem","position":1,"name":"Strona g\u0142\u00f3wna","item":"https:\/\/polsoft.pl\/microsoft-surface\/"},{"@type":"ListItem","position":2,"name":"Sklep","item":"https:\/\/polsoft.pl\/microsoft-surface\/sklep\/"},{"@type":"ListItem","position":3,"name":"SrfcProX Keyboard COMM SC Eng Intl Euro Hdwr Commercial Black"}]},{"@type":"WebSite","@id":"https:\/\/polsoft.pl\/microsoft-surface\/#website","url":"https:\/\/polsoft.pl\/microsoft-surface\/","name":"Sklep Microsoft Surface","description":"Sklep Microsoft Surface","publisher":{"@id":"https:\/\/polsoft.pl\/microsoft-surface\/#organization"},"potentialAction":[{"@type":"SearchAction","target":{"@type":"EntryPoint","urlTemplate":"https:\/\/polsoft.pl\/microsoft-surface\/?s={search_term_string}"},"query-input":{"@type":"PropertyValueSpecification","valueRequired":true,"valueName":"search_term_string"}}],"inLanguage":"pl-PL"},{"@type":"Organization","@id":"https:\/\/polsoft.pl\/microsoft-surface\/#organization","name":"Polsoft Engineering Sp. z o.o.","url":"https:\/\/polsoft.pl\/microsoft-surface\/","logo":{"@type":"ImageObject","inLanguage":"pl-PL","@id":"https:\/\/polsoft.pl\/microsoft-surface\/#\/schema\/logo\/image\/","url":"https:\/\/www.polsoft.pl\/microsoft-surface\/wp-content\/uploads\/2020\/10\/microsoft_partner_logo_black_polsoft.png","contentUrl":"https:\/\/www.polsoft.pl\/microsoft-surface\/wp-content\/uploads\/2020\/10\/microsoft_partner_logo_black_polsoft.png","width":613,"height":158,"caption":"Polsoft Engineering Sp. z o.o."},"image":{"@id":"https:\/\/polsoft.pl\/microsoft-surface\/#\/schema\/logo\/image\/"}}]}},"_links":{"self":[{"href":"https:\/\/www.polsoft.pl\/microsoft-surface\/wp-json\/wp\/v2\/product\/292","targetHints":{"allow":["GET"]}}],"collection":[{"href":"https:\/\/www.polsoft.pl\/microsoft-surface\/wp-json\/wp\/v2\/product"}],"about":[{"href":"https:\/\/www.polsoft.pl\/microsoft-surface\/wp-json\/wp\/v2\/types\/product"}],"version-history":[{"count":6,"href":"https:\/\/www.polsoft.pl\/microsoft-surface\/wp-json\/wp\/v2\/product\/292\/revisions"}],"predecessor-version":[{"id":3146,"href":"https:\/\/www.polsoft.pl\/microsoft-surface\/wp-json\/wp\/v2\/product\/292\/revisions\/3146"}],"wp:featuredmedia":[{"embeddable":true,"href":"https:\/\/www.polsoft.pl\/microsoft-surface\/wp-json\/wp\/v2\/media\/1828"}],"wp:attachment":[{"href":"https:\/\/www.polsoft.pl\/microsoft-surface\/wp-json\/wp\/v2\/media?parent=292"}],"wp:term":[{"taxonomy":"product_brand","embeddable":true,"href":"https:\/\/www.polsoft.pl\/microsoft-surface\/wp-json\/wp\/v2\/product_brand?post=292"},{"taxonomy":"product_cat","embeddable":true,"href":"https:\/\/www.polsoft.pl\/microsoft-surface\/wp-json\/wp\/v2\/product_cat?post=292"},{"taxonomy":"product_tag","embeddable":true,"href":"https:\/\/www.polsoft.pl\/microsoft-surface\/wp-json\/wp\/v2\/product_tag?post=292"}],"curies":[{"name":"wp","href":"https:\/\/api.w.org\/{rel}","templated":true}]}}