{"id":296,"date":"2020-08-11T12:49:32","date_gmt":"2020-08-11T12:49:32","guid":{"rendered":"http:\/\/polsoft.pl\/microsoft-surface\/produkt\/surface-go-type-cover-commercial-cobalt-blue\/"},"modified":"2025-07-15T14:01:09","modified_gmt":"2025-07-15T12:01:09","slug":"surface-go-type-cover-commercial-cobalt-blue","status":"publish","type":"product","link":"https:\/\/www.polsoft.pl\/microsoft-surface\/produkt\/surface-go-type-cover-commercial-cobalt-blue\/","title":{"rendered":"Surface Go Type Cover Commercial COBALT BLUE"},"content":{"rendered":"<p>W jednej chwili zamie\u0144 sw\u00f3j tablet w laptop pod\u0142\u0105czaj\u0105c do niego klawiatur\u0119 Microsoft Surface Type Cover. Elegancja, smuk\u0142o\u015b\u0107 i mobilno\u015b\u0107 to g\u0142\u00f3wne cechy charakteryzuj\u0105ce to akcesorium. Jest jednym z niezb\u0119dnych dodatk\u00f3w dost\u0119pnych dla tabletu Microsoft Surface Go. Klawiatura ta pe\u0142ni r\u00f3wnie\u017c funkcj\u0119 etui jednocze\u015bnie chroni\u0105c pow\u0142ok\u0119 przed zarysowaniami. Natomiast pod\u015bwietlane klawisze zapewniaj\u0105 wygod\u0119 pracy przy s\u0142abym o\u015bwietleniu. Dodatkowo Klawiatura Microsoft Surface Type Cover, posiada standardowe rozmieszczenie klawiszy QWERTY oraz rz\u0105d pe\u0142nych klawiszy funkcyjnych od F1 do F12.<\/p>\n<p>&nbsp;<\/p>\n<table>\n<tbody>\n<tr>\n<td width=\"170\">Producent:<\/td>\n<td width=\"434\">Microsoft<\/td>\n<\/tr>\n<tr>\n<td width=\"170\">Wymiary (mm):<\/td>\n<td width=\"434\">248 x 190 x 4.5 (sz. x g\u0142. x wys.)<\/td>\n<\/tr>\n<tr>\n<td width=\"170\">Waga:<\/td>\n<td width=\"434\">245 g<\/td>\n<\/tr>\n<tr>\n<td width=\"170\">Pod\u015bwietlenie:<\/td>\n<td width=\"434\">tak<\/td>\n<\/tr>\n<tr>\n<td width=\"170\">Kolor, materia\u0142:<\/td>\n<td width=\"434\">blue (cobalt blue), mikrofibra<\/td>\n<\/tr>\n<tr>\n<td width=\"170\">Inne:<\/td>\n<td width=\"434\">\n<ul>\n<li>rozmieszczenie klawiszy \u2013 QWERTY<\/li>\n<li>klawisze mechaniczne<\/li>\n<li>pe\u0142ny rz\u0105d klawiszy funkcyjnych F1-F12<\/li>\n<li>klawisz Windows<\/li>\n<li>klawisze do sterowania multimediami i jasno\u015bci\u0105 ekranu<\/li>\n<li>akcelerometr<\/li>\n<li>szklany trackpad<\/li>\n<\/ul>\n<\/td>\n<\/tr>\n<tr>\n<td width=\"170\">Pasuje do:<\/td>\n<td width=\"434\">Microsoft Surface Go<\/td>\n<\/tr>\n<\/tbody>\n<\/table>\n","protected":false},"excerpt":{"rendered":"<p>W jednej chwili zamie\u0144 sw\u00f3j tablet w laptop pod\u0142\u0105czaj\u0105c do niego klawiatur\u0119 Microsoft Surface Type Cover. Elegancja, smuk\u0142o\u015b\u0107 i mobilno\u015b\u0107 to g\u0142\u00f3wne cechy charakteryzuj\u0105ce to akcesorium. Jest jednym z niezb\u0119dnych dodatk\u00f3w dost\u0119pnych dla tabletu Microsoft Surface Go. Klawiatura ta pe\u0142ni r\u00f3wnie\u017c funkcj\u0119 etui jednocze\u015bnie chroni\u0105c pow\u0142ok\u0119 przed zarysowaniami. Natomiast pod\u015bwietlane klawisze zapewniaj\u0105 wygod\u0119 pracy przy [&hellip;]<\/p>\n","protected":false},"featured_media":1813,"template":"","meta":{"site-sidebar-layout":"default","site-content-layout":"default","ast-site-content-layout":"default","site-content-style":"default","site-sidebar-style":"default","ast-global-header-display":"","ast-banner-title-visibility":"","ast-main-header-display":"","ast-hfb-above-header-display":"","ast-hfb-below-header-display":"","ast-hfb-mobile-header-display":"","site-post-title":"","ast-breadcrumbs-content":"","ast-featured-img":"","footer-sml-layout":"","ast-disable-related-posts":"","theme-transparent-header-meta":"default","adv-header-id-meta":"","stick-header-meta":"","header-above-stick-meta":"","header-main-stick-meta":"","header-below-stick-meta":"","astra-migrate-meta-layouts":"default","ast-page-background-enabled":"default","ast-page-background-meta":{"desktop":{"background-color":"","background-image":"","background-repeat":"repeat","background-position":"center center","background-size":"auto","background-attachment":"scroll","background-type":"","background-media":"","overlay-type":"","overlay-color":"","overlay-opacity":"","overlay-gradient":""},"tablet":{"background-color":"","background-image":"","background-repeat":"repeat","background-position":"center center","background-size":"auto","background-attachment":"scroll","background-type":"","background-media":"","overlay-type":"","overlay-color":"","overlay-opacity":"","overlay-gradient":""},"mobile":{"background-color":"","background-image":"","background-repeat":"repeat","background-position":"center center","background-size":"auto","background-attachment":"scroll","background-type":"","background-media":"","overlay-type":"","overlay-color":"","overlay-opacity":"","overlay-gradient":""}},"ast-content-background-meta":{"desktop":{"background-color":"var(--ast-global-color-5)","background-image":"","background-repeat":"repeat","background-position":"center center","background-size":"auto","background-attachment":"scroll","background-type":"","background-media":"","overlay-type":"","overlay-color":"","overlay-opacity":"","overlay-gradient":""},"tablet":{"background-color":"var(--ast-global-color-5)","background-image":"","background-repeat":"repeat","background-position":"center center","background-size":"auto","background-attachment":"scroll","background-type":"","background-media":"","overlay-type":"","overlay-color":"","overlay-opacity":"","overlay-gradient":""},"mobile":{"background-color":"var(--ast-global-color-5)","background-image":"","background-repeat":"repeat","background-position":"center center","background-size":"auto","background-attachment":"scroll","background-type":"","background-media":"","overlay-type":"","overlay-color":"","overlay-opacity":"","overlay-gradient":""}},"_links_to":"","_links_to_target":""},"product_brand":[],"product_cat":[],"product_tag":[],"class_list":{"0":"post-296","1":"product","2":"type-product","3":"status-publish","4":"has-post-thumbnail","6":"desktop-align-left","7":"tablet-align-left","8":"mobile-align-left","10":"first","11":"outofstock","12":"taxable","13":"shipping-taxable","14":"purchasable","15":"product-type-simple"},"yoast_head":"<!-- This site is optimized with the Yoast SEO plugin v26.7 - https:\/\/yoast.com\/wordpress\/plugins\/seo\/ -->\n<title>Surface Go Type Cover Commercial COBALT BLUE - Sklep rozwi\u0105za\u0144 Microsoft Surface<\/title>\n<meta name=\"robots\" content=\"index, follow, max-snippet:-1, max-image-preview:large, max-video-preview:-1\" \/>\n<link rel=\"canonical\" href=\"https:\/\/polsoft.pl\/microsoft-surface\/produkt\/surface-go-type-cover-commercial-cobalt-blue\/\" \/>\n<meta property=\"og:locale\" content=\"pl_PL\" \/>\n<meta property=\"og:type\" content=\"article\" \/>\n<meta property=\"og:title\" content=\"Surface Go Type Cover Commercial COBALT BLUE - Sklep rozwi\u0105za\u0144 Microsoft Surface\" \/>\n<meta property=\"og:description\" content=\"W jednej chwili zamie\u0144 sw\u00f3j tablet w laptop pod\u0142\u0105czaj\u0105c do niego klawiatur\u0119 Microsoft Surface Type Cover. Elegancja, smuk\u0142o\u015b\u0107 i mobilno\u015b\u0107 to g\u0142\u00f3wne cechy charakteryzuj\u0105ce to akcesorium. Jest jednym z niezb\u0119dnych dodatk\u00f3w dost\u0119pnych dla tabletu Microsoft Surface Go. Klawiatura ta pe\u0142ni r\u00f3wnie\u017c funkcj\u0119 etui jednocze\u015bnie chroni\u0105c pow\u0142ok\u0119 przed zarysowaniami. Natomiast pod\u015bwietlane klawisze zapewniaj\u0105 wygod\u0119 pracy przy [&hellip;]\" \/>\n<meta property=\"og:url\" content=\"https:\/\/polsoft.pl\/microsoft-surface\/produkt\/surface-go-type-cover-commercial-cobalt-blue\/\" \/>\n<meta property=\"og:site_name\" content=\"Sklep rozwi\u0105za\u0144 Microsoft Surface\" \/>\n<meta property=\"article:modified_time\" content=\"2025-07-15T12:01:09+00:00\" \/>\n<meta property=\"og:image\" content=\"https:\/\/polsoft.pl\/microsoft-surface\/wp-content\/uploads\/2020\/09\/Klawiatura_Microsoft_Surface_Go_KCT-00033.jpg\" \/>\n\t<meta property=\"og:image:width\" content=\"400\" \/>\n\t<meta property=\"og:image:height\" content=\"400\" \/>\n\t<meta property=\"og:image:type\" content=\"image\/jpeg\" \/>\n<meta name=\"twitter:card\" content=\"summary_large_image\" \/>\n<meta name=\"twitter:label1\" content=\"Szacowany czas czytania\" \/>\n\t<meta name=\"twitter:data1\" content=\"1 minuta\" \/>\n<script type=\"application\/ld+json\" class=\"yoast-schema-graph\">{\"@context\":\"https:\/\/schema.org\",\"@graph\":[{\"@type\":\"WebPage\",\"@id\":\"https:\/\/polsoft.pl\/microsoft-surface\/produkt\/surface-go-type-cover-commercial-cobalt-blue\/\",\"url\":\"https:\/\/polsoft.pl\/microsoft-surface\/produkt\/surface-go-type-cover-commercial-cobalt-blue\/\",\"name\":\"Surface Go Type Cover Commercial COBALT BLUE - Sklep rozwi\u0105za\u0144 Microsoft Surface\",\"isPartOf\":{\"@id\":\"https:\/\/polsoft.pl\/microsoft-surface\/#website\"},\"primaryImageOfPage\":{\"@id\":\"https:\/\/polsoft.pl\/microsoft-surface\/produkt\/surface-go-type-cover-commercial-cobalt-blue\/#primaryimage\"},\"image\":{\"@id\":\"https:\/\/polsoft.pl\/microsoft-surface\/produkt\/surface-go-type-cover-commercial-cobalt-blue\/#primaryimage\"},\"thumbnailUrl\":\"https:\/\/www.polsoft.pl\/microsoft-surface\/wp-content\/uploads\/2020\/09\/Klawiatura_Microsoft_Surface_Go_KCT-00033.jpg\",\"datePublished\":\"2020-08-11T12:49:32+00:00\",\"dateModified\":\"2025-07-15T12:01:09+00:00\",\"breadcrumb\":{\"@id\":\"https:\/\/polsoft.pl\/microsoft-surface\/produkt\/surface-go-type-cover-commercial-cobalt-blue\/#breadcrumb\"},\"inLanguage\":\"pl-PL\",\"potentialAction\":[{\"@type\":\"ReadAction\",\"target\":[\"https:\/\/polsoft.pl\/microsoft-surface\/produkt\/surface-go-type-cover-commercial-cobalt-blue\/\"]}]},{\"@type\":\"ImageObject\",\"inLanguage\":\"pl-PL\",\"@id\":\"https:\/\/polsoft.pl\/microsoft-surface\/produkt\/surface-go-type-cover-commercial-cobalt-blue\/#primaryimage\",\"url\":\"https:\/\/www.polsoft.pl\/microsoft-surface\/wp-content\/uploads\/2020\/09\/Klawiatura_Microsoft_Surface_Go_KCT-00033.jpg\",\"contentUrl\":\"https:\/\/www.polsoft.pl\/microsoft-surface\/wp-content\/uploads\/2020\/09\/Klawiatura_Microsoft_Surface_Go_KCT-00033.jpg\",\"width\":400,\"height\":400,\"caption\":\"Zdj\u0119cie produktu - klawiatura Microsoft Surface Go\"},{\"@type\":\"BreadcrumbList\",\"@id\":\"https:\/\/polsoft.pl\/microsoft-surface\/produkt\/surface-go-type-cover-commercial-cobalt-blue\/#breadcrumb\",\"itemListElement\":[{\"@type\":\"ListItem\",\"position\":1,\"name\":\"Strona g\u0142\u00f3wna\",\"item\":\"https:\/\/polsoft.pl\/microsoft-surface\/\"},{\"@type\":\"ListItem\",\"position\":2,\"name\":\"Sklep\",\"item\":\"https:\/\/polsoft.pl\/microsoft-surface\/sklep\/\"},{\"@type\":\"ListItem\",\"position\":3,\"name\":\"Surface Go Type Cover Commercial COBALT BLUE\"}]},{\"@type\":\"WebSite\",\"@id\":\"https:\/\/polsoft.pl\/microsoft-surface\/#website\",\"url\":\"https:\/\/polsoft.pl\/microsoft-surface\/\",\"name\":\"Sklep Microsoft Surface\",\"description\":\"Sklep Microsoft Surface\",\"publisher\":{\"@id\":\"https:\/\/polsoft.pl\/microsoft-surface\/#organization\"},\"potentialAction\":[{\"@type\":\"SearchAction\",\"target\":{\"@type\":\"EntryPoint\",\"urlTemplate\":\"https:\/\/polsoft.pl\/microsoft-surface\/?s={search_term_string}\"},\"query-input\":{\"@type\":\"PropertyValueSpecification\",\"valueRequired\":true,\"valueName\":\"search_term_string\"}}],\"inLanguage\":\"pl-PL\"},{\"@type\":\"Organization\",\"@id\":\"https:\/\/polsoft.pl\/microsoft-surface\/#organization\",\"name\":\"Polsoft Engineering Sp. z o.o.\",\"url\":\"https:\/\/polsoft.pl\/microsoft-surface\/\",\"logo\":{\"@type\":\"ImageObject\",\"inLanguage\":\"pl-PL\",\"@id\":\"https:\/\/polsoft.pl\/microsoft-surface\/#\/schema\/logo\/image\/\",\"url\":\"https:\/\/www.polsoft.pl\/microsoft-surface\/wp-content\/uploads\/2020\/10\/microsoft_partner_logo_black_polsoft.png\",\"contentUrl\":\"https:\/\/www.polsoft.pl\/microsoft-surface\/wp-content\/uploads\/2020\/10\/microsoft_partner_logo_black_polsoft.png\",\"width\":613,\"height\":158,\"caption\":\"Polsoft Engineering Sp. z o.o.\"},\"image\":{\"@id\":\"https:\/\/polsoft.pl\/microsoft-surface\/#\/schema\/logo\/image\/\"}}]}<\/script>\n<!-- \/ Yoast SEO plugin. -->","yoast_head_json":{"title":"Surface Go Type Cover Commercial COBALT BLUE - Sklep rozwi\u0105za\u0144 Microsoft Surface","robots":{"index":"index","follow":"follow","max-snippet":"max-snippet:-1","max-image-preview":"max-image-preview:large","max-video-preview":"max-video-preview:-1"},"canonical":"https:\/\/polsoft.pl\/microsoft-surface\/produkt\/surface-go-type-cover-commercial-cobalt-blue\/","og_locale":"pl_PL","og_type":"article","og_title":"Surface Go Type Cover Commercial COBALT BLUE - Sklep rozwi\u0105za\u0144 Microsoft Surface","og_description":"W jednej chwili zamie\u0144 sw\u00f3j tablet w laptop pod\u0142\u0105czaj\u0105c do niego klawiatur\u0119 Microsoft Surface Type Cover. Elegancja, smuk\u0142o\u015b\u0107 i mobilno\u015b\u0107 to g\u0142\u00f3wne cechy charakteryzuj\u0105ce to akcesorium. Jest jednym z niezb\u0119dnych dodatk\u00f3w dost\u0119pnych dla tabletu Microsoft Surface Go. Klawiatura ta pe\u0142ni r\u00f3wnie\u017c funkcj\u0119 etui jednocze\u015bnie chroni\u0105c pow\u0142ok\u0119 przed zarysowaniami. Natomiast pod\u015bwietlane klawisze zapewniaj\u0105 wygod\u0119 pracy przy [&hellip;]","og_url":"https:\/\/polsoft.pl\/microsoft-surface\/produkt\/surface-go-type-cover-commercial-cobalt-blue\/","og_site_name":"Sklep rozwi\u0105za\u0144 Microsoft Surface","article_modified_time":"2025-07-15T12:01:09+00:00","og_image":[{"width":400,"height":400,"url":"https:\/\/polsoft.pl\/microsoft-surface\/wp-content\/uploads\/2020\/09\/Klawiatura_Microsoft_Surface_Go_KCT-00033.jpg","type":"image\/jpeg"}],"twitter_card":"summary_large_image","twitter_misc":{"Szacowany czas czytania":"1 minuta"},"schema":{"@context":"https:\/\/schema.org","@graph":[{"@type":"WebPage","@id":"https:\/\/polsoft.pl\/microsoft-surface\/produkt\/surface-go-type-cover-commercial-cobalt-blue\/","url":"https:\/\/polsoft.pl\/microsoft-surface\/produkt\/surface-go-type-cover-commercial-cobalt-blue\/","name":"Surface Go Type Cover Commercial COBALT BLUE - Sklep rozwi\u0105za\u0144 Microsoft Surface","isPartOf":{"@id":"https:\/\/polsoft.pl\/microsoft-surface\/#website"},"primaryImageOfPage":{"@id":"https:\/\/polsoft.pl\/microsoft-surface\/produkt\/surface-go-type-cover-commercial-cobalt-blue\/#primaryimage"},"image":{"@id":"https:\/\/polsoft.pl\/microsoft-surface\/produkt\/surface-go-type-cover-commercial-cobalt-blue\/#primaryimage"},"thumbnailUrl":"https:\/\/www.polsoft.pl\/microsoft-surface\/wp-content\/uploads\/2020\/09\/Klawiatura_Microsoft_Surface_Go_KCT-00033.jpg","datePublished":"2020-08-11T12:49:32+00:00","dateModified":"2025-07-15T12:01:09+00:00","breadcrumb":{"@id":"https:\/\/polsoft.pl\/microsoft-surface\/produkt\/surface-go-type-cover-commercial-cobalt-blue\/#breadcrumb"},"inLanguage":"pl-PL","potentialAction":[{"@type":"ReadAction","target":["https:\/\/polsoft.pl\/microsoft-surface\/produkt\/surface-go-type-cover-commercial-cobalt-blue\/"]}]},{"@type":"ImageObject","inLanguage":"pl-PL","@id":"https:\/\/polsoft.pl\/microsoft-surface\/produkt\/surface-go-type-cover-commercial-cobalt-blue\/#primaryimage","url":"https:\/\/www.polsoft.pl\/microsoft-surface\/wp-content\/uploads\/2020\/09\/Klawiatura_Microsoft_Surface_Go_KCT-00033.jpg","contentUrl":"https:\/\/www.polsoft.pl\/microsoft-surface\/wp-content\/uploads\/2020\/09\/Klawiatura_Microsoft_Surface_Go_KCT-00033.jpg","width":400,"height":400,"caption":"Zdj\u0119cie produktu - klawiatura Microsoft Surface Go"},{"@type":"BreadcrumbList","@id":"https:\/\/polsoft.pl\/microsoft-surface\/produkt\/surface-go-type-cover-commercial-cobalt-blue\/#breadcrumb","itemListElement":[{"@type":"ListItem","position":1,"name":"Strona g\u0142\u00f3wna","item":"https:\/\/polsoft.pl\/microsoft-surface\/"},{"@type":"ListItem","position":2,"name":"Sklep","item":"https:\/\/polsoft.pl\/microsoft-surface\/sklep\/"},{"@type":"ListItem","position":3,"name":"Surface Go Type Cover Commercial COBALT BLUE"}]},{"@type":"WebSite","@id":"https:\/\/polsoft.pl\/microsoft-surface\/#website","url":"https:\/\/polsoft.pl\/microsoft-surface\/","name":"Sklep Microsoft Surface","description":"Sklep Microsoft Surface","publisher":{"@id":"https:\/\/polsoft.pl\/microsoft-surface\/#organization"},"potentialAction":[{"@type":"SearchAction","target":{"@type":"EntryPoint","urlTemplate":"https:\/\/polsoft.pl\/microsoft-surface\/?s={search_term_string}"},"query-input":{"@type":"PropertyValueSpecification","valueRequired":true,"valueName":"search_term_string"}}],"inLanguage":"pl-PL"},{"@type":"Organization","@id":"https:\/\/polsoft.pl\/microsoft-surface\/#organization","name":"Polsoft Engineering Sp. z o.o.","url":"https:\/\/polsoft.pl\/microsoft-surface\/","logo":{"@type":"ImageObject","inLanguage":"pl-PL","@id":"https:\/\/polsoft.pl\/microsoft-surface\/#\/schema\/logo\/image\/","url":"https:\/\/www.polsoft.pl\/microsoft-surface\/wp-content\/uploads\/2020\/10\/microsoft_partner_logo_black_polsoft.png","contentUrl":"https:\/\/www.polsoft.pl\/microsoft-surface\/wp-content\/uploads\/2020\/10\/microsoft_partner_logo_black_polsoft.png","width":613,"height":158,"caption":"Polsoft Engineering Sp. z o.o."},"image":{"@id":"https:\/\/polsoft.pl\/microsoft-surface\/#\/schema\/logo\/image\/"}}]}},"_links":{"self":[{"href":"https:\/\/www.polsoft.pl\/microsoft-surface\/wp-json\/wp\/v2\/product\/296","targetHints":{"allow":["GET"]}}],"collection":[{"href":"https:\/\/www.polsoft.pl\/microsoft-surface\/wp-json\/wp\/v2\/product"}],"about":[{"href":"https:\/\/www.polsoft.pl\/microsoft-surface\/wp-json\/wp\/v2\/types\/product"}],"version-history":[{"count":5,"href":"https:\/\/www.polsoft.pl\/microsoft-surface\/wp-json\/wp\/v2\/product\/296\/revisions"}],"predecessor-version":[{"id":3198,"href":"https:\/\/www.polsoft.pl\/microsoft-surface\/wp-json\/wp\/v2\/product\/296\/revisions\/3198"}],"wp:featuredmedia":[{"embeddable":true,"href":"https:\/\/www.polsoft.pl\/microsoft-surface\/wp-json\/wp\/v2\/media\/1813"}],"wp:attachment":[{"href":"https:\/\/www.polsoft.pl\/microsoft-surface\/wp-json\/wp\/v2\/media?parent=296"}],"wp:term":[{"taxonomy":"product_brand","embeddable":true,"href":"https:\/\/www.polsoft.pl\/microsoft-surface\/wp-json\/wp\/v2\/product_brand?post=296"},{"taxonomy":"product_cat","embeddable":true,"href":"https:\/\/www.polsoft.pl\/microsoft-surface\/wp-json\/wp\/v2\/product_cat?post=296"},{"taxonomy":"product_tag","embeddable":true,"href":"https:\/\/www.polsoft.pl\/microsoft-surface\/wp-json\/wp\/v2\/product_tag?post=296"}],"curies":[{"name":"wp","href":"https:\/\/api.w.org\/{rel}","templated":true}]}}