{"id":3452,"date":"2021-11-25T13:35:33","date_gmt":"2021-11-25T13:35:33","guid":{"rendered":"https:\/\/polsoft.pl\/microsoft-surface\/produkt\/laptop-microsoft-surface-laptop-4-dno-15-platinium-intel-5ip-00032-i7-1185g7-16gb-512gb-15-w10pro\/"},"modified":"2025-07-15T13:57:24","modified_gmt":"2025-07-15T11:57:24","slug":"laptop-microsoft-surface-laptop-4-dno-15-platinium-intel-5ip-00032-i7-1185g7-16gb-512gb-15-w10pro","status":"publish","type":"product","link":"https:\/\/www.polsoft.pl\/microsoft-surface\/produkt\/laptop-microsoft-surface-laptop-4-dno-15-platinium-intel-5ip-00032-i7-1185g7-16gb-512gb-15-w10pro\/","title":{"rendered":"Laptop Microsoft Surface LAPTOP 4 DnO 15&#8243; Platinium Intel 5IP-00032\/i7-1185G7\/16GB\/512GB\/15&#8243;\/W10Pro"},"content":{"rendered":"<p>Microsoft Surface Laptop 4 5IP-00032 cechuje si\u0119 nienagann\u0105 precyzj\u0105, smuk\u0142\u0105 sylwetk\u0105 i rewelacyjn\u0105 wydajno\u015bci\u0105. Laptop wsp\u00f3\u0142pracuje z procesorami Intel\u00ae Core\u2122 oraz AMD Ryzen\u2122. Urz\u0105dzenie zosta\u0142o zaprojektowane, aby obs\u0142ugiwa\u0107 nawet najbardziej wymagaj\u0105ce aplikacje jednocze\u015bnie b\u0119d\u0105c mobilnym.<\/p>\n<p>Szybko oraz bez zastoj\u00f3w uruchamiaj i korzystaj z program\u00f3w, a to dzi\u0119ki wydajnemu procesorowi i7-1185G7 11. generacji z rodziny Tiger Lake. Za wy\u015bwietlanie obrazu odpowiada karta graficzna Intel\u00ae Iris\u00ae Xe Graphics. Nasze dane przechowuje dysk SSD o pojemno\u015bci 512 GB. Ta konfiguracja obejmuje tak\u017ce 16 GB pami\u0119ci RAM DDR4. Dzi\u0119ki takim wydajnym i energooszcz\u0119dnym podzespo\u0142om, laptop mo\u017ce pracowa\u0107 nawet 16,5 godzin bez konieczno\u015bci \u0142adowania.<\/p>\n<p>Wygodnie przegl\u0105daj dokumenty i r\u00f3b wiele wi\u0119cej na dotykowym, 15\u201d ekranie wyposa\u017conym w technologi\u0119 PixelSense\u2122, zapewniaj\u0105c\u0105 niezwykle \u017cywe kolory, doskona\u0142y kontrast i szerokie k\u0105ty widzenia. Niniejsza technologia wyr\u00f3\u017cnia si\u0119 \u017cywymi kolorami, doskona\u0142ym kontrastem i szerokim k\u0105tem widzenia. Wsp\u00f3\u0142czynnik ekranu 3:2 pozwala maksymalnie wykorzysta\u0107 mo\u017cliwo\u015bci aplikacji Microsoft 365, co sprzyja wygodzie u\u017cytkowania &#8211; na przyk\u0142ad pisania czy czytania dokument\u00f3w.<\/p>\n<p>Niech inni Ci\u0119 s\u0142ysz\u0105 dobrze i widz\u0105 wyra\u017anie dzi\u0119ki dw\u00f3m mikrofonom studyjnym i g\u0142o\u015bnikom Omnisonic z technologi\u0105 Dolby Atmos\u00ae. Przeprowadzanie konferencji online czy surfowanie po sieci odbywa si\u0119 bez zak\u0142\u00f3ce\u0144 dzi\u0119ki komunikacji bezprzewodowej Wi-Fi 6 (802.11ax). Technologia Bluetooth 5.0 pozwoli na pod\u0142\u0105czanie urz\u0105dze\u0144 takich jak mysz, klawiatura, s\u0142uchawki. Ponadto pracuj bezpieczniej w firmie oraz w domu z zabezpieczeniami TPM 2.0 czy uwierzytelnianiem za pomoc\u0105 twarzy Windows Hello. Wszelkie wra\u017cliwe dane mog\u0105 by\u0107 zawsze bezpieczne dzi\u0119ki \u0142atwo wymiennemu dyskowi twardemu. Porty USB-C i USB-A to nie tylko standardowe peryferia, mo\u017cesz nawet pod\u0142\u0105czy\u0107 zewn\u0119trzne wy\u015bwietlacze, stacje dokuj\u0105ce albo \u0142adowa\u0107 inne urz\u0105dzenia. Pod\u015bwietlana klawiatura z uk\u0142adem QWERTY, z pe\u0142nym rz\u0119dem klawiszy funkcyjnych oraz z klawiszami multimedialnymi zapewni\u0105 dobrze Ci znan\u0105 elastyczno\u015b\u0107 pracy.<\/p>\n<p>Poznaj niesko\u0144czone mo\u017cliwo\u015bci dzi\u0119ki dedykowanym akcesoriom Microsoft Surface. Zmie\u0144 swojego Microsoft Surface Laptop w komputer stacjonarny pod\u0142\u0105czaj\u0105c go do stacji dokuj\u0105cej za pomoc\u0105 kabla Surface Connect. Zwi\u0119ksz komfort pracy z bezprzewodowymi myszkami Microsoft Surface Arc w szerokiej gamie kolor\u00f3w do wyboru.<\/p>\n<p><a href=\"https:\/\/polsoft.pl\/microsoft-surface\/kategoria\/laptopy-microsoft-surface\/microsoft-surface-laptop-4\/\">Microsoft Surface Laptop 4<\/a> 5IP-00032 to urz\u0105dzenie wr\u0119cz stworzone do codziennych zmaga\u0144 biznesowego \u015bwiata. Ten doceniany przez u\u017cytkownik\u00f3w na ca\u0142ym \u015bwiecie laptop dopasuje si\u0119 do Twoich preferencji zar\u00f3wno w kwestii wygl\u0105du, wydajno\u015bci jak i elastyczno\u015bci.<\/p>\n<table width=\"785\">\n<tbody>\n<tr>\n<td width=\"201\">Procesor<\/td>\n<td width=\"584\"><a href=\"https:\/\/ark.intel.com\/content\/www\/pl\/pl\/ark\/products\/208664\/intel-core-i71185g7-processor-12m-cache-up-to-4-80-ghz-with-ipu.html\">Intel\u00ae Core\u2122 i7-1185G7<\/a>, 4-rdzeniowy 11. generacji<\/td>\n<\/tr>\n<tr>\n<td>Wy\u015bwietlacz<\/td>\n<td width=\"584\">Ekran:<br \/>\n15\u201d PixelSense\u2122<br \/>\nrozdzielczo\u015b\u0107:<br \/>\n2496 \u00d7 1664 (201 PPI)<br \/>\nwsp\u00f3\u0142czynnik proporcji:<br \/>\n3:2<br \/>\ndotyk:<br \/>\nmulti-touch z obs\u0142ug\u0105 10 punkt\u00f3w dotykowych<\/td>\n<\/tr>\n<tr>\n<td>Karta graficzna<\/td>\n<td width=\"584\">Intel\u00ae Iris\u00ae Xe Graphics<\/td>\n<\/tr>\n<tr>\n<td>Pami\u0119\u0107<\/td>\n<td>16 GB RAM LPDDR4x<\/td>\n<\/tr>\n<tr>\n<td>Przestrze\u0144 dyskowa<\/td>\n<td>SSD 512 GB<\/td>\n<\/tr>\n<tr>\n<td>\u0141\u0105czno\u015b\u0107 bezprzewodowa<\/td>\n<td width=\"584\">Wi-Fi 6: zgodne ze standardem IEEE 802.11ax<br \/>\nmodu\u0142 Bluetooth\u00ae Wireless 5.0<\/td>\n<\/tr>\n<tr>\n<td>Z\u0142\u0105cza<\/td>\n<td width=\"584\">1 x USB-C\u2122<br \/>\n1 x USB-A<br \/>\n1 x z\u0142\u0105cze s\u0142uchawkowe Jack 3.5 mm<br \/>\n1 x Surface Connect port<\/td>\n<\/tr>\n<tr>\n<td>Sensory<\/td>\n<td width=\"584\">czujnik nat\u0119\u017cenia \u015bwiat\u0142a<\/td>\n<\/tr>\n<tr>\n<td>Zabezpieczenia<\/td>\n<td width=\"584\">Firmware TPM<br \/>\nWindows Hello &#8211; rozpoznawanie twarzy do odblokowania urz\u0105dzenia<\/td>\n<\/tr>\n<tr>\n<td>Czas pracy na baterii<\/td>\n<td>16.5 godzin przy pracy biurowej<\/td>\n<\/tr>\n<tr>\n<td>Multimedia<\/td>\n<td width=\"584\">przednia kamera do uwierzytelnienia twarzy \u2013 Windows Hello<br \/>\nprzednia kamera HD 720p<br \/>\n2 mikrofony studyjne<br \/>\ng\u0142o\u015bniki Omnisonic Dolby\u00ae Audio\u2122 Premium<\/td>\n<\/tr>\n<tr>\n<td>Oprogramowanie<\/td>\n<td width=\"584\">Windows 10 Pro<br \/>\nza\u0142adowane aplikacje Microsoft 365<br \/>\nmiesi\u0119czna wersja pr\u00f3bna Microsoft 365<\/td>\n<\/tr>\n<tr>\n<td>Obudowa<\/td>\n<td width=\"584\">aluminiowa pokrywa<br \/>\nkolor Platinum (platynowy)<br \/>\nmetalowe podp\u00f3rki pod nadgarstki<br \/>\nklawiatura z przyciskami regulacji g\u0142o\u015bno\u015bci oraz zasilania<br \/>\npod\u015bwietlana klawiatura<br \/>\nuk\u0142ad klawiatury QWERTY<\/td>\n<\/tr>\n<tr>\n<td>Wymiary (mm)<\/td>\n<td>339.5 x 244 x 14.7 (sz. x g\u0142. x wys.)<\/td>\n<\/tr>\n<tr>\n<td width=\"201\">Waga<br \/>\n(bez klawiatury)<\/td>\n<td width=\"584\">1 542 g<\/td>\n<\/tr>\n<tr>\n<td>Zawarto\u015b\u0107 zestawu<\/td>\n<td width=\"584\">Surface Laptop 4<br \/>\nzasilacz<br \/>\nskr\u00f3cona instrukcja obs\u0142ugi<br \/>\ndokumenty dotycz\u0105ce gwarancji i bezpiecze\u0144stwa<\/td>\n<\/tr>\n<tr>\n<td>Gwarancja<\/td>\n<td width=\"584\">roczny okres gwarancji<\/td>\n<\/tr>\n<\/tbody>\n<\/table>\n","protected":false},"excerpt":{"rendered":"<p>Microsoft Surface Laptop 4 5IP-00032 cechuje si\u0119 nienagann\u0105 precyzj\u0105, smuk\u0142\u0105 sylwetk\u0105 i rewelacyjn\u0105 wydajno\u015bci\u0105. Laptop wsp\u00f3\u0142pracuje z procesorami Intel\u00ae Core\u2122 oraz AMD Ryzen\u2122. Urz\u0105dzenie zosta\u0142o zaprojektowane, aby obs\u0142ugiwa\u0107 nawet najbardziej wymagaj\u0105ce aplikacje jednocze\u015bnie b\u0119d\u0105c mobilnym. Szybko oraz bez zastoj\u00f3w uruchamiaj i korzystaj z program\u00f3w, a to dzi\u0119ki wydajnemu procesorowi i7-1185G7 11. generacji z rodziny Tiger [&hellip;]<\/p>\n","protected":false},"featured_media":3863,"template":"","meta":{"site-sidebar-layout":"default","site-content-layout":"default","ast-site-content-layout":"default","site-content-style":"default","site-sidebar-style":"default","ast-global-header-display":"","ast-banner-title-visibility":"","ast-main-header-display":"","ast-hfb-above-header-display":"","ast-hfb-below-header-display":"","ast-hfb-mobile-header-display":"","site-post-title":"","ast-breadcrumbs-content":"","ast-featured-img":"","footer-sml-layout":"","ast-disable-related-posts":"","theme-transparent-header-meta":"default","adv-header-id-meta":"","stick-header-meta":"","header-above-stick-meta":"","header-main-stick-meta":"","header-below-stick-meta":"","astra-migrate-meta-layouts":"default","ast-page-background-enabled":"default","ast-page-background-meta":{"desktop":{"background-color":"","background-image":"","background-repeat":"repeat","background-position":"center center","background-size":"auto","background-attachment":"scroll","background-type":"","background-media":"","overlay-type":"","overlay-color":"","overlay-opacity":"","overlay-gradient":""},"tablet":{"background-color":"","background-image":"","background-repeat":"repeat","background-position":"center center","background-size":"auto","background-attachment":"scroll","background-type":"","background-media":"","overlay-type":"","overlay-color":"","overlay-opacity":"","overlay-gradient":""},"mobile":{"background-color":"","background-image":"","background-repeat":"repeat","background-position":"center center","background-size":"auto","background-attachment":"scroll","background-type":"","background-media":"","overlay-type":"","overlay-color":"","overlay-opacity":"","overlay-gradient":""}},"ast-content-background-meta":{"desktop":{"background-color":"var(--ast-global-color-5)","background-image":"","background-repeat":"repeat","background-position":"center center","background-size":"auto","background-attachment":"scroll","background-type":"","background-media":"","overlay-type":"","overlay-color":"","overlay-opacity":"","overlay-gradient":""},"tablet":{"background-color":"var(--ast-global-color-5)","background-image":"","background-repeat":"repeat","background-position":"center center","background-size":"auto","background-attachment":"scroll","background-type":"","background-media":"","overlay-type":"","overlay-color":"","overlay-opacity":"","overlay-gradient":""},"mobile":{"background-color":"var(--ast-global-color-5)","background-image":"","background-repeat":"repeat","background-position":"center center","background-size":"auto","background-attachment":"scroll","background-type":"","background-media":"","overlay-type":"","overlay-color":"","overlay-opacity":"","overlay-gradient":""}},"_links_to":"","_links_to_target":""},"product_brand":[],"product_cat":[],"product_tag":[],"class_list":{"0":"post-3452","1":"product","2":"type-product","3":"status-publish","4":"has-post-thumbnail","6":"pa_dodatkowe-komponenty-platinium-intel","7":"pa_matryca-43","8":"pa_model-procesora-i7-1185g7","9":"pa_pamiec-ram-16gb","10":"pa_pojemnosc-dysku-512gb","11":"pa_producent-procesora-intel","12":"pa_w-zestawie-urzadzenie-zasilacz","13":"desktop-align-left","14":"tablet-align-left","15":"mobile-align-left","17":"first","18":"outofstock","19":"purchasable","20":"product-type-simple"},"yoast_head":"<!-- This site is optimized with the Yoast SEO plugin v26.7 - https:\/\/yoast.com\/wordpress\/plugins\/seo\/ -->\n<title>Microsoft Surface Laptop 4 5IP-00032 - Sklep Microsoft Surface<\/title>\n<meta name=\"description\" content=\"Microsoft Surface Laptop 4 5IP-00032 - i7-1185G7\/16GB\/512GB\/15&quot;\/W10Pro Sklep rozwi\u0105za\u0144 Microsoft Surface firmy Polsoft Engineering.\" \/>\n<meta name=\"robots\" content=\"index, follow, max-snippet:-1, max-image-preview:large, max-video-preview:-1\" \/>\n<link rel=\"canonical\" href=\"https:\/\/polsoft.pl\/microsoft-surface\/produkt\/laptop-microsoft-surface-laptop-4-dno-15-platinium-intel-5ip-00032-i7-1185g7-16gb-512gb-15-w10pro\/\" \/>\n<meta property=\"og:locale\" content=\"pl_PL\" \/>\n<meta property=\"og:type\" content=\"article\" \/>\n<meta property=\"og:title\" content=\"Microsoft Surface Laptop 4 5IP-00032 - Sklep Microsoft Surface\" \/>\n<meta property=\"og:description\" content=\"Microsoft Surface Laptop 4 5IP-00032 - i7-1185G7\/16GB\/512GB\/15&quot;\/W10Pro Sklep rozwi\u0105za\u0144 Microsoft Surface firmy Polsoft Engineering.\" \/>\n<meta property=\"og:url\" content=\"https:\/\/polsoft.pl\/microsoft-surface\/produkt\/laptop-microsoft-surface-laptop-4-dno-15-platinium-intel-5ip-00032-i7-1185g7-16gb-512gb-15-w10pro\/\" \/>\n<meta property=\"og:site_name\" content=\"Sklep rozwi\u0105za\u0144 Microsoft Surface\" \/>\n<meta property=\"article:modified_time\" content=\"2025-07-15T11:57:24+00:00\" \/>\n<meta property=\"og:image\" content=\"https:\/\/polsoft.pl\/microsoft-surface\/wp-content\/uploads\/2021\/12\/Laptop_Microsoft_Surface_Laptop_4_5IP-00032.jpg\" \/>\n\t<meta property=\"og:image:width\" content=\"800\" \/>\n\t<meta property=\"og:image:height\" content=\"800\" \/>\n\t<meta property=\"og:image:type\" content=\"image\/jpeg\" \/>\n<meta name=\"twitter:card\" content=\"summary_large_image\" \/>\n<meta name=\"twitter:label1\" content=\"Szacowany czas czytania\" \/>\n\t<meta name=\"twitter:data1\" content=\"3 minuty\" \/>\n<script type=\"application\/ld+json\" class=\"yoast-schema-graph\">{\"@context\":\"https:\/\/schema.org\",\"@graph\":[{\"@type\":\"WebPage\",\"@id\":\"https:\/\/polsoft.pl\/microsoft-surface\/produkt\/laptop-microsoft-surface-laptop-4-dno-15-platinium-intel-5ip-00032-i7-1185g7-16gb-512gb-15-w10pro\/\",\"url\":\"https:\/\/polsoft.pl\/microsoft-surface\/produkt\/laptop-microsoft-surface-laptop-4-dno-15-platinium-intel-5ip-00032-i7-1185g7-16gb-512gb-15-w10pro\/\",\"name\":\"Microsoft Surface Laptop 4 5IP-00032 - Sklep Microsoft Surface\",\"isPartOf\":{\"@id\":\"https:\/\/polsoft.pl\/microsoft-surface\/#website\"},\"primaryImageOfPage\":{\"@id\":\"https:\/\/polsoft.pl\/microsoft-surface\/produkt\/laptop-microsoft-surface-laptop-4-dno-15-platinium-intel-5ip-00032-i7-1185g7-16gb-512gb-15-w10pro\/#primaryimage\"},\"image\":{\"@id\":\"https:\/\/polsoft.pl\/microsoft-surface\/produkt\/laptop-microsoft-surface-laptop-4-dno-15-platinium-intel-5ip-00032-i7-1185g7-16gb-512gb-15-w10pro\/#primaryimage\"},\"thumbnailUrl\":\"https:\/\/www.polsoft.pl\/microsoft-surface\/wp-content\/uploads\/2021\/12\/Laptop_Microsoft_Surface_Laptop_4_5IP-00032.jpg\",\"datePublished\":\"2021-11-25T13:35:33+00:00\",\"dateModified\":\"2025-07-15T11:57:24+00:00\",\"description\":\"Microsoft Surface Laptop 4 5IP-00032 - i7-1185G7\/16GB\/512GB\/15\\\"\/W10Pro Sklep rozwi\u0105za\u0144 Microsoft Surface firmy Polsoft Engineering.\",\"breadcrumb\":{\"@id\":\"https:\/\/polsoft.pl\/microsoft-surface\/produkt\/laptop-microsoft-surface-laptop-4-dno-15-platinium-intel-5ip-00032-i7-1185g7-16gb-512gb-15-w10pro\/#breadcrumb\"},\"inLanguage\":\"pl-PL\",\"potentialAction\":[{\"@type\":\"ReadAction\",\"target\":[\"https:\/\/polsoft.pl\/microsoft-surface\/produkt\/laptop-microsoft-surface-laptop-4-dno-15-platinium-intel-5ip-00032-i7-1185g7-16gb-512gb-15-w10pro\/\"]}]},{\"@type\":\"ImageObject\",\"inLanguage\":\"pl-PL\",\"@id\":\"https:\/\/polsoft.pl\/microsoft-surface\/produkt\/laptop-microsoft-surface-laptop-4-dno-15-platinium-intel-5ip-00032-i7-1185g7-16gb-512gb-15-w10pro\/#primaryimage\",\"url\":\"https:\/\/www.polsoft.pl\/microsoft-surface\/wp-content\/uploads\/2021\/12\/Laptop_Microsoft_Surface_Laptop_4_5IP-00032.jpg\",\"contentUrl\":\"https:\/\/www.polsoft.pl\/microsoft-surface\/wp-content\/uploads\/2021\/12\/Laptop_Microsoft_Surface_Laptop_4_5IP-00032.jpg\",\"width\":800,\"height\":800,\"caption\":\"Zdj\u0119cie produktu - Microsoft Surface Laptop 4\"},{\"@type\":\"BreadcrumbList\",\"@id\":\"https:\/\/polsoft.pl\/microsoft-surface\/produkt\/laptop-microsoft-surface-laptop-4-dno-15-platinium-intel-5ip-00032-i7-1185g7-16gb-512gb-15-w10pro\/#breadcrumb\",\"itemListElement\":[{\"@type\":\"ListItem\",\"position\":1,\"name\":\"Strona g\u0142\u00f3wna\",\"item\":\"https:\/\/polsoft.pl\/microsoft-surface\/\"},{\"@type\":\"ListItem\",\"position\":2,\"name\":\"Sklep\",\"item\":\"https:\/\/polsoft.pl\/microsoft-surface\/sklep\/\"},{\"@type\":\"ListItem\",\"position\":3,\"name\":\"Laptop Microsoft Surface LAPTOP 4 DnO 15&#8243; Platinium Intel 5IP-00032\/i7-1185G7\/16GB\/512GB\/15&#8243;\/W10Pro\"}]},{\"@type\":\"WebSite\",\"@id\":\"https:\/\/polsoft.pl\/microsoft-surface\/#website\",\"url\":\"https:\/\/polsoft.pl\/microsoft-surface\/\",\"name\":\"Sklep Microsoft Surface\",\"description\":\"Sklep Microsoft Surface\",\"publisher\":{\"@id\":\"https:\/\/polsoft.pl\/microsoft-surface\/#organization\"},\"potentialAction\":[{\"@type\":\"SearchAction\",\"target\":{\"@type\":\"EntryPoint\",\"urlTemplate\":\"https:\/\/polsoft.pl\/microsoft-surface\/?s={search_term_string}\"},\"query-input\":{\"@type\":\"PropertyValueSpecification\",\"valueRequired\":true,\"valueName\":\"search_term_string\"}}],\"inLanguage\":\"pl-PL\"},{\"@type\":\"Organization\",\"@id\":\"https:\/\/polsoft.pl\/microsoft-surface\/#organization\",\"name\":\"Polsoft Engineering Sp. z o.o.\",\"url\":\"https:\/\/polsoft.pl\/microsoft-surface\/\",\"logo\":{\"@type\":\"ImageObject\",\"inLanguage\":\"pl-PL\",\"@id\":\"https:\/\/polsoft.pl\/microsoft-surface\/#\/schema\/logo\/image\/\",\"url\":\"https:\/\/www.polsoft.pl\/microsoft-surface\/wp-content\/uploads\/2020\/10\/microsoft_partner_logo_black_polsoft.png\",\"contentUrl\":\"https:\/\/www.polsoft.pl\/microsoft-surface\/wp-content\/uploads\/2020\/10\/microsoft_partner_logo_black_polsoft.png\",\"width\":613,\"height\":158,\"caption\":\"Polsoft Engineering Sp. z o.o.\"},\"image\":{\"@id\":\"https:\/\/polsoft.pl\/microsoft-surface\/#\/schema\/logo\/image\/\"}}]}<\/script>\n<!-- \/ Yoast SEO plugin. -->","yoast_head_json":{"title":"Microsoft Surface Laptop 4 5IP-00032 - Sklep Microsoft Surface","description":"Microsoft Surface Laptop 4 5IP-00032 - i7-1185G7\/16GB\/512GB\/15\"\/W10Pro Sklep rozwi\u0105za\u0144 Microsoft Surface firmy Polsoft Engineering.","robots":{"index":"index","follow":"follow","max-snippet":"max-snippet:-1","max-image-preview":"max-image-preview:large","max-video-preview":"max-video-preview:-1"},"canonical":"https:\/\/polsoft.pl\/microsoft-surface\/produkt\/laptop-microsoft-surface-laptop-4-dno-15-platinium-intel-5ip-00032-i7-1185g7-16gb-512gb-15-w10pro\/","og_locale":"pl_PL","og_type":"article","og_title":"Microsoft Surface Laptop 4 5IP-00032 - Sklep Microsoft Surface","og_description":"Microsoft Surface Laptop 4 5IP-00032 - i7-1185G7\/16GB\/512GB\/15\"\/W10Pro Sklep rozwi\u0105za\u0144 Microsoft Surface firmy Polsoft Engineering.","og_url":"https:\/\/polsoft.pl\/microsoft-surface\/produkt\/laptop-microsoft-surface-laptop-4-dno-15-platinium-intel-5ip-00032-i7-1185g7-16gb-512gb-15-w10pro\/","og_site_name":"Sklep rozwi\u0105za\u0144 Microsoft Surface","article_modified_time":"2025-07-15T11:57:24+00:00","og_image":[{"width":800,"height":800,"url":"https:\/\/polsoft.pl\/microsoft-surface\/wp-content\/uploads\/2021\/12\/Laptop_Microsoft_Surface_Laptop_4_5IP-00032.jpg","type":"image\/jpeg"}],"twitter_card":"summary_large_image","twitter_misc":{"Szacowany czas czytania":"3 minuty"},"schema":{"@context":"https:\/\/schema.org","@graph":[{"@type":"WebPage","@id":"https:\/\/polsoft.pl\/microsoft-surface\/produkt\/laptop-microsoft-surface-laptop-4-dno-15-platinium-intel-5ip-00032-i7-1185g7-16gb-512gb-15-w10pro\/","url":"https:\/\/polsoft.pl\/microsoft-surface\/produkt\/laptop-microsoft-surface-laptop-4-dno-15-platinium-intel-5ip-00032-i7-1185g7-16gb-512gb-15-w10pro\/","name":"Microsoft Surface Laptop 4 5IP-00032 - Sklep Microsoft Surface","isPartOf":{"@id":"https:\/\/polsoft.pl\/microsoft-surface\/#website"},"primaryImageOfPage":{"@id":"https:\/\/polsoft.pl\/microsoft-surface\/produkt\/laptop-microsoft-surface-laptop-4-dno-15-platinium-intel-5ip-00032-i7-1185g7-16gb-512gb-15-w10pro\/#primaryimage"},"image":{"@id":"https:\/\/polsoft.pl\/microsoft-surface\/produkt\/laptop-microsoft-surface-laptop-4-dno-15-platinium-intel-5ip-00032-i7-1185g7-16gb-512gb-15-w10pro\/#primaryimage"},"thumbnailUrl":"https:\/\/www.polsoft.pl\/microsoft-surface\/wp-content\/uploads\/2021\/12\/Laptop_Microsoft_Surface_Laptop_4_5IP-00032.jpg","datePublished":"2021-11-25T13:35:33+00:00","dateModified":"2025-07-15T11:57:24+00:00","description":"Microsoft Surface Laptop 4 5IP-00032 - i7-1185G7\/16GB\/512GB\/15\"\/W10Pro Sklep rozwi\u0105za\u0144 Microsoft Surface firmy Polsoft Engineering.","breadcrumb":{"@id":"https:\/\/polsoft.pl\/microsoft-surface\/produkt\/laptop-microsoft-surface-laptop-4-dno-15-platinium-intel-5ip-00032-i7-1185g7-16gb-512gb-15-w10pro\/#breadcrumb"},"inLanguage":"pl-PL","potentialAction":[{"@type":"ReadAction","target":["https:\/\/polsoft.pl\/microsoft-surface\/produkt\/laptop-microsoft-surface-laptop-4-dno-15-platinium-intel-5ip-00032-i7-1185g7-16gb-512gb-15-w10pro\/"]}]},{"@type":"ImageObject","inLanguage":"pl-PL","@id":"https:\/\/polsoft.pl\/microsoft-surface\/produkt\/laptop-microsoft-surface-laptop-4-dno-15-platinium-intel-5ip-00032-i7-1185g7-16gb-512gb-15-w10pro\/#primaryimage","url":"https:\/\/www.polsoft.pl\/microsoft-surface\/wp-content\/uploads\/2021\/12\/Laptop_Microsoft_Surface_Laptop_4_5IP-00032.jpg","contentUrl":"https:\/\/www.polsoft.pl\/microsoft-surface\/wp-content\/uploads\/2021\/12\/Laptop_Microsoft_Surface_Laptop_4_5IP-00032.jpg","width":800,"height":800,"caption":"Zdj\u0119cie produktu - Microsoft Surface Laptop 4"},{"@type":"BreadcrumbList","@id":"https:\/\/polsoft.pl\/microsoft-surface\/produkt\/laptop-microsoft-surface-laptop-4-dno-15-platinium-intel-5ip-00032-i7-1185g7-16gb-512gb-15-w10pro\/#breadcrumb","itemListElement":[{"@type":"ListItem","position":1,"name":"Strona g\u0142\u00f3wna","item":"https:\/\/polsoft.pl\/microsoft-surface\/"},{"@type":"ListItem","position":2,"name":"Sklep","item":"https:\/\/polsoft.pl\/microsoft-surface\/sklep\/"},{"@type":"ListItem","position":3,"name":"Laptop Microsoft Surface LAPTOP 4 DnO 15&#8243; Platinium Intel 5IP-00032\/i7-1185G7\/16GB\/512GB\/15&#8243;\/W10Pro"}]},{"@type":"WebSite","@id":"https:\/\/polsoft.pl\/microsoft-surface\/#website","url":"https:\/\/polsoft.pl\/microsoft-surface\/","name":"Sklep Microsoft Surface","description":"Sklep Microsoft Surface","publisher":{"@id":"https:\/\/polsoft.pl\/microsoft-surface\/#organization"},"potentialAction":[{"@type":"SearchAction","target":{"@type":"EntryPoint","urlTemplate":"https:\/\/polsoft.pl\/microsoft-surface\/?s={search_term_string}"},"query-input":{"@type":"PropertyValueSpecification","valueRequired":true,"valueName":"search_term_string"}}],"inLanguage":"pl-PL"},{"@type":"Organization","@id":"https:\/\/polsoft.pl\/microsoft-surface\/#organization","name":"Polsoft Engineering Sp. z o.o.","url":"https:\/\/polsoft.pl\/microsoft-surface\/","logo":{"@type":"ImageObject","inLanguage":"pl-PL","@id":"https:\/\/polsoft.pl\/microsoft-surface\/#\/schema\/logo\/image\/","url":"https:\/\/www.polsoft.pl\/microsoft-surface\/wp-content\/uploads\/2020\/10\/microsoft_partner_logo_black_polsoft.png","contentUrl":"https:\/\/www.polsoft.pl\/microsoft-surface\/wp-content\/uploads\/2020\/10\/microsoft_partner_logo_black_polsoft.png","width":613,"height":158,"caption":"Polsoft Engineering Sp. z o.o."},"image":{"@id":"https:\/\/polsoft.pl\/microsoft-surface\/#\/schema\/logo\/image\/"}}]}},"_links":{"self":[{"href":"https:\/\/www.polsoft.pl\/microsoft-surface\/wp-json\/wp\/v2\/product\/3452","targetHints":{"allow":["GET"]}}],"collection":[{"href":"https:\/\/www.polsoft.pl\/microsoft-surface\/wp-json\/wp\/v2\/product"}],"about":[{"href":"https:\/\/www.polsoft.pl\/microsoft-surface\/wp-json\/wp\/v2\/types\/product"}],"version-history":[{"count":4,"href":"https:\/\/www.polsoft.pl\/microsoft-surface\/wp-json\/wp\/v2\/product\/3452\/revisions"}],"predecessor-version":[{"id":3939,"href":"https:\/\/www.polsoft.pl\/microsoft-surface\/wp-json\/wp\/v2\/product\/3452\/revisions\/3939"}],"wp:featuredmedia":[{"embeddable":true,"href":"https:\/\/www.polsoft.pl\/microsoft-surface\/wp-json\/wp\/v2\/media\/3863"}],"wp:attachment":[{"href":"https:\/\/www.polsoft.pl\/microsoft-surface\/wp-json\/wp\/v2\/media?parent=3452"}],"wp:term":[{"taxonomy":"product_brand","embeddable":true,"href":"https:\/\/www.polsoft.pl\/microsoft-surface\/wp-json\/wp\/v2\/product_brand?post=3452"},{"taxonomy":"product_cat","embeddable":true,"href":"https:\/\/www.polsoft.pl\/microsoft-surface\/wp-json\/wp\/v2\/product_cat?post=3452"},{"taxonomy":"product_tag","embeddable":true,"href":"https:\/\/www.polsoft.pl\/microsoft-surface\/wp-json\/wp\/v2\/product_tag?post=3452"}],"curies":[{"name":"wp","href":"https:\/\/api.w.org\/{rel}","templated":true}]}}