{"id":3488,"date":"2021-11-25T13:35:43","date_gmt":"2021-11-25T13:35:43","guid":{"rendered":"https:\/\/polsoft.pl\/microsoft-surface\/produkt\/modern-wirelessheadset-commercial-black\/"},"modified":"2026-01-23T12:47:29","modified_gmt":"2026-01-23T11:47:29","slug":"modern-wirelessheadset-commercial-black","status":"publish","type":"product","link":"https:\/\/www.polsoft.pl\/microsoft-surface\/produkt\/modern-wirelessheadset-commercial-black\/","title":{"rendered":"Modern WirelessHeadset Commercial Black"},"content":{"rendered":"<p style=\"text-align: justify;\">Skoncentruj si\u0119 na tym, co wa\u017cne dzi\u0119ki znakomitemu zestawowi s\u0142uchawkowemu <strong><a style=\"color: #2271b1;\" href=\"https:\/\/www.microsoft.com\/pl-pl\/d\/zestaw-s%C5%82uchawkowy-microsoft-modern-wireless-headset\/8wn49139qkjf\" rel=\"nofollow\">Microsoft Modern Wireless Headset<\/a><\/strong>\u00a08JU-00008. W \u0142atwy i szybki spos\u00f3b po\u0142\u0105czysz si\u0119 z urz\u0105dzeniem Surface b\u0105d\u017a innym urz\u0105dzeniem, posiadaj\u0105cy zainstalowany system Android\/Windows\/Mac\/iOS. Urz\u0105dzanie zapewnia doskona\u0142\u0105 jako\u015b\u0107 w znakomitej cenie. Ponadto ich nowoczesny i elegancki wygl\u0105d idealnie wkomponuje si\u0119 w Twoje miejsce pracy.<\/p>\n<p style=\"text-align: justify;\">Miej kontrol\u0119 nad wszystkim dzi\u0119ki intuicyjnym funkcjom sterowania. Zestaw s\u0142uchawkowy Microsoft Modern Wireless Headset w pe\u0142ni wsp\u00f3\u0142pracuje z aplikacj\u0105 Microsoft Teams. Mo\u017cesz zarz\u0105dza\u0107 po\u0142\u0105czeniami, regulowa\u0107 g\u0142o\u015bno\u015b\u0107, wycisza\u0107 oraz uruchamia\u0107 j\u0105 za pomoc\u0105 przycisk\u00f3w i umieszczonego pokr\u0119t\u0142a. Uwaga \u2013 certyfikacja Teams wymaga do po\u0142\u0105czenia do\u0142\u0105czonego w zestawie klucza sprz\u0119towego USB.<\/p>\n<p style=\"text-align: justify;\">Niech inni Ci\u0119 s\u0142ysz\u0105 g\u0142o\u015bno, czysto i wyra\u017anie dzi\u0119ki mikrofonowi z funkcj\u0105 redukcji szum\u00f3w oraz znakomitym g\u0142o\u015bnikom stereofonicznym. Je\u015bli chcesz si\u0119 wyciszy\u0107, wystarczy unie\u015b\u0107 mikrofon. Natomiast gdy chcesz do\u0142\u0105czy\u0107 do rozmowy \u2013 opu\u015b\u0107 mikrofon. Kontrolka LED umieszczona na mikrofonie informuje statusie: wyciszenia mikrofonu, uzyskaniu po\u0142\u0105czenia czy przychodz\u0105cym po\u0142\u0105czeniu.<\/p>\n<p style=\"text-align: justify;\">Bezprzewodowe po\u0142\u0105czenie zestawu s\u0142uchawkowego z urz\u0105dzeniem za po\u015brednictwem Bluetooth zapewnia nie tylko porz\u0105dek na stanowisku pracy, ale tak\u017ce pe\u0142n\u0105 swobod\u0119 ruchu. Zatem uwolnij si\u0119 od kabli i pracuj swobodnie jak nigdy dot\u0105d.<\/p>\n<p style=\"text-align: justify;\">S\u0142uchawki s\u0105 lekkie i mi\u0119kkie umo\u017cliwiaj\u0105c ich noszenie przez ca\u0142y dzie\u0144 bez uczucia dyskomfortu. Regulowany pa\u0142\u0105k pozwoli Ci na dobranie najwygodniejszej konfiguracji. Bateria na jednym \u0142adowaniu wystarcza do 50 h przy s\u0142uchaniu muzyki, a do 30 h przy rozmowach na platformie Microsoft Teams. Zestaw s\u0142uchawkowy na\u0142adujesz 2.5h za pomoc\u0105 kabla USB.<\/p>\n<p style=\"text-align: justify;\">Zestaw s\u0142uchawkowy Microsoft Modern Wireless Headset 8JU-00008 dost\u0119pny jest w jednej wersji kolorystycznej \u2013 czarnej.<\/p>\n<table>\n<tbody>\n<tr>\n<td width=\"170\">Producent:<\/td>\n<td width=\"434\">Microsoft<\/td>\n<\/tr>\n<tr>\n<td width=\"170\">Numer katalogowy:<\/td>\n<td width=\"434\">8JU-00008<\/td>\n<\/tr>\n<tr>\n<td width=\"170\">Wymiary (mm):<\/td>\n<td width=\"434\">172 x 164 x 60 (d\u0142. x sz. x g\u0142.)<\/td>\n<\/tr>\n<tr>\n<td width=\"170\">Waga:<\/td>\n<td width=\"434\">136 g<\/td>\n<\/tr>\n<tr>\n<td width=\"170\">Kolor:<\/td>\n<td width=\"434\">czarny (black)<\/td>\n<\/tr>\n<tr>\n<td width=\"170\">Sterowanie:<\/td>\n<td width=\"434\">przycisk zasilania<br \/>\nprzycisk parowania<br \/>\nprzycisk Microsoft Teams<br \/>\nprzycisk wyciszania<br \/>\nprzycisk odebrania\/zako\u0144czania po\u0142\u0105cze\u0144<br \/>\npokr\u0119t\u0142o regulacji g\u0142o\u015bno\u015bci<\/td>\n<\/tr>\n<tr>\n<td width=\"170\">Po\u0142\u0105czenie:<\/td>\n<td width=\"434\">bezprzewodowa technologia Bluetooth\u00ae<\/td>\n<\/tr>\n<tr>\n<td width=\"170\">Kodeki audio:<\/td>\n<td width=\"434\">SBC &#8211; Low Complexity Subband Codec<\/td>\n<\/tr>\n<tr>\n<td width=\"170\">\u0141adowanie:<\/td>\n<td width=\"434\">2,5 h<\/td>\n<\/tr>\n<tr>\n<td width=\"170\">Czas dzia\u0142ania baterii:<\/td>\n<td width=\"434\">50 h \u2013 przy s\u0142uchaniu muzyki<br \/>\n30 h \u2013 przy po\u0142\u0105czenia g\u0142osowych za pomoc\u0105 aplikacji Microsoft Teams<\/td>\n<\/tr>\n<tr>\n<td width=\"170\">Kompatybilny z:<\/td>\n<td width=\"434\">Windows 11 Home<br \/>\nWindows 11 Pro<br \/>\nWindows 10:20H1<br \/>\nWindows 10:19H1<br \/>\nWindows 10:RS5<br \/>\nWindows 8<br \/>\nWindows 7<br \/>\nMac OS<br \/>\nAndroid<br \/>\niOS<\/td>\n<\/tr>\n<tr>\n<td width=\"170\">W zestawie:<\/td>\n<td width=\"434\">zestaw s\u0142uchawkowy Microsoft Modern Wireless Headset<br \/>\nkabel \u0142aduj\u0105cy<br \/>\nklucz sprz\u0119towy USB<br \/>\nskr\u00f3cona instrukcja obs\u0142ugi<br \/>\ndokumenty dotycz\u0105ce gwarancji i bezpiecze\u0144stwa<\/td>\n<\/tr>\n<tr>\n<td width=\"170\">Gwarancja:<\/td>\n<td width=\"434\">roczny okres gwarancji<\/td>\n<\/tr>\n<\/tbody>\n<\/table>\n","protected":false},"excerpt":{"rendered":"<p>Skoncentruj si\u0119 na tym, co wa\u017cne dzi\u0119ki znakomitemu zestawowi s\u0142uchawkowemu Microsoft Modern Wireless Headset\u00a08JU-00008. W \u0142atwy i szybki spos\u00f3b po\u0142\u0105czysz si\u0119 z urz\u0105dzeniem Surface b\u0105d\u017a innym urz\u0105dzeniem, posiadaj\u0105cy zainstalowany system Android\/Windows\/Mac\/iOS. Urz\u0105dzanie zapewnia doskona\u0142\u0105 jako\u015b\u0107 w znakomitej cenie. Ponadto ich nowoczesny i elegancki wygl\u0105d idealnie wkomponuje si\u0119 w Twoje miejsce pracy. Miej kontrol\u0119 nad wszystkim [&hellip;]<\/p>\n","protected":false},"featured_media":4811,"template":"","meta":{"site-sidebar-layout":"default","site-content-layout":"default","ast-site-content-layout":"default","site-content-style":"default","site-sidebar-style":"default","ast-global-header-display":"","ast-banner-title-visibility":"","ast-main-header-display":"","ast-hfb-above-header-display":"","ast-hfb-below-header-display":"","ast-hfb-mobile-header-display":"","site-post-title":"","ast-breadcrumbs-content":"","ast-featured-img":"","footer-sml-layout":"","ast-disable-related-posts":"","theme-transparent-header-meta":"default","adv-header-id-meta":"","stick-header-meta":"","header-above-stick-meta":"","header-main-stick-meta":"","header-below-stick-meta":"","astra-migrate-meta-layouts":"default","ast-page-background-enabled":"default","ast-page-background-meta":{"desktop":{"background-color":"","background-image":"","background-repeat":"repeat","background-position":"center center","background-size":"auto","background-attachment":"scroll","background-type":"","background-media":"","overlay-type":"","overlay-color":"","overlay-opacity":"","overlay-gradient":""},"tablet":{"background-color":"","background-image":"","background-repeat":"repeat","background-position":"center center","background-size":"auto","background-attachment":"scroll","background-type":"","background-media":"","overlay-type":"","overlay-color":"","overlay-opacity":"","overlay-gradient":""},"mobile":{"background-color":"","background-image":"","background-repeat":"repeat","background-position":"center center","background-size":"auto","background-attachment":"scroll","background-type":"","background-media":"","overlay-type":"","overlay-color":"","overlay-opacity":"","overlay-gradient":""}},"ast-content-background-meta":{"desktop":{"background-color":"var(--ast-global-color-5)","background-image":"","background-repeat":"repeat","background-position":"center center","background-size":"auto","background-attachment":"scroll","background-type":"","background-media":"","overlay-type":"","overlay-color":"","overlay-opacity":"","overlay-gradient":""},"tablet":{"background-color":"var(--ast-global-color-5)","background-image":"","background-repeat":"repeat","background-position":"center center","background-size":"auto","background-attachment":"scroll","background-type":"","background-media":"","overlay-type":"","overlay-color":"","overlay-opacity":"","overlay-gradient":""},"mobile":{"background-color":"var(--ast-global-color-5)","background-image":"","background-repeat":"repeat","background-position":"center center","background-size":"auto","background-attachment":"scroll","background-type":"","background-media":"","overlay-type":"","overlay-color":"","overlay-opacity":"","overlay-gradient":""}},"_links_to":"","_links_to_target":""},"product_brand":[],"product_cat":[90],"product_tag":[],"class_list":{"0":"post-3488","1":"product","2":"type-product","3":"status-publish","4":"has-post-thumbnail","6":"product_cat-akcesoria-microsoft-surface","7":"desktop-align-left","8":"tablet-align-left","9":"mobile-align-left","11":"first","12":"instock","13":"taxable","14":"shipping-taxable","15":"purchasable","16":"product-type-simple"},"yoast_head":"<!-- This site is optimized with the Yoast SEO plugin v26.7 - https:\/\/yoast.com\/wordpress\/plugins\/seo\/ -->\n<title>Microsoft Modern Wireless Headset 8JU-00008 - Sklep Microsoft Surface<\/title>\n<meta name=\"description\" content=\"Microsoft Modern Wireless Headset 8JU-00008 - Sklep rozwi\u0105za\u0144 Microsoft Surface firmy Polsoft Engineering.\" \/>\n<meta name=\"robots\" content=\"index, follow, max-snippet:-1, max-image-preview:large, max-video-preview:-1\" \/>\n<link rel=\"canonical\" href=\"https:\/\/polsoft.pl\/microsoft-surface\/produkt\/modern-wirelessheadset-commercial-black\/\" \/>\n<meta property=\"og:locale\" content=\"pl_PL\" \/>\n<meta property=\"og:type\" content=\"article\" \/>\n<meta property=\"og:title\" content=\"Microsoft Modern Wireless Headset 8JU-00008 - Sklep Microsoft Surface\" \/>\n<meta property=\"og:description\" content=\"Microsoft Modern Wireless Headset 8JU-00008 - Sklep rozwi\u0105za\u0144 Microsoft Surface firmy Polsoft Engineering.\" \/>\n<meta property=\"og:url\" content=\"https:\/\/polsoft.pl\/microsoft-surface\/produkt\/modern-wirelessheadset-commercial-black\/\" \/>\n<meta property=\"og:site_name\" content=\"Sklep rozwi\u0105za\u0144 Microsoft Surface\" \/>\n<meta property=\"article:modified_time\" content=\"2026-01-23T11:47:29+00:00\" \/>\n<meta property=\"og:image\" content=\"https:\/\/polsoft.pl\/microsoft-surface\/wp-content\/uploads\/2022\/06\/sluchawki-microsoft-modern-wireless-headset-czarny-8JU-00008-1.jpg\" \/>\n\t<meta property=\"og:image:width\" content=\"800\" \/>\n\t<meta property=\"og:image:height\" content=\"800\" \/>\n\t<meta property=\"og:image:type\" content=\"image\/jpeg\" \/>\n<meta name=\"twitter:card\" content=\"summary_large_image\" \/>\n<meta name=\"twitter:label1\" content=\"Szacowany czas czytania\" \/>\n\t<meta name=\"twitter:data1\" content=\"2 minuty\" \/>\n<script type=\"application\/ld+json\" class=\"yoast-schema-graph\">{\"@context\":\"https:\/\/schema.org\",\"@graph\":[{\"@type\":\"WebPage\",\"@id\":\"https:\/\/polsoft.pl\/microsoft-surface\/produkt\/modern-wirelessheadset-commercial-black\/\",\"url\":\"https:\/\/polsoft.pl\/microsoft-surface\/produkt\/modern-wirelessheadset-commercial-black\/\",\"name\":\"Microsoft Modern Wireless Headset 8JU-00008 - Sklep Microsoft Surface\",\"isPartOf\":{\"@id\":\"https:\/\/polsoft.pl\/microsoft-surface\/#website\"},\"primaryImageOfPage\":{\"@id\":\"https:\/\/polsoft.pl\/microsoft-surface\/produkt\/modern-wirelessheadset-commercial-black\/#primaryimage\"},\"image\":{\"@id\":\"https:\/\/polsoft.pl\/microsoft-surface\/produkt\/modern-wirelessheadset-commercial-black\/#primaryimage\"},\"thumbnailUrl\":\"https:\/\/www.polsoft.pl\/microsoft-surface\/wp-content\/uploads\/2022\/06\/sluchawki-microsoft-modern-wireless-headset-czarny-8JU-00008-1.jpg\",\"datePublished\":\"2021-11-25T13:35:43+00:00\",\"dateModified\":\"2026-01-23T11:47:29+00:00\",\"description\":\"Microsoft Modern Wireless Headset 8JU-00008 - Sklep rozwi\u0105za\u0144 Microsoft Surface firmy Polsoft Engineering.\",\"breadcrumb\":{\"@id\":\"https:\/\/polsoft.pl\/microsoft-surface\/produkt\/modern-wirelessheadset-commercial-black\/#breadcrumb\"},\"inLanguage\":\"pl-PL\",\"potentialAction\":[{\"@type\":\"ReadAction\",\"target\":[\"https:\/\/polsoft.pl\/microsoft-surface\/produkt\/modern-wirelessheadset-commercial-black\/\"]}]},{\"@type\":\"ImageObject\",\"inLanguage\":\"pl-PL\",\"@id\":\"https:\/\/polsoft.pl\/microsoft-surface\/produkt\/modern-wirelessheadset-commercial-black\/#primaryimage\",\"url\":\"https:\/\/www.polsoft.pl\/microsoft-surface\/wp-content\/uploads\/2022\/06\/sluchawki-microsoft-modern-wireless-headset-czarny-8JU-00008-1.jpg\",\"contentUrl\":\"https:\/\/www.polsoft.pl\/microsoft-surface\/wp-content\/uploads\/2022\/06\/sluchawki-microsoft-modern-wireless-headset-czarny-8JU-00008-1.jpg\",\"width\":800,\"height\":800,\"caption\":\"Zdj\u0119cie bezprzewodowego zestawu s\u0142uchawek Microsoft Surface Modern Wireless Headset - 8JU-00008\"},{\"@type\":\"BreadcrumbList\",\"@id\":\"https:\/\/polsoft.pl\/microsoft-surface\/produkt\/modern-wirelessheadset-commercial-black\/#breadcrumb\",\"itemListElement\":[{\"@type\":\"ListItem\",\"position\":1,\"name\":\"Strona g\u0142\u00f3wna\",\"item\":\"https:\/\/polsoft.pl\/microsoft-surface\/\"},{\"@type\":\"ListItem\",\"position\":2,\"name\":\"Sklep\",\"item\":\"https:\/\/polsoft.pl\/microsoft-surface\/sklep\/\"},{\"@type\":\"ListItem\",\"position\":3,\"name\":\"Modern WirelessHeadset Commercial Black\"}]},{\"@type\":\"WebSite\",\"@id\":\"https:\/\/polsoft.pl\/microsoft-surface\/#website\",\"url\":\"https:\/\/polsoft.pl\/microsoft-surface\/\",\"name\":\"Sklep Microsoft Surface\",\"description\":\"Sklep Microsoft Surface\",\"publisher\":{\"@id\":\"https:\/\/polsoft.pl\/microsoft-surface\/#organization\"},\"potentialAction\":[{\"@type\":\"SearchAction\",\"target\":{\"@type\":\"EntryPoint\",\"urlTemplate\":\"https:\/\/polsoft.pl\/microsoft-surface\/?s={search_term_string}\"},\"query-input\":{\"@type\":\"PropertyValueSpecification\",\"valueRequired\":true,\"valueName\":\"search_term_string\"}}],\"inLanguage\":\"pl-PL\"},{\"@type\":\"Organization\",\"@id\":\"https:\/\/polsoft.pl\/microsoft-surface\/#organization\",\"name\":\"Polsoft Engineering Sp. z o.o.\",\"url\":\"https:\/\/polsoft.pl\/microsoft-surface\/\",\"logo\":{\"@type\":\"ImageObject\",\"inLanguage\":\"pl-PL\",\"@id\":\"https:\/\/polsoft.pl\/microsoft-surface\/#\/schema\/logo\/image\/\",\"url\":\"https:\/\/www.polsoft.pl\/microsoft-surface\/wp-content\/uploads\/2020\/10\/microsoft_partner_logo_black_polsoft.png\",\"contentUrl\":\"https:\/\/www.polsoft.pl\/microsoft-surface\/wp-content\/uploads\/2020\/10\/microsoft_partner_logo_black_polsoft.png\",\"width\":613,\"height\":158,\"caption\":\"Polsoft Engineering Sp. z o.o.\"},\"image\":{\"@id\":\"https:\/\/polsoft.pl\/microsoft-surface\/#\/schema\/logo\/image\/\"}}]}<\/script>\n<!-- \/ Yoast SEO plugin. -->","yoast_head_json":{"title":"Microsoft Modern Wireless Headset 8JU-00008 - Sklep Microsoft Surface","description":"Microsoft Modern Wireless Headset 8JU-00008 - Sklep rozwi\u0105za\u0144 Microsoft Surface firmy Polsoft Engineering.","robots":{"index":"index","follow":"follow","max-snippet":"max-snippet:-1","max-image-preview":"max-image-preview:large","max-video-preview":"max-video-preview:-1"},"canonical":"https:\/\/polsoft.pl\/microsoft-surface\/produkt\/modern-wirelessheadset-commercial-black\/","og_locale":"pl_PL","og_type":"article","og_title":"Microsoft Modern Wireless Headset 8JU-00008 - Sklep Microsoft Surface","og_description":"Microsoft Modern Wireless Headset 8JU-00008 - Sklep rozwi\u0105za\u0144 Microsoft Surface firmy Polsoft Engineering.","og_url":"https:\/\/polsoft.pl\/microsoft-surface\/produkt\/modern-wirelessheadset-commercial-black\/","og_site_name":"Sklep rozwi\u0105za\u0144 Microsoft Surface","article_modified_time":"2026-01-23T11:47:29+00:00","og_image":[{"width":800,"height":800,"url":"https:\/\/polsoft.pl\/microsoft-surface\/wp-content\/uploads\/2022\/06\/sluchawki-microsoft-modern-wireless-headset-czarny-8JU-00008-1.jpg","type":"image\/jpeg"}],"twitter_card":"summary_large_image","twitter_misc":{"Szacowany czas czytania":"2 minuty"},"schema":{"@context":"https:\/\/schema.org","@graph":[{"@type":"WebPage","@id":"https:\/\/polsoft.pl\/microsoft-surface\/produkt\/modern-wirelessheadset-commercial-black\/","url":"https:\/\/polsoft.pl\/microsoft-surface\/produkt\/modern-wirelessheadset-commercial-black\/","name":"Microsoft Modern Wireless Headset 8JU-00008 - Sklep Microsoft Surface","isPartOf":{"@id":"https:\/\/polsoft.pl\/microsoft-surface\/#website"},"primaryImageOfPage":{"@id":"https:\/\/polsoft.pl\/microsoft-surface\/produkt\/modern-wirelessheadset-commercial-black\/#primaryimage"},"image":{"@id":"https:\/\/polsoft.pl\/microsoft-surface\/produkt\/modern-wirelessheadset-commercial-black\/#primaryimage"},"thumbnailUrl":"https:\/\/www.polsoft.pl\/microsoft-surface\/wp-content\/uploads\/2022\/06\/sluchawki-microsoft-modern-wireless-headset-czarny-8JU-00008-1.jpg","datePublished":"2021-11-25T13:35:43+00:00","dateModified":"2026-01-23T11:47:29+00:00","description":"Microsoft Modern Wireless Headset 8JU-00008 - Sklep rozwi\u0105za\u0144 Microsoft Surface firmy Polsoft Engineering.","breadcrumb":{"@id":"https:\/\/polsoft.pl\/microsoft-surface\/produkt\/modern-wirelessheadset-commercial-black\/#breadcrumb"},"inLanguage":"pl-PL","potentialAction":[{"@type":"ReadAction","target":["https:\/\/polsoft.pl\/microsoft-surface\/produkt\/modern-wirelessheadset-commercial-black\/"]}]},{"@type":"ImageObject","inLanguage":"pl-PL","@id":"https:\/\/polsoft.pl\/microsoft-surface\/produkt\/modern-wirelessheadset-commercial-black\/#primaryimage","url":"https:\/\/www.polsoft.pl\/microsoft-surface\/wp-content\/uploads\/2022\/06\/sluchawki-microsoft-modern-wireless-headset-czarny-8JU-00008-1.jpg","contentUrl":"https:\/\/www.polsoft.pl\/microsoft-surface\/wp-content\/uploads\/2022\/06\/sluchawki-microsoft-modern-wireless-headset-czarny-8JU-00008-1.jpg","width":800,"height":800,"caption":"Zdj\u0119cie bezprzewodowego zestawu s\u0142uchawek Microsoft Surface Modern Wireless Headset - 8JU-00008"},{"@type":"BreadcrumbList","@id":"https:\/\/polsoft.pl\/microsoft-surface\/produkt\/modern-wirelessheadset-commercial-black\/#breadcrumb","itemListElement":[{"@type":"ListItem","position":1,"name":"Strona g\u0142\u00f3wna","item":"https:\/\/polsoft.pl\/microsoft-surface\/"},{"@type":"ListItem","position":2,"name":"Sklep","item":"https:\/\/polsoft.pl\/microsoft-surface\/sklep\/"},{"@type":"ListItem","position":3,"name":"Modern WirelessHeadset Commercial Black"}]},{"@type":"WebSite","@id":"https:\/\/polsoft.pl\/microsoft-surface\/#website","url":"https:\/\/polsoft.pl\/microsoft-surface\/","name":"Sklep Microsoft Surface","description":"Sklep Microsoft Surface","publisher":{"@id":"https:\/\/polsoft.pl\/microsoft-surface\/#organization"},"potentialAction":[{"@type":"SearchAction","target":{"@type":"EntryPoint","urlTemplate":"https:\/\/polsoft.pl\/microsoft-surface\/?s={search_term_string}"},"query-input":{"@type":"PropertyValueSpecification","valueRequired":true,"valueName":"search_term_string"}}],"inLanguage":"pl-PL"},{"@type":"Organization","@id":"https:\/\/polsoft.pl\/microsoft-surface\/#organization","name":"Polsoft Engineering Sp. z o.o.","url":"https:\/\/polsoft.pl\/microsoft-surface\/","logo":{"@type":"ImageObject","inLanguage":"pl-PL","@id":"https:\/\/polsoft.pl\/microsoft-surface\/#\/schema\/logo\/image\/","url":"https:\/\/www.polsoft.pl\/microsoft-surface\/wp-content\/uploads\/2020\/10\/microsoft_partner_logo_black_polsoft.png","contentUrl":"https:\/\/www.polsoft.pl\/microsoft-surface\/wp-content\/uploads\/2020\/10\/microsoft_partner_logo_black_polsoft.png","width":613,"height":158,"caption":"Polsoft Engineering Sp. z o.o."},"image":{"@id":"https:\/\/polsoft.pl\/microsoft-surface\/#\/schema\/logo\/image\/"}}]}},"_links":{"self":[{"href":"https:\/\/www.polsoft.pl\/microsoft-surface\/wp-json\/wp\/v2\/product\/3488","targetHints":{"allow":["GET"]}}],"collection":[{"href":"https:\/\/www.polsoft.pl\/microsoft-surface\/wp-json\/wp\/v2\/product"}],"about":[{"href":"https:\/\/www.polsoft.pl\/microsoft-surface\/wp-json\/wp\/v2\/types\/product"}],"version-history":[{"count":4,"href":"https:\/\/www.polsoft.pl\/microsoft-surface\/wp-json\/wp\/v2\/product\/3488\/revisions"}],"predecessor-version":[{"id":4879,"href":"https:\/\/www.polsoft.pl\/microsoft-surface\/wp-json\/wp\/v2\/product\/3488\/revisions\/4879"}],"wp:featuredmedia":[{"embeddable":true,"href":"https:\/\/www.polsoft.pl\/microsoft-surface\/wp-json\/wp\/v2\/media\/4811"}],"wp:attachment":[{"href":"https:\/\/www.polsoft.pl\/microsoft-surface\/wp-json\/wp\/v2\/media?parent=3488"}],"wp:term":[{"taxonomy":"product_brand","embeddable":true,"href":"https:\/\/www.polsoft.pl\/microsoft-surface\/wp-json\/wp\/v2\/product_brand?post=3488"},{"taxonomy":"product_cat","embeddable":true,"href":"https:\/\/www.polsoft.pl\/microsoft-surface\/wp-json\/wp\/v2\/product_cat?post=3488"},{"taxonomy":"product_tag","embeddable":true,"href":"https:\/\/www.polsoft.pl\/microsoft-surface\/wp-json\/wp\/v2\/product_tag?post=3488"}],"curies":[{"name":"wp","href":"https:\/\/api.w.org\/{rel}","templated":true}]}}