{"id":4080,"date":"2022-01-21T13:19:24","date_gmt":"2022-01-21T13:19:24","guid":{"rendered":"https:\/\/polsoft.pl\/microsoft-surface\/produkt\/laptop-microsoft-surface-laptop-studio-w10pro-rtx-abr-00034-i7-11370h-16gb-512gb-144-w10pro\/"},"modified":"2025-07-15T13:57:09","modified_gmt":"2025-07-15T11:57:09","slug":"laptop-microsoft-surface-laptop-studio-w10pro-rtx-abr-00034-i7-11370h-16gb-512gb-144-w10pro","status":"publish","type":"product","link":"https:\/\/www.polsoft.pl\/microsoft-surface\/produkt\/laptop-microsoft-surface-laptop-studio-w10pro-rtx-abr-00034-i7-11370h-16gb-512gb-144-w10pro\/","title":{"rendered":"Laptop Microsoft Surface Laptop Studio W10Pro RTX ABR-00034\/i7-11370H\/16GB\/512GB\/14,4&#8243;\/W10Pro"},"content":{"rendered":"<p>Microsoft Surface Laptop Studio ABR-00034 to najmocniejszy laptop w portfolio Microsoft. Zosta\u0142 wyposa\u017cony w najnowsze i szybkie podzespo\u0142y, kt\u00f3re pozwol\u0105 pracowa\u0107 na najwy\u017cszych obrotach z kt\u00f3rymi mo\u017cesz znacznie wi\u0119cej ni\u017c kiedykolwiek. Microsoft Surface Laptop Studio wyposa\u017cono w procesory Intel\u00ae Core\u2122, kt\u00f3re pracuj\u0105 w parze z ultra-wydajnymi kartami graficznymi NVIDIA\u00ae RTX\u2122. Ponadto, dzi\u0119ki doskona\u0142emu projektowi zapewnia wysoki poziom ergonomii pozwalaj\u0105cy nawet na d\u0142ug\u0105 prac\u0119 z urz\u0105dzeniem bez poczucia dyskomfortu<\/p>\n<h2>Mo\u017ce wszystko<\/h2>\n<p>Nie ma dla niego zada\u0144 niemo\u017cliwych do wykonania \u2013 sercem laptopa Surface Laptop Studio s\u0105 ultra wydajny czterordzeniowy procesor Intel\u00ae Core\u2122 i7-11370H 11. generacji Tiger Lake-H35. Jednostki te dedykowane s\u0105 do pracy w ultra cienkich laptopach jakim jest Microsoft Surface Laptop Studio. Dzi\u0119ki temu mo\u017cesz robi\u0107 wszystko to, czego potrzebujesz \u2013 od podstawowych rzeczy, typu pisania maili, przegl\u0105dania stron, po najbardziej zaawansowane rzeczy jak projektowanie, renderowanie, symulacje zar\u00f3wno w biurze jak i w podr\u00f3\u017cy. P\u0142ynne uruchamianie i dzia\u0142anie aplikacji zapewnia 16 GB RAM LPDDR4x. Ponadto, bez obaw o przestrze\u0144 dyskow\u0105, mo\u017cesz przechowywa\u0107 swoje pliki na szybkich dyskach SSD o pojemno\u015bci 512 GB.<\/p>\n<h2>Stworzony do ci\u0119\u017ckiej pracy<\/h2>\n<p>Zobacz z jak\u0105 szybko\u015bci\u0105 i sprawno\u015bci\u0105 powstaj\u0105 Twoje projekty. Laptop Studio jest pierwszym laptopem w portfolio Microsoft Surface, kt\u00f3ry zosta\u0142 wyposa\u017cony w najszybsze karty graficzne: NVIDIA\u00ae GeForce RTX\u2122 3050 Ti oraz\u00a0<a style=\"color: #2271b1;\" href=\"https:\/\/www.nvidia.com\/en-us\/design-visualization\/rtx-a2000\/\"><span style=\"text-decoration: underline;\"><strong>NVIDIA\u00ae RTX\u2122 A2000<\/strong><\/span><\/a>. Skorzystaj z nich i przenie\u015b si\u0119 na nowy, wy\u017cszy poziom tworzenia. Niniejsze karty graficzne przystosowano do obs\u0142ugi profesjonalnych program\u00f3w jak: Adobe\u00ae Premiere\u00ae Pro, Photoshop\u00ae, Lightroom\u00ae, Autodesk\u00ae AutoCAD\u00ae, Dassault SOLIDWORKS\u2122, Vegas Pro i wiele innych.<\/p>\n<h2>Du\u017cy, rewelacyjny wy\u015bwietlacz<\/h2>\n<p>Dostrze\u017c ka\u017cdy szczeg\u00f3\u0142 i ciesz si\u0119 znakomit\u0105 jako\u015bci\u0105 obrazu na dotykowym 14,4\u201d ekranie PixelSense\u2122 Flow. Wsp\u00f3\u0142czynnik proporcji 3:2 pozwoli komfortowo przegl\u0105da\u0107 dokumenty, a wysoki kontrast 1500:1 wy\u015bwietli\u0107 wi\u0119cej szczeg\u00f3\u0142\u00f3w. Cz\u0119stotliwo\u015b\u0107 od\u015bwie\u017cania 120 Hz zapewnia niebywa\u0142\u0105 p\u0142ynno\u015b\u0107 animacji przek\u0142adaj\u0105c si\u0119 na wygod\u0119 u\u017cytkowania.<\/p>\n<h2>Nowoczesny i elastyczny<\/h2>\n<p>Zamie\u0144 swoje miejsce pracy w prawdziwe centrum dowodzenia. A to za spraw\u0105 stacji dokuj\u0105cej Surface Dock 2, umo\u017cliwiaj\u0105cej \u0142adowanie urz\u0105dzenia oraz pod\u0142\u0105czenie zewn\u0119trznych monitor\u00f3w, klawiatury, myszki i nie tylko. Innowacyjny zawias Dynamic Woven Hinge pozwoli ekran wyj\u0105\u0107 i przenie\u015b\u0107 go do przodu. Dzi\u0119ki takiemu rozwi\u0105zaniu mo\u017cesz dowolnie manewrowa\u0107 k\u0105tem pochylenia ekranu, a nawet ca\u0142kowicie po\u0142o\u017cy\u0107 go na klawiaturze. Zatem mo\u017cesz bez przeszk\u00f3d tworzy\u0107, ogl\u0105da\u0107, przegl\u0105da\u0107 i wiele wi\u0119cej. Klawiatura z uk\u0142adem QWERTY posiada pe\u0142ny rz\u0105d klawiszy funkcyjnych oraz klawisze do zarz\u0105dzania multimediami i regulacji jasno\u015bci ekranu. Pod\u015bwietlana klawiatura oraz precyzyjny touchpad z technologi\u0105 Precision Haptic tworz\u0105 zgrany duet podwy\u017cszaj\u0105cy komfort u\u017cytkowania.<\/p>\n<h2>Bezkompromisowa komunikacja<\/h2>\n<p>Za bezprzewodow\u0105 komunikacj\u0119 odpowiada najnowszy standard Wi-Fi 6 oraz Bluetooth 5.1. Twoje konferencje online b\u0119d\u0105 przebiega\u0107 bez zak\u0142\u00f3ce\u0144 i wyra\u017anie, dzi\u0119ki kamerze HD i mikrofonom studyjnym. Za niesamowity d\u017awi\u0119k odpowiadaj\u0105 g\u0142o\u015bniki Omnisonic\u2122 z technologi\u0105 Dolby Atmos\u00ae. Obs\u0142uga Thunderbolt\u2122 4 pozwoli pod\u0142\u0105czy\u0107 dyski zewn\u0119trzne, monitory, karty graficzne i wiele wi\u0119cej, tym samym ograniczy\u0107 ilo\u015b\u0107 zb\u0119dnych kabli do mininum.<\/p>\n<h2>Otw\u00f3rz si\u0119 na nowe doznania<\/h2>\n<p>Rysuj, pisz i notuj z poczuciem por\u00f3wnywalnym z pisaniem na kartce papieru, dzi\u0119ki rysikowi Surface Slim Pen 2. W momencie roz\u0142adowania pi\u00f3ra nie musisz si\u0119 zastanawia\u0107 jak je na\u0142adowa\u0107 \u2013 wystarczy w\u0142o\u017cy\u0107 je do specjalnej wn\u0119ki znajduj\u0105cej si\u0119 w klawiaturze. To rozwi\u0105zanie nie tylko pozwoli szybko na\u0142adowa\u0107 rysik, ale tak\u017ce nigdy go nie zgubisz, bo zawsze masz go pod r\u0119k\u0105. Dodatkowo mo\u017cesz urozmaici\u0107 i zoptymalizowa\u0107 prac\u0119 korzystaj\u0105c z innowacyjnego pokr\u0119t\u0142a Surface Dial.<\/p>\n<h2>Microsoft dba o bezpiecze\u0144stwo<\/h2>\n<p>W laptopie Microsoft Surface Laptop Studio ABR-00034 znajdziesz dobrze znany modu\u0142 TPM 2.0, kt\u00f3ra skutecznie chroni dane szyfruj\u0105c dysk. Przednia kamerka jest zgodna z obs\u0142ug\u0105 systemu autoryzacji Windows Hello, pozwalaj\u0105cym logowa\u0107 si\u0119 za pomoc\u0105 rozpoznawania twarzy. Natomiast gdy laptop nie jest u\u017cywany, uaktywnia si\u0119 tryb czuwania i tym samym oszcz\u0119dzaj\u0105c cenn\u0105 energi\u0119. Przy optymalnym u\u017cytkowaniu, bateria zapewni do 18 godzin pracy.<\/p>\n<p style=\"text-align: justify;\">Masz pytania? <a style=\"color: #2271b1;\" href=\"https:\/\/polsoft.pl\/microsoft-surface\/kontakt\/\"><span style=\"text-decoration: underline;\"><strong>Skontaktuj<\/strong><\/span><\/a> si\u0119 z nami!<\/p>\n<table width=\"785\">\n<tbody>\n<tr>\n<td width=\"201\">Procesor<\/td>\n<td width=\"584\"><a style=\"color: #2271b1;\" href=\"https:\/\/ark.intel.com\/content\/www\/pl\/pl\/ark\/products\/196655\/intel-core-i711370h-processor-12m-cache-up-to-4-80-ghz-with-ipu.html\"><span style=\"text-decoration: underline;\"><strong>Intel\u00ae Core\u2122 H35 i7-11370H<\/strong><\/span><\/a>, 4-rdzeniowy 11. generacji<\/td>\n<\/tr>\n<tr>\n<td>Wy\u015bwietlacz<\/td>\n<td width=\"584\">ekran:<br \/>\n14,4\u201d PixelSense\u2122<br \/>\nrozdzielczo\u015b\u0107:<br \/>\n2400 \u00d7 1600 (201 PPI)<br \/>\nwsp\u00f3\u0142czynnik proporcji:<br \/>\n3:2<br \/>\nwsp\u00f3\u0142czynnik kontrastu:<br \/>\n1500:1<br \/>\ndotyk:<br \/>\nmulti-touch z obs\u0142ug\u0105 10 punkt\u00f3w dotykowych<\/td>\n<\/tr>\n<tr>\n<td>Karta graficzna<\/td>\n<td width=\"584\">NVIDIA\u00ae GeForce RTX\u2122 3050 Ti, 4 GB GDDR6<\/td>\n<\/tr>\n<tr>\n<td>Pami\u0119\u0107<\/td>\n<td>16 GB RAM LPDDR4x<\/td>\n<\/tr>\n<tr>\n<td>Przestrze\u0144 dyskowa<\/td>\n<td>SSD 512 GB<\/td>\n<\/tr>\n<tr>\n<td>\u0141\u0105czno\u015b\u0107 bezprzewodowa<\/td>\n<td width=\"584\">Wi-Fi 6: zgodne ze standardem IEEE 802.11ax<br \/>\nmodu\u0142 Bluetooth\u00ae Wireless 5.1<\/td>\n<\/tr>\n<tr>\n<td>Z\u0142\u0105cza<\/td>\n<td width=\"584\">2 x USB 4.0 z obs\u0142ug\u0105 Thunderbolt\u2122 4<br \/>\ngniazdo s\u0142uchawkowe Jack 3.5 mm<br \/>\n1 x port Surface Connect<\/td>\n<\/tr>\n<tr>\n<td>Sensory<\/td>\n<td width=\"584\">akcelenometr<br \/>\n\u017cyroskop<br \/>\nczujnik pola magnetycznego<br \/>\nczujnik nat\u0119\u017cenia \u015bwiat\u0142a<\/td>\n<\/tr>\n<tr>\n<td>Zabezpieczenia<\/td>\n<td width=\"584\">Firmware TPM 2.0<br \/>\nWindows Hello &#8211; rozpoznawanie twarzy do odblokowania urz\u0105dzenia<\/td>\n<\/tr>\n<tr>\n<td>Czas pracy na baterii<\/td>\n<td>18 godzin przy pracy biurowej<\/td>\n<\/tr>\n<tr>\n<td>Multimedia<\/td>\n<td width=\"584\">przednia kamera do uwierzytelnienia twarzy \u2013 Windows Hello<br \/>\nprzednia kamera 1080p<br \/>\n2 mikrofony studyjne<br \/>\ng\u0142o\u015bniki Omnisonic Dolby Atmos<sup>\u00ae<\/sup><\/td>\n<\/tr>\n<tr>\n<td>Oprogramowanie<\/td>\n<td width=\"584\">Windows 10 Pro<br \/>\nza\u0142adowane aplikacje Microsoft 365<br \/>\nmiesi\u0119czna wersja pr\u00f3bna Microsoft 365<\/td>\n<\/tr>\n<tr>\n<td>Obudowa<\/td>\n<td width=\"584\">z magnezu i aluminium<br \/>\nkolor Platinium (platynowy)<br \/>\nklawiatura z przyciskami regulacji g\u0142o\u015bno\u015bci oraz zasilania<br \/>\npod\u015bwietlana klawiatura<br \/>\nuk\u0142ad klawiatury QWERTY<br \/>\nschowek z funkcj\u0105 \u0142adowania rysika Surface Slim Pen 2<\/td>\n<\/tr>\n<tr>\n<td>Wymiary (mm)<\/td>\n<td>323,28 x 228,32 x 18,94 (sz. x g\u0142. x wys.)<\/td>\n<\/tr>\n<tr>\n<td width=\"201\">Waga<br \/>\n(bez klawiatury)<\/td>\n<td width=\"584\">1 820.2 g<\/td>\n<\/tr>\n<tr>\n<td>Zawarto\u015b\u0107 zestawu<\/td>\n<td width=\"584\">Surface Laptop Studio<br \/>\nzasilacz<br \/>\nskr\u00f3cona instrukcja obs\u0142ugi<br \/>\ndokumenty dotycz\u0105ce gwarancji i bezpiecze\u0144stwa<\/td>\n<\/tr>\n<tr>\n<td>Gwarancja<\/td>\n<td width=\"584\">roczny okres gwarancji<\/td>\n<\/tr>\n<\/tbody>\n<\/table>\n","protected":false},"excerpt":{"rendered":"<p>Microsoft Surface Laptop Studio ABR-00034 to najmocniejszy laptop w portfolio Microsoft. Zosta\u0142 wyposa\u017cony w najnowsze i szybkie podzespo\u0142y, kt\u00f3re pozwol\u0105 pracowa\u0107 na najwy\u017cszych obrotach z kt\u00f3rymi mo\u017cesz znacznie wi\u0119cej ni\u017c kiedykolwiek. Microsoft Surface Laptop Studio wyposa\u017cono w procesory Intel\u00ae Core\u2122, kt\u00f3re pracuj\u0105 w parze z ultra-wydajnymi kartami graficznymi NVIDIA\u00ae RTX\u2122. Ponadto, dzi\u0119ki doskona\u0142emu projektowi zapewnia [&hellip;]<\/p>\n","protected":false},"featured_media":4466,"template":"","meta":{"site-sidebar-layout":"default","site-content-layout":"default","ast-site-content-layout":"default","site-content-style":"default","site-sidebar-style":"default","ast-global-header-display":"","ast-banner-title-visibility":"","ast-main-header-display":"","ast-hfb-above-header-display":"","ast-hfb-below-header-display":"","ast-hfb-mobile-header-display":"","site-post-title":"","ast-breadcrumbs-content":"","ast-featured-img":"","footer-sml-layout":"","ast-disable-related-posts":"","theme-transparent-header-meta":"default","adv-header-id-meta":"","stick-header-meta":"","header-above-stick-meta":"","header-main-stick-meta":"","header-below-stick-meta":"","astra-migrate-meta-layouts":"default","ast-page-background-enabled":"default","ast-page-background-meta":{"desktop":{"background-color":"","background-image":"","background-repeat":"repeat","background-position":"center center","background-size":"auto","background-attachment":"scroll","background-type":"","background-media":"","overlay-type":"","overlay-color":"","overlay-opacity":"","overlay-gradient":""},"tablet":{"background-color":"","background-image":"","background-repeat":"repeat","background-position":"center center","background-size":"auto","background-attachment":"scroll","background-type":"","background-media":"","overlay-type":"","overlay-color":"","overlay-opacity":"","overlay-gradient":""},"mobile":{"background-color":"","background-image":"","background-repeat":"repeat","background-position":"center center","background-size":"auto","background-attachment":"scroll","background-type":"","background-media":"","overlay-type":"","overlay-color":"","overlay-opacity":"","overlay-gradient":""}},"ast-content-background-meta":{"desktop":{"background-color":"var(--ast-global-color-5)","background-image":"","background-repeat":"repeat","background-position":"center center","background-size":"auto","background-attachment":"scroll","background-type":"","background-media":"","overlay-type":"","overlay-color":"","overlay-opacity":"","overlay-gradient":""},"tablet":{"background-color":"var(--ast-global-color-5)","background-image":"","background-repeat":"repeat","background-position":"center center","background-size":"auto","background-attachment":"scroll","background-type":"","background-media":"","overlay-type":"","overlay-color":"","overlay-opacity":"","overlay-gradient":""},"mobile":{"background-color":"var(--ast-global-color-5)","background-image":"","background-repeat":"repeat","background-position":"center center","background-size":"auto","background-attachment":"scroll","background-type":"","background-media":"","overlay-type":"","overlay-color":"","overlay-opacity":"","overlay-gradient":""}},"_links_to":"","_links_to_target":""},"product_brand":[],"product_cat":[],"product_tag":[],"class_list":{"0":"post-4080","1":"product","2":"type-product","3":"status-publish","4":"has-post-thumbnail","6":"pa_dodatkowe-komponenty-rtx-3050-ti","7":"pa_matryca-169","8":"pa_model-procesora-i7-11370h","9":"pa_pamiec-ram-16gb","10":"pa_pojemnosc-dysku-512gb","11":"pa_producent-procesora-intel","12":"pa_w-zestawie-urzadzenie-zasilacz","13":"desktop-align-left","14":"tablet-align-left","15":"mobile-align-left","17":"first","18":"outofstock","19":"taxable","20":"shipping-taxable","21":"purchasable","22":"product-type-simple"},"yoast_head":"<!-- This site is optimized with the Yoast SEO plugin v26.7 - https:\/\/yoast.com\/wordpress\/plugins\/seo\/ -->\n<title>Microsoft Surface Laptop Studio ABR-00034 - Sklep Microsoft Surface<\/title>\n<meta name=\"description\" content=\"Microsoft Surface Laptop Studio ABR-00034 - i7-11370H\/16GB\/512GB\/14,4&quot;\/W10Pro Sklep rozwi\u0105za\u0144 Microsoft Surface firmy Polsoft Engineering.\" \/>\n<meta name=\"robots\" content=\"index, follow, max-snippet:-1, max-image-preview:large, max-video-preview:-1\" \/>\n<link rel=\"canonical\" href=\"https:\/\/polsoft.pl\/microsoft-surface\/produkt\/laptop-microsoft-surface-laptop-studio-w10pro-rtx-abr-00034-i7-11370h-16gb-512gb-144-w10pro\/\" \/>\n<meta property=\"og:locale\" content=\"pl_PL\" \/>\n<meta property=\"og:type\" content=\"article\" \/>\n<meta property=\"og:title\" content=\"Microsoft Surface Laptop Studio ABR-00034 - Sklep Microsoft Surface\" \/>\n<meta property=\"og:description\" content=\"Microsoft Surface Laptop Studio ABR-00034 - i7-11370H\/16GB\/512GB\/14,4&quot;\/W10Pro Sklep rozwi\u0105za\u0144 Microsoft Surface firmy Polsoft Engineering.\" \/>\n<meta property=\"og:url\" content=\"https:\/\/polsoft.pl\/microsoft-surface\/produkt\/laptop-microsoft-surface-laptop-studio-w10pro-rtx-abr-00034-i7-11370h-16gb-512gb-144-w10pro\/\" \/>\n<meta property=\"og:site_name\" content=\"Sklep rozwi\u0105za\u0144 Microsoft Surface\" \/>\n<meta property=\"article:modified_time\" content=\"2025-07-15T11:57:09+00:00\" \/>\n<meta property=\"og:image\" content=\"https:\/\/polsoft.pl\/microsoft-surface\/wp-content\/uploads\/2022\/05\/zdjecie-wyrozniajace-microsoft-surface-laptop-studio-platynowy-ABR-00034.jpg\" \/>\n\t<meta property=\"og:image:width\" content=\"800\" \/>\n\t<meta property=\"og:image:height\" content=\"800\" \/>\n\t<meta property=\"og:image:type\" content=\"image\/jpeg\" \/>\n<meta name=\"twitter:card\" content=\"summary_large_image\" \/>\n<meta name=\"twitter:label1\" content=\"Szacowany czas czytania\" \/>\n\t<meta name=\"twitter:data1\" content=\"4 minuty\" \/>\n<script type=\"application\/ld+json\" class=\"yoast-schema-graph\">{\"@context\":\"https:\/\/schema.org\",\"@graph\":[{\"@type\":\"WebPage\",\"@id\":\"https:\/\/polsoft.pl\/microsoft-surface\/produkt\/laptop-microsoft-surface-laptop-studio-w10pro-rtx-abr-00034-i7-11370h-16gb-512gb-144-w10pro\/\",\"url\":\"https:\/\/polsoft.pl\/microsoft-surface\/produkt\/laptop-microsoft-surface-laptop-studio-w10pro-rtx-abr-00034-i7-11370h-16gb-512gb-144-w10pro\/\",\"name\":\"Microsoft Surface Laptop Studio ABR-00034 - Sklep Microsoft Surface\",\"isPartOf\":{\"@id\":\"https:\/\/polsoft.pl\/microsoft-surface\/#website\"},\"primaryImageOfPage\":{\"@id\":\"https:\/\/polsoft.pl\/microsoft-surface\/produkt\/laptop-microsoft-surface-laptop-studio-w10pro-rtx-abr-00034-i7-11370h-16gb-512gb-144-w10pro\/#primaryimage\"},\"image\":{\"@id\":\"https:\/\/polsoft.pl\/microsoft-surface\/produkt\/laptop-microsoft-surface-laptop-studio-w10pro-rtx-abr-00034-i7-11370h-16gb-512gb-144-w10pro\/#primaryimage\"},\"thumbnailUrl\":\"https:\/\/www.polsoft.pl\/microsoft-surface\/wp-content\/uploads\/2022\/05\/zdjecie-wyrozniajace-microsoft-surface-laptop-studio-platynowy-ABR-00034.jpg\",\"datePublished\":\"2022-01-21T13:19:24+00:00\",\"dateModified\":\"2025-07-15T11:57:09+00:00\",\"description\":\"Microsoft Surface Laptop Studio ABR-00034 - i7-11370H\/16GB\/512GB\/14,4\\\"\/W10Pro Sklep rozwi\u0105za\u0144 Microsoft Surface firmy Polsoft Engineering.\",\"breadcrumb\":{\"@id\":\"https:\/\/polsoft.pl\/microsoft-surface\/produkt\/laptop-microsoft-surface-laptop-studio-w10pro-rtx-abr-00034-i7-11370h-16gb-512gb-144-w10pro\/#breadcrumb\"},\"inLanguage\":\"pl-PL\",\"potentialAction\":[{\"@type\":\"ReadAction\",\"target\":[\"https:\/\/polsoft.pl\/microsoft-surface\/produkt\/laptop-microsoft-surface-laptop-studio-w10pro-rtx-abr-00034-i7-11370h-16gb-512gb-144-w10pro\/\"]}]},{\"@type\":\"ImageObject\",\"inLanguage\":\"pl-PL\",\"@id\":\"https:\/\/polsoft.pl\/microsoft-surface\/produkt\/laptop-microsoft-surface-laptop-studio-w10pro-rtx-abr-00034-i7-11370h-16gb-512gb-144-w10pro\/#primaryimage\",\"url\":\"https:\/\/www.polsoft.pl\/microsoft-surface\/wp-content\/uploads\/2022\/05\/zdjecie-wyrozniajace-microsoft-surface-laptop-studio-platynowy-ABR-00034.jpg\",\"contentUrl\":\"https:\/\/www.polsoft.pl\/microsoft-surface\/wp-content\/uploads\/2022\/05\/zdjecie-wyrozniajace-microsoft-surface-laptop-studio-platynowy-ABR-00034.jpg\",\"width\":800,\"height\":800,\"caption\":\"Zdj\u0119cie wyr\u00f3\u017cniaj\u0105ce produktu Microsoft Surface Laptop Studio.\"},{\"@type\":\"BreadcrumbList\",\"@id\":\"https:\/\/polsoft.pl\/microsoft-surface\/produkt\/laptop-microsoft-surface-laptop-studio-w10pro-rtx-abr-00034-i7-11370h-16gb-512gb-144-w10pro\/#breadcrumb\",\"itemListElement\":[{\"@type\":\"ListItem\",\"position\":1,\"name\":\"Strona g\u0142\u00f3wna\",\"item\":\"https:\/\/polsoft.pl\/microsoft-surface\/\"},{\"@type\":\"ListItem\",\"position\":2,\"name\":\"Sklep\",\"item\":\"https:\/\/polsoft.pl\/microsoft-surface\/sklep\/\"},{\"@type\":\"ListItem\",\"position\":3,\"name\":\"Laptop Microsoft Surface Laptop Studio W10Pro RTX ABR-00034\/i7-11370H\/16GB\/512GB\/14,4&#8243;\/W10Pro\"}]},{\"@type\":\"WebSite\",\"@id\":\"https:\/\/polsoft.pl\/microsoft-surface\/#website\",\"url\":\"https:\/\/polsoft.pl\/microsoft-surface\/\",\"name\":\"Sklep Microsoft Surface\",\"description\":\"Sklep Microsoft Surface\",\"publisher\":{\"@id\":\"https:\/\/polsoft.pl\/microsoft-surface\/#organization\"},\"potentialAction\":[{\"@type\":\"SearchAction\",\"target\":{\"@type\":\"EntryPoint\",\"urlTemplate\":\"https:\/\/polsoft.pl\/microsoft-surface\/?s={search_term_string}\"},\"query-input\":{\"@type\":\"PropertyValueSpecification\",\"valueRequired\":true,\"valueName\":\"search_term_string\"}}],\"inLanguage\":\"pl-PL\"},{\"@type\":\"Organization\",\"@id\":\"https:\/\/polsoft.pl\/microsoft-surface\/#organization\",\"name\":\"Polsoft Engineering Sp. z o.o.\",\"url\":\"https:\/\/polsoft.pl\/microsoft-surface\/\",\"logo\":{\"@type\":\"ImageObject\",\"inLanguage\":\"pl-PL\",\"@id\":\"https:\/\/polsoft.pl\/microsoft-surface\/#\/schema\/logo\/image\/\",\"url\":\"https:\/\/www.polsoft.pl\/microsoft-surface\/wp-content\/uploads\/2020\/10\/microsoft_partner_logo_black_polsoft.png\",\"contentUrl\":\"https:\/\/www.polsoft.pl\/microsoft-surface\/wp-content\/uploads\/2020\/10\/microsoft_partner_logo_black_polsoft.png\",\"width\":613,\"height\":158,\"caption\":\"Polsoft Engineering Sp. z o.o.\"},\"image\":{\"@id\":\"https:\/\/polsoft.pl\/microsoft-surface\/#\/schema\/logo\/image\/\"}}]}<\/script>\n<!-- \/ Yoast SEO plugin. -->","yoast_head_json":{"title":"Microsoft Surface Laptop Studio ABR-00034 - Sklep Microsoft Surface","description":"Microsoft Surface Laptop Studio ABR-00034 - i7-11370H\/16GB\/512GB\/14,4\"\/W10Pro Sklep rozwi\u0105za\u0144 Microsoft Surface firmy Polsoft Engineering.","robots":{"index":"index","follow":"follow","max-snippet":"max-snippet:-1","max-image-preview":"max-image-preview:large","max-video-preview":"max-video-preview:-1"},"canonical":"https:\/\/polsoft.pl\/microsoft-surface\/produkt\/laptop-microsoft-surface-laptop-studio-w10pro-rtx-abr-00034-i7-11370h-16gb-512gb-144-w10pro\/","og_locale":"pl_PL","og_type":"article","og_title":"Microsoft Surface Laptop Studio ABR-00034 - Sklep Microsoft Surface","og_description":"Microsoft Surface Laptop Studio ABR-00034 - i7-11370H\/16GB\/512GB\/14,4\"\/W10Pro Sklep rozwi\u0105za\u0144 Microsoft Surface firmy Polsoft Engineering.","og_url":"https:\/\/polsoft.pl\/microsoft-surface\/produkt\/laptop-microsoft-surface-laptop-studio-w10pro-rtx-abr-00034-i7-11370h-16gb-512gb-144-w10pro\/","og_site_name":"Sklep rozwi\u0105za\u0144 Microsoft Surface","article_modified_time":"2025-07-15T11:57:09+00:00","og_image":[{"width":800,"height":800,"url":"https:\/\/polsoft.pl\/microsoft-surface\/wp-content\/uploads\/2022\/05\/zdjecie-wyrozniajace-microsoft-surface-laptop-studio-platynowy-ABR-00034.jpg","type":"image\/jpeg"}],"twitter_card":"summary_large_image","twitter_misc":{"Szacowany czas czytania":"4 minuty"},"schema":{"@context":"https:\/\/schema.org","@graph":[{"@type":"WebPage","@id":"https:\/\/polsoft.pl\/microsoft-surface\/produkt\/laptop-microsoft-surface-laptop-studio-w10pro-rtx-abr-00034-i7-11370h-16gb-512gb-144-w10pro\/","url":"https:\/\/polsoft.pl\/microsoft-surface\/produkt\/laptop-microsoft-surface-laptop-studio-w10pro-rtx-abr-00034-i7-11370h-16gb-512gb-144-w10pro\/","name":"Microsoft Surface Laptop Studio ABR-00034 - Sklep Microsoft Surface","isPartOf":{"@id":"https:\/\/polsoft.pl\/microsoft-surface\/#website"},"primaryImageOfPage":{"@id":"https:\/\/polsoft.pl\/microsoft-surface\/produkt\/laptop-microsoft-surface-laptop-studio-w10pro-rtx-abr-00034-i7-11370h-16gb-512gb-144-w10pro\/#primaryimage"},"image":{"@id":"https:\/\/polsoft.pl\/microsoft-surface\/produkt\/laptop-microsoft-surface-laptop-studio-w10pro-rtx-abr-00034-i7-11370h-16gb-512gb-144-w10pro\/#primaryimage"},"thumbnailUrl":"https:\/\/www.polsoft.pl\/microsoft-surface\/wp-content\/uploads\/2022\/05\/zdjecie-wyrozniajace-microsoft-surface-laptop-studio-platynowy-ABR-00034.jpg","datePublished":"2022-01-21T13:19:24+00:00","dateModified":"2025-07-15T11:57:09+00:00","description":"Microsoft Surface Laptop Studio ABR-00034 - i7-11370H\/16GB\/512GB\/14,4\"\/W10Pro Sklep rozwi\u0105za\u0144 Microsoft Surface firmy Polsoft Engineering.","breadcrumb":{"@id":"https:\/\/polsoft.pl\/microsoft-surface\/produkt\/laptop-microsoft-surface-laptop-studio-w10pro-rtx-abr-00034-i7-11370h-16gb-512gb-144-w10pro\/#breadcrumb"},"inLanguage":"pl-PL","potentialAction":[{"@type":"ReadAction","target":["https:\/\/polsoft.pl\/microsoft-surface\/produkt\/laptop-microsoft-surface-laptop-studio-w10pro-rtx-abr-00034-i7-11370h-16gb-512gb-144-w10pro\/"]}]},{"@type":"ImageObject","inLanguage":"pl-PL","@id":"https:\/\/polsoft.pl\/microsoft-surface\/produkt\/laptop-microsoft-surface-laptop-studio-w10pro-rtx-abr-00034-i7-11370h-16gb-512gb-144-w10pro\/#primaryimage","url":"https:\/\/www.polsoft.pl\/microsoft-surface\/wp-content\/uploads\/2022\/05\/zdjecie-wyrozniajace-microsoft-surface-laptop-studio-platynowy-ABR-00034.jpg","contentUrl":"https:\/\/www.polsoft.pl\/microsoft-surface\/wp-content\/uploads\/2022\/05\/zdjecie-wyrozniajace-microsoft-surface-laptop-studio-platynowy-ABR-00034.jpg","width":800,"height":800,"caption":"Zdj\u0119cie wyr\u00f3\u017cniaj\u0105ce produktu Microsoft Surface Laptop Studio."},{"@type":"BreadcrumbList","@id":"https:\/\/polsoft.pl\/microsoft-surface\/produkt\/laptop-microsoft-surface-laptop-studio-w10pro-rtx-abr-00034-i7-11370h-16gb-512gb-144-w10pro\/#breadcrumb","itemListElement":[{"@type":"ListItem","position":1,"name":"Strona g\u0142\u00f3wna","item":"https:\/\/polsoft.pl\/microsoft-surface\/"},{"@type":"ListItem","position":2,"name":"Sklep","item":"https:\/\/polsoft.pl\/microsoft-surface\/sklep\/"},{"@type":"ListItem","position":3,"name":"Laptop Microsoft Surface Laptop Studio W10Pro RTX ABR-00034\/i7-11370H\/16GB\/512GB\/14,4&#8243;\/W10Pro"}]},{"@type":"WebSite","@id":"https:\/\/polsoft.pl\/microsoft-surface\/#website","url":"https:\/\/polsoft.pl\/microsoft-surface\/","name":"Sklep Microsoft Surface","description":"Sklep Microsoft Surface","publisher":{"@id":"https:\/\/polsoft.pl\/microsoft-surface\/#organization"},"potentialAction":[{"@type":"SearchAction","target":{"@type":"EntryPoint","urlTemplate":"https:\/\/polsoft.pl\/microsoft-surface\/?s={search_term_string}"},"query-input":{"@type":"PropertyValueSpecification","valueRequired":true,"valueName":"search_term_string"}}],"inLanguage":"pl-PL"},{"@type":"Organization","@id":"https:\/\/polsoft.pl\/microsoft-surface\/#organization","name":"Polsoft Engineering Sp. z o.o.","url":"https:\/\/polsoft.pl\/microsoft-surface\/","logo":{"@type":"ImageObject","inLanguage":"pl-PL","@id":"https:\/\/polsoft.pl\/microsoft-surface\/#\/schema\/logo\/image\/","url":"https:\/\/www.polsoft.pl\/microsoft-surface\/wp-content\/uploads\/2020\/10\/microsoft_partner_logo_black_polsoft.png","contentUrl":"https:\/\/www.polsoft.pl\/microsoft-surface\/wp-content\/uploads\/2020\/10\/microsoft_partner_logo_black_polsoft.png","width":613,"height":158,"caption":"Polsoft Engineering Sp. z o.o."},"image":{"@id":"https:\/\/polsoft.pl\/microsoft-surface\/#\/schema\/logo\/image\/"}}]}},"_links":{"self":[{"href":"https:\/\/www.polsoft.pl\/microsoft-surface\/wp-json\/wp\/v2\/product\/4080","targetHints":{"allow":["GET"]}}],"collection":[{"href":"https:\/\/www.polsoft.pl\/microsoft-surface\/wp-json\/wp\/v2\/product"}],"about":[{"href":"https:\/\/www.polsoft.pl\/microsoft-surface\/wp-json\/wp\/v2\/types\/product"}],"version-history":[{"count":5,"href":"https:\/\/www.polsoft.pl\/microsoft-surface\/wp-json\/wp\/v2\/product\/4080\/revisions"}],"predecessor-version":[{"id":4751,"href":"https:\/\/www.polsoft.pl\/microsoft-surface\/wp-json\/wp\/v2\/product\/4080\/revisions\/4751"}],"wp:featuredmedia":[{"embeddable":true,"href":"https:\/\/www.polsoft.pl\/microsoft-surface\/wp-json\/wp\/v2\/media\/4466"}],"wp:attachment":[{"href":"https:\/\/www.polsoft.pl\/microsoft-surface\/wp-json\/wp\/v2\/media?parent=4080"}],"wp:term":[{"taxonomy":"product_brand","embeddable":true,"href":"https:\/\/www.polsoft.pl\/microsoft-surface\/wp-json\/wp\/v2\/product_brand?post=4080"},{"taxonomy":"product_cat","embeddable":true,"href":"https:\/\/www.polsoft.pl\/microsoft-surface\/wp-json\/wp\/v2\/product_cat?post=4080"},{"taxonomy":"product_tag","embeddable":true,"href":"https:\/\/www.polsoft.pl\/microsoft-surface\/wp-json\/wp\/v2\/product_tag?post=4080"}],"curies":[{"name":"wp","href":"https:\/\/api.w.org\/{rel}","templated":true}]}}